{"id":1178,"date":"2024-08-09T23:22:17","date_gmt":"2024-08-09T23:22:17","guid":{"rendered":"https:\/\/patinexclusivo.com\/?post_type=product&#038;p=1178"},"modified":"2024-08-09T23:22:17","modified_gmt":"2024-08-09T23:22:17","slug":"patines-entrenadores-roller-derby-fun-roll-nina","status":"publish","type":"product","link":"https:\/\/patinexclusivo.com\/index.php\/product\/patines-entrenadores-roller-derby-fun-roll-nina\/","title":{"rendered":"Patines Entrenadores Roller Derby Fun Roll Ni\u00f1a"},"content":{"rendered":"<p><strong>Bota:\u00a0RD<br \/>\nFUN ROLL ajustable.<\/strong><br \/>\n<strong>Ruedas: RD de Poliuretano<\/strong><br \/>\n<strong>Baleros: RD abec3<\/strong><br \/>\n<strong>Freno: Trasero intercambiable<\/strong><br \/>\n<strong>Broches: Milim\u00e9tricos<\/strong><\/p>\n<p><strong>TALLAS Ajustable 14cm &#8211; 17cm<\/strong><\/p>\n","protected":false},"excerpt":{"rendered":"<p class=\"textbox\" dir=\"ltr\"><span>Los patines Quad 2&#215;2 ROLLER DERBY FUNROLL\u00a0son lo<\/span>s patines ideales para ni\u00f1as que est\u00e1n aprendiendo a pat<span>inar. Se\u00a0<\/span><span>trata de unos patines infantiles especialmente dise\u00f1ados para ni\u00f1os<\/span><span>, siendo suaves, c\u00f3mod<\/span><span>os\u00a0<\/span>y ligeros.<\/p>\n<p class=\"textbox\" dir=\"ltr\">Son base plate de plastico y ruedas de 54mm\/82a, Baleros abec 3.<\/p>\n","protected":false},"featured_media":1179,"comment_status":"open","ping_status":"closed","template":"","meta":{"rop_custom_images_group":[],"rop_custom_messages_group":[],"rop_publish_now":"initial","rop_publish_now_accounts":[],"rop_publish_now_history":[],"rop_publish_now_status":"pending"},"product_cat":[61,62],"product_tag":[],"class_list":{"0":"post-1178","1":"product","2":"type-product","3":"status-publish","4":"has-post-thumbnail","6":"product_cat-clasicos","7":"product_cat-quads","8":"post","10":"first","11":"instock","12":"shipping-taxable","13":"purchasable","14":"product-type-simple"},"yoast_head":"<!-- This site is optimized with the Yoast SEO plugin v21.9.1 - https:\/\/yoast.com\/wordpress\/plugins\/seo\/ -->\n<title>Patines Entrenadores Roller Derby Fun Roll Ni\u00f1a - Pat\u00edn Exclusivo<\/title>\n<meta name=\"description\" content=\"Los patines Quad 2x2 ROLLER DERBY FUNROLL son los patines ideales para ni\u00f1as que est\u00e1n aprendiendo a patinar. Se trata de unos patines infantiles.\" \/>\n<meta name=\"robots\" content=\"index, follow, max-snippet:-1, max-image-preview:large, max-video-preview:-1\" \/>\n<link rel=\"canonical\" href=\"https:\/\/patinexclusivo.com\/index.php\/product\/patines-entrenadores-roller-derby-fun-roll-nina\/\" \/>\n<meta property=\"og:locale\" content=\"en_US\" \/>\n<meta property=\"og:type\" content=\"article\" \/>\n<meta property=\"og:title\" content=\"Patines Entrenadores Roller Derby Fun Roll Ni\u00f1a - Pat\u00edn Exclusivo\" \/>\n<meta property=\"og:description\" content=\"Los patines Quad 2x2 ROLLER DERBY FUNROLL son los patines ideales para ni\u00f1as que est\u00e1n aprendiendo a patinar. Se trata de unos patines infantiles.\" \/>\n<meta property=\"og:url\" content=\"https:\/\/patinexclusivo.com\/index.php\/product\/patines-entrenadores-roller-derby-fun-roll-nina\/\" \/>\n<meta property=\"og:site_name\" content=\"Pat\u00edn Exclusivo\" \/>\n<meta property=\"og:image\" content=\"https:\/\/patinexclusivo.com\/wp-content\/uploads\/2024\/08\/Patines-Entrenadores-Roller-Derby-Fun-Roll-Nina.jpg\" \/>\n\t<meta property=\"og:image:width\" content=\"1800\" \/>\n\t<meta property=\"og:image:height\" content=\"1800\" \/>\n\t<meta property=\"og:image:type\" content=\"image\/jpeg\" \/>\n<meta name=\"twitter:card\" content=\"summary_large_image\" \/>\n<meta name=\"twitter:label1\" content=\"Est. reading time\" \/>\n\t<meta name=\"twitter:data1\" content=\"1 minute\" \/>\n<script type=\"application\/ld+json\" class=\"yoast-schema-graph\">{\"@context\":\"https:\/\/schema.org\",\"@graph\":[{\"@type\":\"WebPage\",\"@id\":\"https:\/\/patinexclusivo.com\/index.php\/product\/patines-entrenadores-roller-derby-fun-roll-nina\/\",\"url\":\"https:\/\/patinexclusivo.com\/index.php\/product\/patines-entrenadores-roller-derby-fun-roll-nina\/\",\"name\":\"Patines Entrenadores Roller Derby Fun Roll Ni\u00f1a - Pat\u00edn Exclusivo\",\"isPartOf\":{\"@id\":\"https:\/\/patinexclusivo.com\/#website\"},\"datePublished\":\"2024-08-09T23:22:17+00:00\",\"dateModified\":\"2024-08-09T23:22:17+00:00\",\"description\":\"Los patines Quad 2x2 ROLLER DERBY FUNROLL son los patines ideales para ni\u00f1as que est\u00e1n aprendiendo a patinar. Se trata de unos patines infantiles.\",\"breadcrumb\":{\"@id\":\"https:\/\/patinexclusivo.com\/index.php\/product\/patines-entrenadores-roller-derby-fun-roll-nina\/#breadcrumb\"},\"inLanguage\":\"en-US\",\"potentialAction\":[{\"@type\":\"ReadAction\",\"target\":[\"https:\/\/patinexclusivo.com\/index.php\/product\/patines-entrenadores-roller-derby-fun-roll-nina\/\"]}]},{\"@type\":\"BreadcrumbList\",\"@id\":\"https:\/\/patinexclusivo.com\/index.php\/product\/patines-entrenadores-roller-derby-fun-roll-nina\/#breadcrumb\",\"itemListElement\":[{\"@type\":\"ListItem\",\"position\":1,\"name\":\"Inicio\",\"item\":\"https:\/\/patinexclusivo.com\/\"},{\"@type\":\"ListItem\",\"position\":2,\"name\":\"Shop\",\"item\":\"https:\/\/patinexclusivo.com\/index.php\/shop\/\"},{\"@type\":\"ListItem\",\"position\":3,\"name\":\"Patines Entrenadores Roller Derby Fun Roll Ni\u00f1a\"}]},{\"@type\":\"WebSite\",\"@id\":\"https:\/\/patinexclusivo.com\/#website\",\"url\":\"https:\/\/patinexclusivo.com\/\",\"name\":\"Pat\u00edn Exclusivo\",\"description\":\"\ud83d\udefc Rollers SLP: Tu destino #1 para patines en San Luis Potos\u00ed! Encuentra los mejores estilos y marcas \ud83c\udf1f, consejos de expertos \ud83d\udcda y accesorios para patinaje. \u00a1Vis\u00edtanos y rueda con estilo! \ud83c\udf08\u2728\",\"publisher\":{\"@id\":\"https:\/\/patinexclusivo.com\/#organization\"},\"potentialAction\":[{\"@type\":\"SearchAction\",\"target\":{\"@type\":\"EntryPoint\",\"urlTemplate\":\"https:\/\/patinexclusivo.com\/?s={search_term_string}\"},\"query-input\":\"required name=search_term_string\"}],\"inLanguage\":\"en-US\"},{\"@type\":\"Organization\",\"@id\":\"https:\/\/patinexclusivo.com\/#organization\",\"name\":\"Pat\u00edn Exclusivo\",\"url\":\"https:\/\/patinexclusivo.com\/\",\"logo\":{\"@type\":\"ImageObject\",\"inLanguage\":\"en-US\",\"@id\":\"https:\/\/patinexclusivo.com\/#\/schema\/logo\/image\/\",\"url\":\"https:\/\/patinexclusivo.com\/wp-content\/uploads\/2025\/01\/cropped-cropped-WhatsApp-Image-2025-01-29-at-7.00.40-PM.jpeg\",\"contentUrl\":\"https:\/\/patinexclusivo.com\/wp-content\/uploads\/2025\/01\/cropped-cropped-WhatsApp-Image-2025-01-29-at-7.00.40-PM.jpeg\",\"width\":583,\"height\":568,\"caption\":\"Pat\u00edn Exclusivo\"},\"image\":{\"@id\":\"https:\/\/patinexclusivo.com\/#\/schema\/logo\/image\/\"}}]}<\/script>\n<!-- \/ Yoast SEO plugin. -->","yoast_head_json":{"title":"Patines Entrenadores Roller Derby Fun Roll Ni\u00f1a - Pat\u00edn Exclusivo","description":"Los patines Quad 2x2 ROLLER DERBY FUNROLL son los patines ideales para ni\u00f1as que est\u00e1n aprendiendo a patinar. Se trata de unos patines infantiles.","robots":{"index":"index","follow":"follow","max-snippet":"max-snippet:-1","max-image-preview":"max-image-preview:large","max-video-preview":"max-video-preview:-1"},"canonical":"https:\/\/patinexclusivo.com\/index.php\/product\/patines-entrenadores-roller-derby-fun-roll-nina\/","og_locale":"en_US","og_type":"article","og_title":"Patines Entrenadores Roller Derby Fun Roll Ni\u00f1a - Pat\u00edn Exclusivo","og_description":"Los patines Quad 2x2 ROLLER DERBY FUNROLL son los patines ideales para ni\u00f1as que est\u00e1n aprendiendo a patinar. Se trata de unos patines infantiles.","og_url":"https:\/\/patinexclusivo.com\/index.php\/product\/patines-entrenadores-roller-derby-fun-roll-nina\/","og_site_name":"Pat\u00edn Exclusivo","og_image":[{"width":1800,"height":1800,"url":"https:\/\/patinexclusivo.com\/wp-content\/uploads\/2024\/08\/Patines-Entrenadores-Roller-Derby-Fun-Roll-Nina.jpg","type":"image\/jpeg"}],"twitter_card":"summary_large_image","twitter_misc":{"Est. reading time":"1 minute"},"schema":{"@context":"https:\/\/schema.org","@graph":[{"@type":"WebPage","@id":"https:\/\/patinexclusivo.com\/index.php\/product\/patines-entrenadores-roller-derby-fun-roll-nina\/","url":"https:\/\/patinexclusivo.com\/index.php\/product\/patines-entrenadores-roller-derby-fun-roll-nina\/","name":"Patines Entrenadores Roller Derby Fun Roll Ni\u00f1a - Pat\u00edn Exclusivo","isPartOf":{"@id":"https:\/\/patinexclusivo.com\/#website"},"datePublished":"2024-08-09T23:22:17+00:00","dateModified":"2024-08-09T23:22:17+00:00","description":"Los patines Quad 2x2 ROLLER DERBY FUNROLL son los patines ideales para ni\u00f1as que est\u00e1n aprendiendo a patinar. Se trata de unos patines infantiles.","breadcrumb":{"@id":"https:\/\/patinexclusivo.com\/index.php\/product\/patines-entrenadores-roller-derby-fun-roll-nina\/#breadcrumb"},"inLanguage":"en-US","potentialAction":[{"@type":"ReadAction","target":["https:\/\/patinexclusivo.com\/index.php\/product\/patines-entrenadores-roller-derby-fun-roll-nina\/"]}]},{"@type":"BreadcrumbList","@id":"https:\/\/patinexclusivo.com\/index.php\/product\/patines-entrenadores-roller-derby-fun-roll-nina\/#breadcrumb","itemListElement":[{"@type":"ListItem","position":1,"name":"Inicio","item":"https:\/\/patinexclusivo.com\/"},{"@type":"ListItem","position":2,"name":"Shop","item":"https:\/\/patinexclusivo.com\/index.php\/shop\/"},{"@type":"ListItem","position":3,"name":"Patines Entrenadores Roller Derby Fun Roll Ni\u00f1a"}]},{"@type":"WebSite","@id":"https:\/\/patinexclusivo.com\/#website","url":"https:\/\/patinexclusivo.com\/","name":"Pat\u00edn Exclusivo","description":"\ud83d\udefc Rollers SLP: Tu destino #1 para patines en San Luis Potos\u00ed! Encuentra los mejores estilos y marcas \ud83c\udf1f, consejos de expertos \ud83d\udcda y accesorios para patinaje. \u00a1Vis\u00edtanos y rueda con estilo! \ud83c\udf08\u2728","publisher":{"@id":"https:\/\/patinexclusivo.com\/#organization"},"potentialAction":[{"@type":"SearchAction","target":{"@type":"EntryPoint","urlTemplate":"https:\/\/patinexclusivo.com\/?s={search_term_string}"},"query-input":"required name=search_term_string"}],"inLanguage":"en-US"},{"@type":"Organization","@id":"https:\/\/patinexclusivo.com\/#organization","name":"Pat\u00edn Exclusivo","url":"https:\/\/patinexclusivo.com\/","logo":{"@type":"ImageObject","inLanguage":"en-US","@id":"https:\/\/patinexclusivo.com\/#\/schema\/logo\/image\/","url":"https:\/\/patinexclusivo.com\/wp-content\/uploads\/2025\/01\/cropped-cropped-WhatsApp-Image-2025-01-29-at-7.00.40-PM.jpeg","contentUrl":"https:\/\/patinexclusivo.com\/wp-content\/uploads\/2025\/01\/cropped-cropped-WhatsApp-Image-2025-01-29-at-7.00.40-PM.jpeg","width":583,"height":568,"caption":"Pat\u00edn Exclusivo"},"image":{"@id":"https:\/\/patinexclusivo.com\/#\/schema\/logo\/image\/"}}]}},"_links":{"self":[{"href":"https:\/\/patinexclusivo.com\/index.php\/wp-json\/wp\/v2\/product\/1178"}],"collection":[{"href":"https:\/\/patinexclusivo.com\/index.php\/wp-json\/wp\/v2\/product"}],"about":[{"href":"https:\/\/patinexclusivo.com\/index.php\/wp-json\/wp\/v2\/types\/product"}],"replies":[{"embeddable":true,"href":"https:\/\/patinexclusivo.com\/index.php\/wp-json\/wp\/v2\/comments?post=1178"}],"version-history":[{"count":1,"href":"https:\/\/patinexclusivo.com\/index.php\/wp-json\/wp\/v2\/product\/1178\/revisions"}],"predecessor-version":[{"id":1180,"href":"https:\/\/patinexclusivo.com\/index.php\/wp-json\/wp\/v2\/product\/1178\/revisions\/1180"}],"wp:featuredmedia":[{"embeddable":true,"href":"https:\/\/patinexclusivo.com\/index.php\/wp-json\/wp\/v2\/media\/1179"}],"wp:attachment":[{"href":"https:\/\/patinexclusivo.com\/index.php\/wp-json\/wp\/v2\/media?parent=1178"}],"wp:term":[{"taxonomy":"product_cat","embeddable":true,"href":"https:\/\/patinexclusivo.com\/index.php\/wp-json\/wp\/v2\/product_cat?post=1178"},{"taxonomy":"product_tag","embeddable":true,"href":"https:\/\/patinexclusivo.com\/index.php\/wp-json\/wp\/v2\/product_tag?post=1178"}],"curies":[{"name":"wp","href":"https:\/\/api.w.org\/{rel}","templated":true}]}}