{"id":1565,"date":"2024-09-07T06:06:47","date_gmt":"2024-09-07T06:06:47","guid":{"rendered":"https:\/\/patinexclusivo.com\/?post_type=product&#038;p=1565"},"modified":"2024-09-07T07:26:05","modified_gmt":"2024-09-07T07:26:05","slug":"patines-en-linea-rollerblade-twister-xt-negro","status":"publish","type":"product","link":"https:\/\/patinexclusivo.com\/index.php\/product\/patines-en-linea-rollerblade-twister-xt-negro\/","title":{"rendered":"Patines en l\u00ednea Rollerblade Twister XT &#8211; Negro Rn"},"content":{"rendered":"<table class=\"feature-table\">\n<tbody>\n<tr>\n<td><span>Estilo de patinaje:<\/span><\/td>\n<td class=\"feature-table__value\"><span>Urbano \/ Ciudad, Crucero \/ Ocio<\/span><\/td>\n<\/tr>\n<tr>\n<td><span>Tipo de pat\u00edn:<\/span><\/td>\n<td class=\"feature-table__value\"><span>Patines de 4 ruedas con bota dura<\/span><\/td>\n<\/tr>\n<tr>\n<td><span>Material de la bota:<\/span><\/td>\n<td class=\"feature-table__value\"><span>Pl\u00e1stico<\/span><\/td>\n<\/tr>\n<tr>\n<td><span>Cordones:<\/span><\/td>\n<td class=\"feature-table__value\"><span>Est\u00e1ndar<\/span><\/td>\n<\/tr>\n<tr>\n<td><span>Transatl\u00e1ntico:<\/span><\/td>\n<td class=\"feature-table__value\"><span>Existencias<\/span><\/td>\n<\/tr>\n<tr>\n<td><span>Almohadilla amortiguadora:<\/span><\/td>\n<td class=\"feature-table__value\"><span>S\u00ed<\/span><\/td>\n<\/tr>\n<tr>\n<td><span>Marca del marco:<\/span><\/td>\n<td class=\"feature-table__value\"><span>Patinaje sobre ruedas<\/span><\/td>\n<\/tr>\n<tr>\n<td><span>Montaje del marco:<\/span><\/td>\n<td class=\"feature-table__value\"><span>Cl\u00e1sico (montura 165)<\/span><\/td>\n<\/tr>\n<tr>\n<td><span>Material del marco:<\/span><\/td>\n<td class=\"feature-table__value\"><span>Aluminio<\/span><\/td>\n<\/tr>\n<tr>\n<td><span>Longitud del marco:<\/span><\/td>\n<td class=\"feature-table__value\"><span>243 mm, 255 mm<\/span><\/td>\n<\/tr>\n<tr>\n<td><span>Balanc\u00edn de cuadro:<\/span><\/td>\n<td class=\"feature-table__value\"><span>Plano (sin balanc\u00edn)<\/span><\/td>\n<\/tr>\n<tr>\n<td><span>Ejes:<\/span><\/td>\n<td class=\"feature-table__value\"><span>Velocidad de 8 mm (un eje que se atornilla a la pared del marco)<\/span><\/td>\n<\/tr>\n<tr>\n<td><span>Marca de la rueda:<\/span><\/td>\n<td class=\"feature-table__value\"><span>Patinaje sobre ruedas<\/span><\/td>\n<\/tr>\n<tr>\n<td><span>Tama\u00f1o de la rueda:<\/span><\/td>\n<td class=\"feature-table__value\"><span>80 mm<\/span><\/td>\n<\/tr>\n<tr>\n<td><span>Dureza de la rueda:<\/span><\/td>\n<td class=\"feature-table__value\"><span>85a<\/span><\/td>\n<\/tr>\n<tr>\n<td><span>Perfil de la rueda:<\/span><\/td>\n<td class=\"feature-table__value\"><span>Redondo<\/span><\/td>\n<\/tr>\n<tr>\n<td><span>Marca de rodamientos:<\/span><\/td>\n<td class=\"feature-table__value\"><span>C\u00e1mara doble<\/span><\/td>\n<\/tr>\n<tr>\n<td><span>Clasificaci\u00f3n del rodamiento:<\/span><\/td>\n<td class=\"feature-table__value\"><span>ilq 9<\/span><\/td>\n<\/tr>\n<tr>\n<td><\/td>\n<td class=\"feature-table__value\"><\/td>\n<\/tr>\n<\/tbody>\n<\/table>\n<p>Tallas: 22.9 &#8211; 23.6cm, 24 &#8211; 24.5cm, 24.8 &#8211; 25.5cm, 26 &#8211; 26.5cm, 27 &#8211; 27.5cm, 29 &#8211; 29.5cm, 29.6 &#8211; 30.3cm, 30.9 &#8211; 31.5cm.<\/p>\n","protected":false},"excerpt":{"rendered":"<p><span data-preserver-spaces=\"true\">El Rollerblade Twister XT es posiblemente el pat\u00edn en l\u00ednea definitivo. La\u00a0<\/span><span data-preserver-spaces=\"true\">versi\u00f3n urbana de 2022 de 4 x 80 mm presenta revestimientos mejorados y una carcasa modificada para un mejor ajuste y rendimiento.<\/p>\n<p><\/span><span data-preserver-spaces=\"true\">Lo primero que hay que comentar es el aspecto y, en particular, los bordes (no cre\u00edas que el pat\u00edn llevaba el nombre del guitarrista principal de U2, \u00bfverdad?). Una<\/span><span>\u00a0silueta est\u00e9ticamente n\u00edtida es deseable y la quintaesencia del patinaje sobre ruedas. Nos encanta.<\/span><\/p>\n<p><span>En 2022 se han realizado modificaciones en la bota para permitir un ajuste m\u00e1s amplio (una peque\u00f1a cr\u00edtica al pasado del pat\u00edn). La bota sigue incluyendo la caja antitorsi\u00f3n, que aumenta el control al reducir la flexi\u00f3n lateral del pl\u00e1stico durante el uso (son dos placas de metal que conectan el marco y la bota en la suela de la bota). Sin este componente, el Twister Edge X ser\u00eda un pat\u00edn muy diferente. Los usuarios quedar\u00e1n impresionados con la respuesta y la agilidad de los patines en el pie.<\/span><\/p>\n<p><span>El nuevo revestimiento ayuda a\u00fan m\u00e1s con el ajuste. La envoltura modificada coloca el pie en una mejor posici\u00f3n de patinaje, lo que ayuda con el control. El corte en V proporciona un rango de movimiento al mismo tiempo que garantiza que el pie tenga apoyo en \u00e1reas clave. El ajuste m\u00e1s amplio en combinaci\u00f3n con la bota modificada brinda a m\u00e1s personas acceso a este maravilloso pat\u00edn.<\/span><\/p>\n<p><span data-preserver-spaces=\"true\">El marco de aluminio extruido de 4 x 80 mm y 243 mm reduce el peso total y mejora la capacidad de respuesta. Rollerblade ha incluido ruedas Hydrogen de 80 mm, las ruedas m\u00e1s prestigiosas del mundo. Este uretano de calidad garantiza la m\u00e1xima velocidad, agarre y durabilidad. Los rodamientos Twincam ILQ 9 Plus, que utilizan grasa japonesa Kyodo, est\u00e1n en consonancia con el estilo r\u00e1pido de los patines. El lubricante para rodamientos reduce la suciedad no deseada, lo que es perfecto para el uso recreativo habitual.<\/p>\n<p><\/span><span data-preserver-spaces=\"true\">Rollerblade tambi\u00e9n ha trabajado mucho en la ventilaci\u00f3n de estos patines, enfatizada por el revestimiento en forma de V. La impresionante amortiguaci\u00f3n que se encuentra en las \u00e1reas de &#8220;presi\u00f3n&#8221; mantiene el pie c\u00f3modo pero fresco. Se incluye una almohadilla para el tal\u00f3n para absorber los impactos cuando sea necesario.<\/span><\/p>\n<p><strong><span>\u00bfQu\u00e9 es lo que no te gusta de los patines Rollerblade Twister Edge XT 2022?<\/span><\/strong><br \/>\n<span>Se inform\u00f3 que las versiones anteriores calzaban un poco peque\u00f1as. Sin embargo, la versi\u00f3n 2022 incluye cambios en el forro interior que mejoran tanto la comodidad como el ajuste.<\/span><\/p>\n<p>&nbsp;<\/p>\n<p class=\"p1\"><strong><span>\u00bfCu\u00e1l es la diferencia entre los patines Twister Edge y Twister Edge XT?<\/span><br \/>\n<\/strong><span>Los Twister Edge XT tienen mejoras significativas, como ruedas Hydrogen, rodamientos Twincam ILQ9 Classic Plus e incluyen una nueva plantilla de transferencia anat\u00f3mica con soporte adicional y absorci\u00f3n de impactos.<\/span><\/p>\n<p><strong><span>Consejo sobre la talla:<\/span><br \/>\n<\/strong><span>El Twister Edge 2022 se ajusta a la talla real. Por lo general, el usuario puede comprar su talla de calzado habitual.<\/span><\/p>\n","protected":false},"featured_media":1566,"comment_status":"open","ping_status":"closed","template":"","meta":{"rop_custom_images_group":[],"rop_custom_messages_group":[],"rop_publish_now":"initial","rop_publish_now_accounts":[],"rop_publish_now_history":[],"rop_publish_now_status":"pending"},"product_cat":[34],"product_tag":[],"class_list":{"0":"post-1565","1":"product","2":"type-product","3":"status-publish","4":"has-post-thumbnail","6":"product_cat-freeskate","7":"post","9":"first","10":"instock","11":"sale","12":"shipping-taxable","13":"purchasable","14":"product-type-simple"},"yoast_head":"<!-- This site is optimized with the Yoast SEO plugin v21.9.1 - https:\/\/yoast.com\/wordpress\/plugins\/seo\/ -->\n<title>Patines en l\u00ednea Rollerblade Twister XT - Negro Rn - Pat\u00edn Exclusivo<\/title>\n<meta name=\"robots\" content=\"index, follow, max-snippet:-1, max-image-preview:large, max-video-preview:-1\" \/>\n<link rel=\"canonical\" href=\"https:\/\/patinexclusivo.com\/index.php\/product\/patines-en-linea-rollerblade-twister-xt-negro\/\" \/>\n<meta property=\"og:locale\" content=\"en_US\" \/>\n<meta property=\"og:type\" content=\"article\" \/>\n<meta property=\"og:title\" content=\"Patines en l\u00ednea Rollerblade Twister XT - Negro Rn - Pat\u00edn Exclusivo\" \/>\n<meta property=\"og:description\" content=\"El Rollerblade Twister XT es posiblemente el pat\u00edn en l\u00ednea definitivo. La\u00a0versi\u00f3n urbana de 2022 de 4 x 80 mm presenta revestimientos mejorados y una carcasa modificada para un mejor ajuste y rendimiento.  Lo primero que hay que comentar es el aspecto y, en particular, los bordes (no cre\u00edas que el pat\u00edn llevaba el nombre del guitarrista principal de U2, \u00bfverdad?). Una\u00a0silueta est\u00e9ticamente n\u00edtida es deseable y la quintaesencia del patinaje sobre ruedas. Nos encanta.  En 2022 se han realizado modificaciones en la bota para permitir un ajuste m\u00e1s amplio (una peque\u00f1a cr\u00edtica al pasado del pat\u00edn). La bota sigue incluyendo la caja antitorsi\u00f3n, que aumenta el control al reducir la flexi\u00f3n lateral del pl\u00e1stico durante el uso (son dos placas de metal que conectan el marco y la bota en la suela de la bota). Sin este componente, el Twister Edge X ser\u00eda un pat\u00edn muy diferente. Los usuarios quedar\u00e1n impresionados con la respuesta y la agilidad de los patines en el pie.  El nuevo revestimiento ayuda a\u00fan m\u00e1s con el ajuste. La envoltura modificada coloca el pie en una mejor posici\u00f3n de patinaje, lo que ayuda con el control. El corte en V proporciona un rango de movimiento al mismo tiempo que garantiza que el pie tenga apoyo en \u00e1reas clave. El ajuste m\u00e1s amplio en combinaci\u00f3n con la bota modificada brinda a m\u00e1s personas acceso a este maravilloso pat\u00edn.  El marco de aluminio extruido de 4 x 80 mm y 243 mm reduce el peso total y mejora la capacidad de respuesta. Rollerblade ha incluido ruedas Hydrogen de 80 mm, las ruedas m\u00e1s prestigiosas del mundo. Este uretano de calidad garantiza la m\u00e1xima velocidad, agarre y durabilidad. Los rodamientos Twincam ILQ 9 Plus, que utilizan grasa japonesa Kyodo, est\u00e1n en consonancia con el estilo r\u00e1pido de los patines. El lubricante para rodamientos reduce la suciedad no deseada, lo que es perfecto para el uso recreativo habitual.  Rollerblade tambi\u00e9n ha trabajado mucho en la ventilaci\u00f3n de estos patines, enfatizada por el revestimiento en forma de V. La impresionante amortiguaci\u00f3n que se encuentra en las \u00e1reas de &quot;presi\u00f3n&quot; mantiene el pie c\u00f3modo pero fresco. Se incluye una almohadilla para el tal\u00f3n para absorber los impactos cuando sea necesario.  \u00bfQu\u00e9 es lo que no te gusta de los patines Rollerblade Twister Edge XT 2022? Se inform\u00f3 que las versiones anteriores calzaban un poco peque\u00f1as. Sin embargo, la versi\u00f3n 2022 incluye cambios en el forro interior que mejoran tanto la comodidad como el ajuste.  &nbsp; \u00bfCu\u00e1l es la diferencia entre los patines Twister Edge y Twister Edge XT? Los Twister Edge XT tienen mejoras significativas, como ruedas Hydrogen, rodamientos Twincam ILQ9 Classic Plus e incluyen una nueva plantilla de transferencia anat\u00f3mica con soporte adicional y absorci\u00f3n de impactos. Consejo sobre la talla: El Twister Edge 2022 se ajusta a la talla real. Por lo general, el usuario puede comprar su talla de calzado habitual.\" \/>\n<meta property=\"og:url\" content=\"https:\/\/patinexclusivo.com\/index.php\/product\/patines-en-linea-rollerblade-twister-xt-negro\/\" \/>\n<meta property=\"og:site_name\" content=\"Pat\u00edn Exclusivo\" \/>\n<meta property=\"article:modified_time\" content=\"2024-09-07T07:26:05+00:00\" \/>\n<meta property=\"og:image\" content=\"https:\/\/patinexclusivo.com\/wp-content\/uploads\/2024\/09\/Rollerblade-Twister-XT.webp\" \/>\n\t<meta property=\"og:image:width\" content=\"1100\" \/>\n\t<meta property=\"og:image:height\" content=\"1100\" \/>\n\t<meta property=\"og:image:type\" content=\"image\/webp\" \/>\n<meta name=\"twitter:card\" content=\"summary_large_image\" \/>\n<meta name=\"twitter:label1\" content=\"Est. reading time\" \/>\n\t<meta name=\"twitter:data1\" content=\"1 minute\" \/>\n<script type=\"application\/ld+json\" class=\"yoast-schema-graph\">{\"@context\":\"https:\/\/schema.org\",\"@graph\":[{\"@type\":\"WebPage\",\"@id\":\"https:\/\/patinexclusivo.com\/index.php\/product\/patines-en-linea-rollerblade-twister-xt-negro\/\",\"url\":\"https:\/\/patinexclusivo.com\/index.php\/product\/patines-en-linea-rollerblade-twister-xt-negro\/\",\"name\":\"Patines en l\u00ednea Rollerblade Twister XT - Negro Rn - Pat\u00edn Exclusivo\",\"isPartOf\":{\"@id\":\"https:\/\/patinexclusivo.com\/#website\"},\"datePublished\":\"2024-09-07T06:06:47+00:00\",\"dateModified\":\"2024-09-07T07:26:05+00:00\",\"breadcrumb\":{\"@id\":\"https:\/\/patinexclusivo.com\/index.php\/product\/patines-en-linea-rollerblade-twister-xt-negro\/#breadcrumb\"},\"inLanguage\":\"en-US\",\"potentialAction\":[{\"@type\":\"ReadAction\",\"target\":[\"https:\/\/patinexclusivo.com\/index.php\/product\/patines-en-linea-rollerblade-twister-xt-negro\/\"]}]},{\"@type\":\"BreadcrumbList\",\"@id\":\"https:\/\/patinexclusivo.com\/index.php\/product\/patines-en-linea-rollerblade-twister-xt-negro\/#breadcrumb\",\"itemListElement\":[{\"@type\":\"ListItem\",\"position\":1,\"name\":\"Inicio\",\"item\":\"https:\/\/patinexclusivo.com\/\"},{\"@type\":\"ListItem\",\"position\":2,\"name\":\"Shop\",\"item\":\"https:\/\/patinexclusivo.com\/index.php\/shop\/\"},{\"@type\":\"ListItem\",\"position\":3,\"name\":\"Patines en l\u00ednea Rollerblade Twister XT &#8211; Negro Rn\"}]},{\"@type\":\"WebSite\",\"@id\":\"https:\/\/patinexclusivo.com\/#website\",\"url\":\"https:\/\/patinexclusivo.com\/\",\"name\":\"Pat\u00edn Exclusivo\",\"description\":\"\ud83d\udefc Rollers SLP: Tu destino #1 para patines en San Luis Potos\u00ed! Encuentra los mejores estilos y marcas \ud83c\udf1f, consejos de expertos \ud83d\udcda y accesorios para patinaje. \u00a1Vis\u00edtanos y rueda con estilo! \ud83c\udf08\u2728\",\"publisher\":{\"@id\":\"https:\/\/patinexclusivo.com\/#organization\"},\"potentialAction\":[{\"@type\":\"SearchAction\",\"target\":{\"@type\":\"EntryPoint\",\"urlTemplate\":\"https:\/\/patinexclusivo.com\/?s={search_term_string}\"},\"query-input\":\"required name=search_term_string\"}],\"inLanguage\":\"en-US\"},{\"@type\":\"Organization\",\"@id\":\"https:\/\/patinexclusivo.com\/#organization\",\"name\":\"Pat\u00edn Exclusivo\",\"url\":\"https:\/\/patinexclusivo.com\/\",\"logo\":{\"@type\":\"ImageObject\",\"inLanguage\":\"en-US\",\"@id\":\"https:\/\/patinexclusivo.com\/#\/schema\/logo\/image\/\",\"url\":\"https:\/\/patinexclusivo.com\/wp-content\/uploads\/2025\/01\/cropped-cropped-WhatsApp-Image-2025-01-29-at-7.00.40-PM.jpeg\",\"contentUrl\":\"https:\/\/patinexclusivo.com\/wp-content\/uploads\/2025\/01\/cropped-cropped-WhatsApp-Image-2025-01-29-at-7.00.40-PM.jpeg\",\"width\":583,\"height\":568,\"caption\":\"Pat\u00edn Exclusivo\"},\"image\":{\"@id\":\"https:\/\/patinexclusivo.com\/#\/schema\/logo\/image\/\"}}]}<\/script>\n<!-- \/ Yoast SEO plugin. -->","yoast_head_json":{"title":"Patines en l\u00ednea Rollerblade Twister XT - Negro Rn - Pat\u00edn Exclusivo","robots":{"index":"index","follow":"follow","max-snippet":"max-snippet:-1","max-image-preview":"max-image-preview:large","max-video-preview":"max-video-preview:-1"},"canonical":"https:\/\/patinexclusivo.com\/index.php\/product\/patines-en-linea-rollerblade-twister-xt-negro\/","og_locale":"en_US","og_type":"article","og_title":"Patines en l\u00ednea Rollerblade Twister XT - Negro Rn - Pat\u00edn Exclusivo","og_description":"El Rollerblade Twister XT es posiblemente el pat\u00edn en l\u00ednea definitivo. La\u00a0versi\u00f3n urbana de 2022 de 4 x 80 mm presenta revestimientos mejorados y una carcasa modificada para un mejor ajuste y rendimiento.  Lo primero que hay que comentar es el aspecto y, en particular, los bordes (no cre\u00edas que el pat\u00edn llevaba el nombre del guitarrista principal de U2, \u00bfverdad?). Una\u00a0silueta est\u00e9ticamente n\u00edtida es deseable y la quintaesencia del patinaje sobre ruedas. Nos encanta.  En 2022 se han realizado modificaciones en la bota para permitir un ajuste m\u00e1s amplio (una peque\u00f1a cr\u00edtica al pasado del pat\u00edn). La bota sigue incluyendo la caja antitorsi\u00f3n, que aumenta el control al reducir la flexi\u00f3n lateral del pl\u00e1stico durante el uso (son dos placas de metal que conectan el marco y la bota en la suela de la bota). Sin este componente, el Twister Edge X ser\u00eda un pat\u00edn muy diferente. Los usuarios quedar\u00e1n impresionados con la respuesta y la agilidad de los patines en el pie.  El nuevo revestimiento ayuda a\u00fan m\u00e1s con el ajuste. La envoltura modificada coloca el pie en una mejor posici\u00f3n de patinaje, lo que ayuda con el control. El corte en V proporciona un rango de movimiento al mismo tiempo que garantiza que el pie tenga apoyo en \u00e1reas clave. El ajuste m\u00e1s amplio en combinaci\u00f3n con la bota modificada brinda a m\u00e1s personas acceso a este maravilloso pat\u00edn.  El marco de aluminio extruido de 4 x 80 mm y 243 mm reduce el peso total y mejora la capacidad de respuesta. Rollerblade ha incluido ruedas Hydrogen de 80 mm, las ruedas m\u00e1s prestigiosas del mundo. Este uretano de calidad garantiza la m\u00e1xima velocidad, agarre y durabilidad. Los rodamientos Twincam ILQ 9 Plus, que utilizan grasa japonesa Kyodo, est\u00e1n en consonancia con el estilo r\u00e1pido de los patines. El lubricante para rodamientos reduce la suciedad no deseada, lo que es perfecto para el uso recreativo habitual.  Rollerblade tambi\u00e9n ha trabajado mucho en la ventilaci\u00f3n de estos patines, enfatizada por el revestimiento en forma de V. La impresionante amortiguaci\u00f3n que se encuentra en las \u00e1reas de \"presi\u00f3n\" mantiene el pie c\u00f3modo pero fresco. Se incluye una almohadilla para el tal\u00f3n para absorber los impactos cuando sea necesario.  \u00bfQu\u00e9 es lo que no te gusta de los patines Rollerblade Twister Edge XT 2022? Se inform\u00f3 que las versiones anteriores calzaban un poco peque\u00f1as. Sin embargo, la versi\u00f3n 2022 incluye cambios en el forro interior que mejoran tanto la comodidad como el ajuste.  &nbsp; \u00bfCu\u00e1l es la diferencia entre los patines Twister Edge y Twister Edge XT? Los Twister Edge XT tienen mejoras significativas, como ruedas Hydrogen, rodamientos Twincam ILQ9 Classic Plus e incluyen una nueva plantilla de transferencia anat\u00f3mica con soporte adicional y absorci\u00f3n de impactos. Consejo sobre la talla: El Twister Edge 2022 se ajusta a la talla real. Por lo general, el usuario puede comprar su talla de calzado habitual.","og_url":"https:\/\/patinexclusivo.com\/index.php\/product\/patines-en-linea-rollerblade-twister-xt-negro\/","og_site_name":"Pat\u00edn Exclusivo","article_modified_time":"2024-09-07T07:26:05+00:00","og_image":[{"width":1100,"height":1100,"url":"https:\/\/patinexclusivo.com\/wp-content\/uploads\/2024\/09\/Rollerblade-Twister-XT.webp","type":"image\/webp"}],"twitter_card":"summary_large_image","twitter_misc":{"Est. reading time":"1 minute"},"schema":{"@context":"https:\/\/schema.org","@graph":[{"@type":"WebPage","@id":"https:\/\/patinexclusivo.com\/index.php\/product\/patines-en-linea-rollerblade-twister-xt-negro\/","url":"https:\/\/patinexclusivo.com\/index.php\/product\/patines-en-linea-rollerblade-twister-xt-negro\/","name":"Patines en l\u00ednea Rollerblade Twister XT - Negro Rn - Pat\u00edn Exclusivo","isPartOf":{"@id":"https:\/\/patinexclusivo.com\/#website"},"datePublished":"2024-09-07T06:06:47+00:00","dateModified":"2024-09-07T07:26:05+00:00","breadcrumb":{"@id":"https:\/\/patinexclusivo.com\/index.php\/product\/patines-en-linea-rollerblade-twister-xt-negro\/#breadcrumb"},"inLanguage":"en-US","potentialAction":[{"@type":"ReadAction","target":["https:\/\/patinexclusivo.com\/index.php\/product\/patines-en-linea-rollerblade-twister-xt-negro\/"]}]},{"@type":"BreadcrumbList","@id":"https:\/\/patinexclusivo.com\/index.php\/product\/patines-en-linea-rollerblade-twister-xt-negro\/#breadcrumb","itemListElement":[{"@type":"ListItem","position":1,"name":"Inicio","item":"https:\/\/patinexclusivo.com\/"},{"@type":"ListItem","position":2,"name":"Shop","item":"https:\/\/patinexclusivo.com\/index.php\/shop\/"},{"@type":"ListItem","position":3,"name":"Patines en l\u00ednea Rollerblade Twister XT &#8211; Negro Rn"}]},{"@type":"WebSite","@id":"https:\/\/patinexclusivo.com\/#website","url":"https:\/\/patinexclusivo.com\/","name":"Pat\u00edn Exclusivo","description":"\ud83d\udefc Rollers SLP: Tu destino #1 para patines en San Luis Potos\u00ed! Encuentra los mejores estilos y marcas \ud83c\udf1f, consejos de expertos \ud83d\udcda y accesorios para patinaje. \u00a1Vis\u00edtanos y rueda con estilo! \ud83c\udf08\u2728","publisher":{"@id":"https:\/\/patinexclusivo.com\/#organization"},"potentialAction":[{"@type":"SearchAction","target":{"@type":"EntryPoint","urlTemplate":"https:\/\/patinexclusivo.com\/?s={search_term_string}"},"query-input":"required name=search_term_string"}],"inLanguage":"en-US"},{"@type":"Organization","@id":"https:\/\/patinexclusivo.com\/#organization","name":"Pat\u00edn Exclusivo","url":"https:\/\/patinexclusivo.com\/","logo":{"@type":"ImageObject","inLanguage":"en-US","@id":"https:\/\/patinexclusivo.com\/#\/schema\/logo\/image\/","url":"https:\/\/patinexclusivo.com\/wp-content\/uploads\/2025\/01\/cropped-cropped-WhatsApp-Image-2025-01-29-at-7.00.40-PM.jpeg","contentUrl":"https:\/\/patinexclusivo.com\/wp-content\/uploads\/2025\/01\/cropped-cropped-WhatsApp-Image-2025-01-29-at-7.00.40-PM.jpeg","width":583,"height":568,"caption":"Pat\u00edn Exclusivo"},"image":{"@id":"https:\/\/patinexclusivo.com\/#\/schema\/logo\/image\/"}}]}},"_links":{"self":[{"href":"https:\/\/patinexclusivo.com\/index.php\/wp-json\/wp\/v2\/product\/1565"}],"collection":[{"href":"https:\/\/patinexclusivo.com\/index.php\/wp-json\/wp\/v2\/product"}],"about":[{"href":"https:\/\/patinexclusivo.com\/index.php\/wp-json\/wp\/v2\/types\/product"}],"replies":[{"embeddable":true,"href":"https:\/\/patinexclusivo.com\/index.php\/wp-json\/wp\/v2\/comments?post=1565"}],"version-history":[{"count":2,"href":"https:\/\/patinexclusivo.com\/index.php\/wp-json\/wp\/v2\/product\/1565\/revisions"}],"predecessor-version":[{"id":1582,"href":"https:\/\/patinexclusivo.com\/index.php\/wp-json\/wp\/v2\/product\/1565\/revisions\/1582"}],"wp:featuredmedia":[{"embeddable":true,"href":"https:\/\/patinexclusivo.com\/index.php\/wp-json\/wp\/v2\/media\/1566"}],"wp:attachment":[{"href":"https:\/\/patinexclusivo.com\/index.php\/wp-json\/wp\/v2\/media?parent=1565"}],"wp:term":[{"taxonomy":"product_cat","embeddable":true,"href":"https:\/\/patinexclusivo.com\/index.php\/wp-json\/wp\/v2\/product_cat?post=1565"},{"taxonomy":"product_tag","embeddable":true,"href":"https:\/\/patinexclusivo.com\/index.php\/wp-json\/wp\/v2\/product_tag?post=1565"}],"curies":[{"name":"wp","href":"https:\/\/api.w.org\/{rel}","templated":true}]}}