{"id":1604,"date":"2024-09-12T23:35:45","date_gmt":"2024-09-12T23:35:45","guid":{"rendered":"https:\/\/patinexclusivo.com\/?post_type=product&#038;p=1604"},"modified":"2024-09-18T19:14:13","modified_gmt":"2024-09-18T19:14:13","slug":"patines-en-linea-flying-eagle-x7d-reaver-90-unisex-negro","status":"publish","type":"product","link":"https:\/\/patinexclusivo.com\/index.php\/product\/patines-en-linea-flying-eagle-x7d-reaver-90-unisex-negro\/","title":{"rendered":"Patines en l\u00ednea Flying Eagle X7D Reaver 90 &#8211; Unisex &#8211; Negro Rn"},"content":{"rendered":"<table class=\"feature-table\">\n<tbody>\n<tr>\n<td><span>Estilo de patinaje:<\/span><\/td>\n<td class=\"feature-table__value\"><span>Urbano \/ Ciudad, Mago<\/span><\/td>\n<\/tr>\n<tr>\n<td><span>Tipo de pat\u00edn:<\/span><\/td>\n<td class=\"feature-table__value\"><span>Patines de 4 ruedas, botas r\u00edgidas<\/span><\/td>\n<\/tr>\n<tr>\n<td><span>Material de la bota:<\/span><\/td>\n<td class=\"feature-table__value\"><span>Pl\u00e1stico<\/span><\/td>\n<\/tr>\n<tr>\n<td><span>Cordones:<\/span><\/td>\n<td class=\"feature-table__value\"><span>Est\u00e1ndar<\/span><\/td>\n<\/tr>\n<tr>\n<td><span>Transatl\u00e1ntico:<\/span><\/td>\n<td class=\"feature-table__value\"><span>Existencias<\/span><\/td>\n<\/tr>\n<tr>\n<td><span>Almohadilla amortiguadora:<\/span><\/td>\n<td class=\"feature-table__value\"><span>S\u00ed<\/span><\/td>\n<\/tr>\n<tr>\n<td><span>Marca del marco:<\/span><\/td>\n<td class=\"feature-table__value\"><span>\u00c1guila en vuelo<\/span><\/td>\n<\/tr>\n<tr>\n<td><span>Montaje del marco:<\/span><\/td>\n<td class=\"feature-table__value\"><span>Cl\u00e1sico (montura 165)<\/span><\/td>\n<\/tr>\n<tr>\n<td><span>Material del marco:<\/span><\/td>\n<td class=\"feature-table__value\"><span>Aluminio<\/span><\/td>\n<\/tr>\n<tr>\n<td><span>Balanc\u00edn de cuadro:<\/span><\/td>\n<td class=\"feature-table__value\"><span>Balanc\u00edn natural<\/span><\/td>\n<\/tr>\n<tr>\n<td><span>Ejes:<\/span><\/td>\n<td class=\"feature-table__value\"><span>Velocidad de 8 mm (un eje que se atornilla a la pared del marco)<\/span><\/td>\n<\/tr>\n<tr>\n<td><span>Marca de la rueda:<\/span><\/td>\n<td class=\"feature-table__value\"><span>\u00c1guila en vuelo<\/span><\/td>\n<\/tr>\n<tr>\n<td><span>Tama\u00f1o de la rueda:<\/span><\/td>\n<td class=\"feature-table__value\"><span>84 mm, 90 mm<\/span><\/td>\n<\/tr>\n<tr>\n<td><span>Dureza de la rueda:<\/span><\/td>\n<td class=\"feature-table__value\"><span>88a<\/span><\/td>\n<\/tr>\n<tr>\n<td><span>Perfil de la rueda:<\/span><\/td>\n<td class=\"feature-table__value\"><span>Bala<\/span><\/td>\n<\/tr>\n<tr>\n<td><span>Marca de rodamientos:<\/span><\/td>\n<td class=\"feature-table__value\"><span>\u00c1guila en vuelo<\/span><\/td>\n<\/tr>\n<tr>\n<td><span>Clasificaci\u00f3n del rodamiento:<\/span><\/td>\n<td class=\"feature-table__value\"><span>Abec 9<\/span><\/td>\n<\/tr>\n<tr>\n<td><span>Freno incluido :<\/span><\/td>\n<td class=\"feature-table__value\"><span>No<\/span><\/td>\n<\/tr>\n<\/tbody>\n<\/table>\n<p>Talla 22.9cm, 24.2cm, 24.8, 25.5cm, 26cm, 27cm, 27.5cm ,29cm<\/p>\n","protected":false},"excerpt":{"rendered":"<p>SOLO POR PEDIDO<\/p>\n<p><span class=\"s1\"><span>Los patines Flying Eagle X7D Reaver son un modelo perfecto para los estilos de patinaje de crucero, urbano y Wizard a un precio econ\u00f3mico.<\/span><\/p>\n<p><\/span><span>Con una bota muy resistente y c\u00f3moda, el pl\u00e1stico de alta calidad est\u00e1 preparado para los impactos y tiene una forma muy c\u00f3moda para el pie. El suave forro acent\u00faa a\u00fan m\u00e1s esto abrazando el pie en los lugares correctos, sin sentirse intrusivo o sobreacolchado.\u00a0<\/span><\/p>\n<p><span>El X7D est\u00e1 equipado con hebillas fuertes para un ajuste f\u00e1cil que tambi\u00e9n son flexibles para permitir que su pie respire al realizar maniobras. La hebilla combina bien con los cordones para marcar un ajuste perfecto.\u00a0<\/span><\/p>\n<p><span>El marco de &#8220;horquilla&#8221; est\u00e1 cortado a m\u00e1quina CNC para mayor resistencia y precisi\u00f3n, con el dise\u00f1o que permite m\u00faltiples configuraciones de ruedas en un marco, ya sea de 4 ruedas o de 3 ruedas. En una configuraci\u00f3n de 4 ruedas, el marco tiene un balanc\u00edn equilibrado que lo hace muy adecuado para trucos y patinaje de estilo Wizard.\u00a0<\/span><\/p>\n<p><span>Las ruedas son de uretano premium 85a bueno para uso general que ofrece un excelente equilibrio entre agarre, control y velocidad.\u00a0<\/span><\/p>\n<p><b><span>Configuraciones de ruedas seg\u00fan el tama\u00f1o de la bota:<\/span><br \/>\n<\/b><span class=\"s1\"><span>EU36-40 = 4 x 84 mm o 3 x 100 mm<\/span><br \/>\n<\/span><span class=\"s1\"><span>EU41-46 = 4 X 90 mm o 3 x 100 mm<\/span><\/span><\/p>\n","protected":false},"featured_media":1605,"comment_status":"open","ping_status":"closed","template":"","meta":{"rop_custom_images_group":[],"rop_custom_messages_group":[],"rop_publish_now":"initial","rop_publish_now_accounts":[],"rop_publish_now_history":[],"rop_publish_now_status":"pending"},"product_cat":[34],"product_tag":[],"class_list":{"0":"post-1604","1":"product","2":"type-product","3":"status-publish","4":"has-post-thumbnail","6":"product_cat-freeskate","7":"post","9":"first","10":"instock","11":"shipping-taxable","12":"purchasable","13":"product-type-simple"},"yoast_head":"<!-- This site is optimized with the Yoast SEO plugin v21.9.1 - https:\/\/yoast.com\/wordpress\/plugins\/seo\/ -->\n<title>Patines en l\u00ednea Flying Eagle X7D Reaver 90 - Unisex - Negro Rn - Pat\u00edn Exclusivo<\/title>\n<meta name=\"robots\" content=\"index, follow, max-snippet:-1, max-image-preview:large, max-video-preview:-1\" \/>\n<link rel=\"canonical\" href=\"https:\/\/patinexclusivo.com\/index.php\/product\/patines-en-linea-flying-eagle-x7d-reaver-90-unisex-negro\/\" \/>\n<meta property=\"og:locale\" content=\"en_US\" \/>\n<meta property=\"og:type\" content=\"article\" \/>\n<meta property=\"og:title\" content=\"Patines en l\u00ednea Flying Eagle X7D Reaver 90 - Unisex - Negro Rn - Pat\u00edn Exclusivo\" \/>\n<meta property=\"og:description\" content=\"SOLO POR PEDIDO  Los patines Flying Eagle X7D Reaver son un modelo perfecto para los estilos de patinaje de crucero, urbano y Wizard a un precio econ\u00f3mico.  Con una bota muy resistente y c\u00f3moda, el pl\u00e1stico de alta calidad est\u00e1 preparado para los impactos y tiene una forma muy c\u00f3moda para el pie. El suave forro acent\u00faa a\u00fan m\u00e1s esto abrazando el pie en los lugares correctos, sin sentirse intrusivo o sobreacolchado.\u00a0  El X7D est\u00e1 equipado con hebillas fuertes para un ajuste f\u00e1cil que tambi\u00e9n son flexibles para permitir que su pie respire al realizar maniobras. La hebilla combina bien con los cordones para marcar un ajuste perfecto.\u00a0  El marco de &quot;horquilla&quot; est\u00e1 cortado a m\u00e1quina CNC para mayor resistencia y precisi\u00f3n, con el dise\u00f1o que permite m\u00faltiples configuraciones de ruedas en un marco, ya sea de 4 ruedas o de 3 ruedas. En una configuraci\u00f3n de 4 ruedas, el marco tiene un balanc\u00edn equilibrado que lo hace muy adecuado para trucos y patinaje de estilo Wizard.\u00a0  Las ruedas son de uretano premium 85a bueno para uso general que ofrece un excelente equilibrio entre agarre, control y velocidad.\u00a0  Configuraciones de ruedas seg\u00fan el tama\u00f1o de la bota: EU36-40 = 4 x 84 mm o 3 x 100 mm EU41-46 = 4 X 90 mm o 3 x 100 mm\" \/>\n<meta property=\"og:url\" content=\"https:\/\/patinexclusivo.com\/index.php\/product\/patines-en-linea-flying-eagle-x7d-reaver-90-unisex-negro\/\" \/>\n<meta property=\"og:site_name\" content=\"Pat\u00edn Exclusivo\" \/>\n<meta property=\"article:modified_time\" content=\"2024-09-18T19:14:13+00:00\" \/>\n<meta property=\"og:image\" content=\"https:\/\/patinexclusivo.com\/wp-content\/uploads\/2024\/09\/Flying-Eagle-Reaver-X7D0812.webp\" \/>\n\t<meta property=\"og:image:width\" content=\"1100\" \/>\n\t<meta property=\"og:image:height\" content=\"1100\" \/>\n\t<meta property=\"og:image:type\" content=\"image\/webp\" \/>\n<meta name=\"twitter:card\" content=\"summary_large_image\" \/>\n<meta name=\"twitter:label1\" content=\"Est. reading time\" \/>\n\t<meta name=\"twitter:data1\" content=\"1 minute\" \/>\n<script type=\"application\/ld+json\" class=\"yoast-schema-graph\">{\"@context\":\"https:\/\/schema.org\",\"@graph\":[{\"@type\":\"WebPage\",\"@id\":\"https:\/\/patinexclusivo.com\/index.php\/product\/patines-en-linea-flying-eagle-x7d-reaver-90-unisex-negro\/\",\"url\":\"https:\/\/patinexclusivo.com\/index.php\/product\/patines-en-linea-flying-eagle-x7d-reaver-90-unisex-negro\/\",\"name\":\"Patines en l\u00ednea Flying Eagle X7D Reaver 90 - Unisex - Negro Rn - Pat\u00edn Exclusivo\",\"isPartOf\":{\"@id\":\"https:\/\/patinexclusivo.com\/#website\"},\"datePublished\":\"2024-09-12T23:35:45+00:00\",\"dateModified\":\"2024-09-18T19:14:13+00:00\",\"breadcrumb\":{\"@id\":\"https:\/\/patinexclusivo.com\/index.php\/product\/patines-en-linea-flying-eagle-x7d-reaver-90-unisex-negro\/#breadcrumb\"},\"inLanguage\":\"en-US\",\"potentialAction\":[{\"@type\":\"ReadAction\",\"target\":[\"https:\/\/patinexclusivo.com\/index.php\/product\/patines-en-linea-flying-eagle-x7d-reaver-90-unisex-negro\/\"]}]},{\"@type\":\"BreadcrumbList\",\"@id\":\"https:\/\/patinexclusivo.com\/index.php\/product\/patines-en-linea-flying-eagle-x7d-reaver-90-unisex-negro\/#breadcrumb\",\"itemListElement\":[{\"@type\":\"ListItem\",\"position\":1,\"name\":\"Inicio\",\"item\":\"https:\/\/patinexclusivo.com\/\"},{\"@type\":\"ListItem\",\"position\":2,\"name\":\"Shop\",\"item\":\"https:\/\/patinexclusivo.com\/index.php\/shop\/\"},{\"@type\":\"ListItem\",\"position\":3,\"name\":\"Patines en l\u00ednea Flying Eagle X7D Reaver 90 &#8211; Unisex &#8211; Negro Rn\"}]},{\"@type\":\"WebSite\",\"@id\":\"https:\/\/patinexclusivo.com\/#website\",\"url\":\"https:\/\/patinexclusivo.com\/\",\"name\":\"Pat\u00edn Exclusivo\",\"description\":\"\ud83d\udefc Rollers SLP: Tu destino #1 para patines en San Luis Potos\u00ed! Encuentra los mejores estilos y marcas \ud83c\udf1f, consejos de expertos \ud83d\udcda y accesorios para patinaje. \u00a1Vis\u00edtanos y rueda con estilo! \ud83c\udf08\u2728\",\"publisher\":{\"@id\":\"https:\/\/patinexclusivo.com\/#organization\"},\"potentialAction\":[{\"@type\":\"SearchAction\",\"target\":{\"@type\":\"EntryPoint\",\"urlTemplate\":\"https:\/\/patinexclusivo.com\/?s={search_term_string}\"},\"query-input\":\"required name=search_term_string\"}],\"inLanguage\":\"en-US\"},{\"@type\":\"Organization\",\"@id\":\"https:\/\/patinexclusivo.com\/#organization\",\"name\":\"Pat\u00edn Exclusivo\",\"url\":\"https:\/\/patinexclusivo.com\/\",\"logo\":{\"@type\":\"ImageObject\",\"inLanguage\":\"en-US\",\"@id\":\"https:\/\/patinexclusivo.com\/#\/schema\/logo\/image\/\",\"url\":\"https:\/\/patinexclusivo.com\/wp-content\/uploads\/2025\/01\/cropped-cropped-WhatsApp-Image-2025-01-29-at-7.00.40-PM.jpeg\",\"contentUrl\":\"https:\/\/patinexclusivo.com\/wp-content\/uploads\/2025\/01\/cropped-cropped-WhatsApp-Image-2025-01-29-at-7.00.40-PM.jpeg\",\"width\":583,\"height\":568,\"caption\":\"Pat\u00edn Exclusivo\"},\"image\":{\"@id\":\"https:\/\/patinexclusivo.com\/#\/schema\/logo\/image\/\"}}]}<\/script>\n<!-- \/ Yoast SEO plugin. -->","yoast_head_json":{"title":"Patines en l\u00ednea Flying Eagle X7D Reaver 90 - Unisex - Negro Rn - Pat\u00edn Exclusivo","robots":{"index":"index","follow":"follow","max-snippet":"max-snippet:-1","max-image-preview":"max-image-preview:large","max-video-preview":"max-video-preview:-1"},"canonical":"https:\/\/patinexclusivo.com\/index.php\/product\/patines-en-linea-flying-eagle-x7d-reaver-90-unisex-negro\/","og_locale":"en_US","og_type":"article","og_title":"Patines en l\u00ednea Flying Eagle X7D Reaver 90 - Unisex - Negro Rn - Pat\u00edn Exclusivo","og_description":"SOLO POR PEDIDO  Los patines Flying Eagle X7D Reaver son un modelo perfecto para los estilos de patinaje de crucero, urbano y Wizard a un precio econ\u00f3mico.  Con una bota muy resistente y c\u00f3moda, el pl\u00e1stico de alta calidad est\u00e1 preparado para los impactos y tiene una forma muy c\u00f3moda para el pie. El suave forro acent\u00faa a\u00fan m\u00e1s esto abrazando el pie en los lugares correctos, sin sentirse intrusivo o sobreacolchado.\u00a0  El X7D est\u00e1 equipado con hebillas fuertes para un ajuste f\u00e1cil que tambi\u00e9n son flexibles para permitir que su pie respire al realizar maniobras. La hebilla combina bien con los cordones para marcar un ajuste perfecto.\u00a0  El marco de \"horquilla\" est\u00e1 cortado a m\u00e1quina CNC para mayor resistencia y precisi\u00f3n, con el dise\u00f1o que permite m\u00faltiples configuraciones de ruedas en un marco, ya sea de 4 ruedas o de 3 ruedas. En una configuraci\u00f3n de 4 ruedas, el marco tiene un balanc\u00edn equilibrado que lo hace muy adecuado para trucos y patinaje de estilo Wizard.\u00a0  Las ruedas son de uretano premium 85a bueno para uso general que ofrece un excelente equilibrio entre agarre, control y velocidad.\u00a0  Configuraciones de ruedas seg\u00fan el tama\u00f1o de la bota: EU36-40 = 4 x 84 mm o 3 x 100 mm EU41-46 = 4 X 90 mm o 3 x 100 mm","og_url":"https:\/\/patinexclusivo.com\/index.php\/product\/patines-en-linea-flying-eagle-x7d-reaver-90-unisex-negro\/","og_site_name":"Pat\u00edn Exclusivo","article_modified_time":"2024-09-18T19:14:13+00:00","og_image":[{"width":1100,"height":1100,"url":"https:\/\/patinexclusivo.com\/wp-content\/uploads\/2024\/09\/Flying-Eagle-Reaver-X7D0812.webp","type":"image\/webp"}],"twitter_card":"summary_large_image","twitter_misc":{"Est. reading time":"1 minute"},"schema":{"@context":"https:\/\/schema.org","@graph":[{"@type":"WebPage","@id":"https:\/\/patinexclusivo.com\/index.php\/product\/patines-en-linea-flying-eagle-x7d-reaver-90-unisex-negro\/","url":"https:\/\/patinexclusivo.com\/index.php\/product\/patines-en-linea-flying-eagle-x7d-reaver-90-unisex-negro\/","name":"Patines en l\u00ednea Flying Eagle X7D Reaver 90 - Unisex - Negro Rn - Pat\u00edn Exclusivo","isPartOf":{"@id":"https:\/\/patinexclusivo.com\/#website"},"datePublished":"2024-09-12T23:35:45+00:00","dateModified":"2024-09-18T19:14:13+00:00","breadcrumb":{"@id":"https:\/\/patinexclusivo.com\/index.php\/product\/patines-en-linea-flying-eagle-x7d-reaver-90-unisex-negro\/#breadcrumb"},"inLanguage":"en-US","potentialAction":[{"@type":"ReadAction","target":["https:\/\/patinexclusivo.com\/index.php\/product\/patines-en-linea-flying-eagle-x7d-reaver-90-unisex-negro\/"]}]},{"@type":"BreadcrumbList","@id":"https:\/\/patinexclusivo.com\/index.php\/product\/patines-en-linea-flying-eagle-x7d-reaver-90-unisex-negro\/#breadcrumb","itemListElement":[{"@type":"ListItem","position":1,"name":"Inicio","item":"https:\/\/patinexclusivo.com\/"},{"@type":"ListItem","position":2,"name":"Shop","item":"https:\/\/patinexclusivo.com\/index.php\/shop\/"},{"@type":"ListItem","position":3,"name":"Patines en l\u00ednea Flying Eagle X7D Reaver 90 &#8211; Unisex &#8211; Negro Rn"}]},{"@type":"WebSite","@id":"https:\/\/patinexclusivo.com\/#website","url":"https:\/\/patinexclusivo.com\/","name":"Pat\u00edn Exclusivo","description":"\ud83d\udefc Rollers SLP: Tu destino #1 para patines en San Luis Potos\u00ed! Encuentra los mejores estilos y marcas \ud83c\udf1f, consejos de expertos \ud83d\udcda y accesorios para patinaje. \u00a1Vis\u00edtanos y rueda con estilo! \ud83c\udf08\u2728","publisher":{"@id":"https:\/\/patinexclusivo.com\/#organization"},"potentialAction":[{"@type":"SearchAction","target":{"@type":"EntryPoint","urlTemplate":"https:\/\/patinexclusivo.com\/?s={search_term_string}"},"query-input":"required name=search_term_string"}],"inLanguage":"en-US"},{"@type":"Organization","@id":"https:\/\/patinexclusivo.com\/#organization","name":"Pat\u00edn Exclusivo","url":"https:\/\/patinexclusivo.com\/","logo":{"@type":"ImageObject","inLanguage":"en-US","@id":"https:\/\/patinexclusivo.com\/#\/schema\/logo\/image\/","url":"https:\/\/patinexclusivo.com\/wp-content\/uploads\/2025\/01\/cropped-cropped-WhatsApp-Image-2025-01-29-at-7.00.40-PM.jpeg","contentUrl":"https:\/\/patinexclusivo.com\/wp-content\/uploads\/2025\/01\/cropped-cropped-WhatsApp-Image-2025-01-29-at-7.00.40-PM.jpeg","width":583,"height":568,"caption":"Pat\u00edn Exclusivo"},"image":{"@id":"https:\/\/patinexclusivo.com\/#\/schema\/logo\/image\/"}}]}},"_links":{"self":[{"href":"https:\/\/patinexclusivo.com\/index.php\/wp-json\/wp\/v2\/product\/1604"}],"collection":[{"href":"https:\/\/patinexclusivo.com\/index.php\/wp-json\/wp\/v2\/product"}],"about":[{"href":"https:\/\/patinexclusivo.com\/index.php\/wp-json\/wp\/v2\/types\/product"}],"replies":[{"embeddable":true,"href":"https:\/\/patinexclusivo.com\/index.php\/wp-json\/wp\/v2\/comments?post=1604"}],"version-history":[{"count":2,"href":"https:\/\/patinexclusivo.com\/index.php\/wp-json\/wp\/v2\/product\/1604\/revisions"}],"predecessor-version":[{"id":1651,"href":"https:\/\/patinexclusivo.com\/index.php\/wp-json\/wp\/v2\/product\/1604\/revisions\/1651"}],"wp:featuredmedia":[{"embeddable":true,"href":"https:\/\/patinexclusivo.com\/index.php\/wp-json\/wp\/v2\/media\/1605"}],"wp:attachment":[{"href":"https:\/\/patinexclusivo.com\/index.php\/wp-json\/wp\/v2\/media?parent=1604"}],"wp:term":[{"taxonomy":"product_cat","embeddable":true,"href":"https:\/\/patinexclusivo.com\/index.php\/wp-json\/wp\/v2\/product_cat?post=1604"},{"taxonomy":"product_tag","embeddable":true,"href":"https:\/\/patinexclusivo.com\/index.php\/wp-json\/wp\/v2\/product_tag?post=1604"}],"curies":[{"name":"wp","href":"https:\/\/api.w.org\/{rel}","templated":true}]}}