{"id":1625,"date":"2024-09-13T19:56:00","date_gmt":"2024-09-13T19:56:00","guid":{"rendered":"https:\/\/patinexclusivo.com\/?post_type=product&#038;p=1625"},"modified":"2024-09-18T19:15:11","modified_gmt":"2024-09-18T19:15:11","slug":"patines-en-linea-flying-eagle-f5s-unisex-negro","status":"publish","type":"product","link":"https:\/\/patinexclusivo.com\/index.php\/product\/patines-en-linea-flying-eagle-f5s-unisex-negro\/","title":{"rendered":"Patines en l\u00ednea Flying Eagle F5S+ &#8211; Unisex &#8211; Negro Rn"},"content":{"rendered":"<table class=\"feature-table\">\n<tbody>\n<tr>\n<td><span>Estilo de patinaje:<\/span><\/td>\n<td class=\"feature-table__value\"><span>Urbano \/ Ciudad, Crucero \/ Ocio<\/span><\/td>\n<\/tr>\n<tr>\n<td><span>Tipo de pat\u00edn:<\/span><\/td>\n<td class=\"feature-table__value\"><span>Patines de 4 ruedas, botas r\u00edgidas<\/span><\/td>\n<\/tr>\n<tr>\n<td><span>Material de la bota:<\/span><\/td>\n<td class=\"feature-table__value\"><span>Pl\u00e1stico<\/span><\/td>\n<\/tr>\n<tr>\n<td><span>Cordones:<\/span><\/td>\n<td class=\"feature-table__value\"><span>Est\u00e1ndar<\/span><\/td>\n<\/tr>\n<tr>\n<td><span>Transatl\u00e1ntico:<\/span><\/td>\n<td class=\"feature-table__value\"><span>Existencias<\/span><\/td>\n<\/tr>\n<tr>\n<td><span>Almohadilla amortiguadora:<\/span><\/td>\n<td class=\"feature-table__value\"><span>S\u00ed<\/span><\/td>\n<\/tr>\n<tr>\n<td><span>Marca del marco:<\/span><\/td>\n<td class=\"feature-table__value\"><span>\u00c1guila en vuelo<\/span><\/td>\n<\/tr>\n<tr>\n<td><span>Montaje del marco:<\/span><\/td>\n<td class=\"feature-table__value\"><span>Cl\u00e1sico (montura 165)<\/span><\/td>\n<\/tr>\n<tr>\n<td><span>Material del marco:<\/span><\/td>\n<td class=\"feature-table__value\"><span>Aluminio<\/span><\/td>\n<\/tr>\n<tr>\n<td><span>Longitud del marco:<\/span><\/td>\n<td class=\"feature-table__value\"><span>231 mm, 243 mm<\/span><\/td>\n<\/tr>\n<tr>\n<td><span>Balanc\u00edn de cuadro:<\/span><\/td>\n<td class=\"feature-table__value\"><span>Ejes oscilantes<\/span><\/td>\n<\/tr>\n<tr>\n<td><span>Ejes:<\/span><\/td>\n<td class=\"feature-table__value\"><span>8 mm basculante<\/span><\/td>\n<\/tr>\n<tr>\n<td><span>Marca de la rueda:<\/span><\/td>\n<td class=\"feature-table__value\"><span>\u00c1guila en vuelo<\/span><\/td>\n<\/tr>\n<tr>\n<td><span>Tama\u00f1o de la rueda:<\/span><\/td>\n<td class=\"feature-table__value\"><span>76 mm, 80 mm<\/span><\/td>\n<\/tr>\n<tr>\n<td><span>Dureza de la rueda:<\/span><\/td>\n<td class=\"feature-table__value\"><span>85a<\/span><\/td>\n<\/tr>\n<tr>\n<td><span>Perfil de la rueda:<\/span><\/td>\n<td class=\"feature-table__value\"><span>Redondo<\/span><\/td>\n<\/tr>\n<tr>\n<td><span>Marca de rodamientos:<\/span><\/td>\n<td class=\"feature-table__value\"><span>\u00c1guila en vuelo<\/span><\/td>\n<\/tr>\n<tr>\n<td><span>Clasificaci\u00f3n del rodamiento:<\/span><\/td>\n<td class=\"feature-table__value\"><span>Abec 7<\/span><\/td>\n<\/tr>\n<tr>\n<td><span>Freno incluido :<\/span><\/td>\n<td class=\"feature-table__value\"><span>No<\/span><\/td>\n<\/tr>\n<\/tbody>\n<\/table>\n<p>Talla 23cm, 23,5cm, 24cm, 25cm, 25.5cm, 26cm, 27.5cm, 28.5cm<\/p>\n","protected":false},"excerpt":{"rendered":"<p>SOLO POR PEDIDO<\/p>\n<p><span>Los patines Flying Eagle F5S Eclipse Black est\u00e1n dise\u00f1ados para competir con algunos de los nombres m\u00e1s importantes en patines de estilo libre, ofreciendo caracter\u00edsticas premium a un precio de nivel de entrada.\u00a0<\/span><\/p>\n<p><span>La bota de carcasa dura sostiene el tobillo en todos los entornos y estilos de patinaje. El forro y la ca\u00f1a funcionan muy bien juntos, utilizando un \u00e1rea de pantorrilla con corte en V, para m\u00e1xima comodidad y flexibilidad. El F5S tiene uno de los forros m\u00e1s c\u00f3modos de la gama Flying Eagle, con un poco m\u00e1s de espacio para los dedos tambi\u00e9n. \u00a1Los niveles de comodidad son un serio competidor en el mercado!<\/span><\/p>\n<div>\n<div id=\"tab-description\">\n<p><span>En la bota, encontrar\u00e1s un sistema de cierre de 3 puntos con cordones, una correa intermedia de 45 grados y una correa superior. La puntera est\u00e1 hecha de neopreno, lo que permite que el revestimiento se envuelva alrededor de la forma de los dedos (y te perdone si tu pie est\u00e1 a unos pocos mil\u00edmetros de un lado u otro del tama\u00f1o \u00f3ptimo).\u00a0<\/span><\/p>\n<p><span>Los ejes de las ruedas delanteras y traseras son &#8220;girables&#8221; 180\u00b0. Esto beneficiar\u00e1 a quienes buscan patines multiusos. Al girar los ejes delantero y trasero, las ruedas se colocan m\u00e1s arriba que las dos ruedas centrales, lo que se denomina &#8220;banana rocker&#8221;. Un banana rocker es el est\u00e1ndar de la industria en el patinaje de eslalon y estilo libre, lo que permite una maniobrabilidad y precisi\u00f3n m\u00e1s extremas. Si no quieres que tus patines est\u00e9n as\u00ed las 24 horas del d\u00eda, los 7 d\u00edas de la semana, no te preocupes. Simplemente gira los ejes hacia atr\u00e1s y tambi\u00e9n funcionar\u00e1n en configuraci\u00f3n plana.<\/span><\/p>\n<p><span>Combinado con un marco de aluminio mecanizado, ruedas de 80 mm (76 mm en tama\u00f1os m\u00e1s peque\u00f1os) y rodamientos superr\u00e1pidos, tenemos un pat\u00edn muy accesible que es r\u00e1pido, c\u00f3modo, de apoyo y maniobrable, a un gran precio. Perfecto para el patinaje frente al mar, ciudad, urbano y slalom.<\/span><\/p>\n<p><strong><span>Consejo de tama\u00f1o:<\/span><\/strong><br \/>\n<span>Estos vienen en tama\u00f1o regular, por lo que generalmente puede comprar su talla de calzado habitual.<\/span><\/p>\n<p><strong><span>Tama\u00f1o de la rueda:<\/span><\/strong><br \/>\n<span>EU 37-40 usa ruedas de 76 mm y EU 41-46 usa ruedas de 80 mm.<\/span><\/p>\n<\/div>\n<\/div>\n<p>&nbsp;<\/p>\n","protected":false},"featured_media":1626,"comment_status":"open","ping_status":"closed","template":"","meta":{"rop_custom_images_group":[],"rop_custom_messages_group":[],"rop_publish_now":"initial","rop_publish_now_accounts":[],"rop_publish_now_history":[],"rop_publish_now_status":"pending"},"product_cat":[34],"product_tag":[],"class_list":{"0":"post-1625","1":"product","2":"type-product","3":"status-publish","4":"has-post-thumbnail","6":"product_cat-freeskate","7":"post","9":"first","10":"instock","11":"shipping-taxable","12":"purchasable","13":"product-type-simple"},"yoast_head":"<!-- This site is optimized with the Yoast SEO plugin v21.9.1 - https:\/\/yoast.com\/wordpress\/plugins\/seo\/ -->\n<title>Patines en l\u00ednea Flying Eagle F5S+ - Unisex - Negro Rn - Pat\u00edn Exclusivo<\/title>\n<meta name=\"robots\" content=\"index, follow, max-snippet:-1, max-image-preview:large, max-video-preview:-1\" \/>\n<link rel=\"canonical\" href=\"https:\/\/patinexclusivo.com\/index.php\/product\/patines-en-linea-flying-eagle-f5s-unisex-negro\/\" \/>\n<meta property=\"og:locale\" content=\"en_US\" \/>\n<meta property=\"og:type\" content=\"article\" \/>\n<meta property=\"og:title\" content=\"Patines en l\u00ednea Flying Eagle F5S+ - Unisex - Negro Rn - Pat\u00edn Exclusivo\" \/>\n<meta property=\"og:description\" content=\"SOLO POR PEDIDO  Los patines Flying Eagle F5S Eclipse Black est\u00e1n dise\u00f1ados para competir con algunos de los nombres m\u00e1s importantes en patines de estilo libre, ofreciendo caracter\u00edsticas premium a un precio de nivel de entrada.\u00a0  La bota de carcasa dura sostiene el tobillo en todos los entornos y estilos de patinaje. El forro y la ca\u00f1a funcionan muy bien juntos, utilizando un \u00e1rea de pantorrilla con corte en V, para m\u00e1xima comodidad y flexibilidad. El F5S tiene uno de los forros m\u00e1s c\u00f3modos de la gama Flying Eagle, con un poco m\u00e1s de espacio para los dedos tambi\u00e9n. \u00a1Los niveles de comodidad son un serio competidor en el mercado!    En la bota, encontrar\u00e1s un sistema de cierre de 3 puntos con cordones, una correa intermedia de 45 grados y una correa superior. La puntera est\u00e1 hecha de neopreno, lo que permite que el revestimiento se envuelva alrededor de la forma de los dedos (y te perdone si tu pie est\u00e1 a unos pocos mil\u00edmetros de un lado u otro del tama\u00f1o \u00f3ptimo).\u00a0  Los ejes de las ruedas delanteras y traseras son &quot;girables&quot; 180\u00b0. Esto beneficiar\u00e1 a quienes buscan patines multiusos. Al girar los ejes delantero y trasero, las ruedas se colocan m\u00e1s arriba que las dos ruedas centrales, lo que se denomina &quot;banana rocker&quot;. Un banana rocker es el est\u00e1ndar de la industria en el patinaje de eslalon y estilo libre, lo que permite una maniobrabilidad y precisi\u00f3n m\u00e1s extremas. Si no quieres que tus patines est\u00e9n as\u00ed las 24 horas del d\u00eda, los 7 d\u00edas de la semana, no te preocupes. Simplemente gira los ejes hacia atr\u00e1s y tambi\u00e9n funcionar\u00e1n en configuraci\u00f3n plana.  Combinado con un marco de aluminio mecanizado, ruedas de 80 mm (76 mm en tama\u00f1os m\u00e1s peque\u00f1os) y rodamientos superr\u00e1pidos, tenemos un pat\u00edn muy accesible que es r\u00e1pido, c\u00f3modo, de apoyo y maniobrable, a un gran precio. Perfecto para el patinaje frente al mar, ciudad, urbano y slalom.  Consejo de tama\u00f1o: Estos vienen en tama\u00f1o regular, por lo que generalmente puede comprar su talla de calzado habitual.  Tama\u00f1o de la rueda: EU 37-40 usa ruedas de 76 mm y EU 41-46 usa ruedas de 80 mm.    &nbsp;\" \/>\n<meta property=\"og:url\" content=\"https:\/\/patinexclusivo.com\/index.php\/product\/patines-en-linea-flying-eagle-f5s-unisex-negro\/\" \/>\n<meta property=\"og:site_name\" content=\"Pat\u00edn Exclusivo\" \/>\n<meta property=\"article:modified_time\" content=\"2024-09-18T19:15:11+00:00\" \/>\n<meta property=\"og:image\" content=\"https:\/\/patinexclusivo.com\/wp-content\/uploads\/2024\/09\/Flying-Eagle-F5S-Eclipse-Black-Unisex-Skates.webp\" \/>\n\t<meta property=\"og:image:width\" content=\"1100\" \/>\n\t<meta property=\"og:image:height\" content=\"1100\" \/>\n\t<meta property=\"og:image:type\" content=\"image\/webp\" \/>\n<meta name=\"twitter:card\" content=\"summary_large_image\" \/>\n<meta name=\"twitter:label1\" content=\"Est. reading time\" \/>\n\t<meta name=\"twitter:data1\" content=\"1 minute\" \/>\n<script type=\"application\/ld+json\" class=\"yoast-schema-graph\">{\"@context\":\"https:\/\/schema.org\",\"@graph\":[{\"@type\":\"WebPage\",\"@id\":\"https:\/\/patinexclusivo.com\/index.php\/product\/patines-en-linea-flying-eagle-f5s-unisex-negro\/\",\"url\":\"https:\/\/patinexclusivo.com\/index.php\/product\/patines-en-linea-flying-eagle-f5s-unisex-negro\/\",\"name\":\"Patines en l\u00ednea Flying Eagle F5S+ - Unisex - Negro Rn - Pat\u00edn Exclusivo\",\"isPartOf\":{\"@id\":\"https:\/\/patinexclusivo.com\/#website\"},\"datePublished\":\"2024-09-13T19:56:00+00:00\",\"dateModified\":\"2024-09-18T19:15:11+00:00\",\"breadcrumb\":{\"@id\":\"https:\/\/patinexclusivo.com\/index.php\/product\/patines-en-linea-flying-eagle-f5s-unisex-negro\/#breadcrumb\"},\"inLanguage\":\"en-US\",\"potentialAction\":[{\"@type\":\"ReadAction\",\"target\":[\"https:\/\/patinexclusivo.com\/index.php\/product\/patines-en-linea-flying-eagle-f5s-unisex-negro\/\"]}]},{\"@type\":\"BreadcrumbList\",\"@id\":\"https:\/\/patinexclusivo.com\/index.php\/product\/patines-en-linea-flying-eagle-f5s-unisex-negro\/#breadcrumb\",\"itemListElement\":[{\"@type\":\"ListItem\",\"position\":1,\"name\":\"Inicio\",\"item\":\"https:\/\/patinexclusivo.com\/\"},{\"@type\":\"ListItem\",\"position\":2,\"name\":\"Shop\",\"item\":\"https:\/\/patinexclusivo.com\/index.php\/shop\/\"},{\"@type\":\"ListItem\",\"position\":3,\"name\":\"Patines en l\u00ednea Flying Eagle F5S+ &#8211; Unisex &#8211; Negro Rn\"}]},{\"@type\":\"WebSite\",\"@id\":\"https:\/\/patinexclusivo.com\/#website\",\"url\":\"https:\/\/patinexclusivo.com\/\",\"name\":\"Pat\u00edn Exclusivo\",\"description\":\"\ud83d\udefc Rollers SLP: Tu destino #1 para patines en San Luis Potos\u00ed! Encuentra los mejores estilos y marcas \ud83c\udf1f, consejos de expertos \ud83d\udcda y accesorios para patinaje. \u00a1Vis\u00edtanos y rueda con estilo! \ud83c\udf08\u2728\",\"publisher\":{\"@id\":\"https:\/\/patinexclusivo.com\/#organization\"},\"potentialAction\":[{\"@type\":\"SearchAction\",\"target\":{\"@type\":\"EntryPoint\",\"urlTemplate\":\"https:\/\/patinexclusivo.com\/?s={search_term_string}\"},\"query-input\":\"required name=search_term_string\"}],\"inLanguage\":\"en-US\"},{\"@type\":\"Organization\",\"@id\":\"https:\/\/patinexclusivo.com\/#organization\",\"name\":\"Pat\u00edn Exclusivo\",\"url\":\"https:\/\/patinexclusivo.com\/\",\"logo\":{\"@type\":\"ImageObject\",\"inLanguage\":\"en-US\",\"@id\":\"https:\/\/patinexclusivo.com\/#\/schema\/logo\/image\/\",\"url\":\"https:\/\/patinexclusivo.com\/wp-content\/uploads\/2025\/01\/cropped-cropped-WhatsApp-Image-2025-01-29-at-7.00.40-PM.jpeg\",\"contentUrl\":\"https:\/\/patinexclusivo.com\/wp-content\/uploads\/2025\/01\/cropped-cropped-WhatsApp-Image-2025-01-29-at-7.00.40-PM.jpeg\",\"width\":583,\"height\":568,\"caption\":\"Pat\u00edn Exclusivo\"},\"image\":{\"@id\":\"https:\/\/patinexclusivo.com\/#\/schema\/logo\/image\/\"}}]}<\/script>\n<!-- \/ Yoast SEO plugin. -->","yoast_head_json":{"title":"Patines en l\u00ednea Flying Eagle F5S+ - Unisex - Negro Rn - Pat\u00edn Exclusivo","robots":{"index":"index","follow":"follow","max-snippet":"max-snippet:-1","max-image-preview":"max-image-preview:large","max-video-preview":"max-video-preview:-1"},"canonical":"https:\/\/patinexclusivo.com\/index.php\/product\/patines-en-linea-flying-eagle-f5s-unisex-negro\/","og_locale":"en_US","og_type":"article","og_title":"Patines en l\u00ednea Flying Eagle F5S+ - Unisex - Negro Rn - Pat\u00edn Exclusivo","og_description":"SOLO POR PEDIDO  Los patines Flying Eagle F5S Eclipse Black est\u00e1n dise\u00f1ados para competir con algunos de los nombres m\u00e1s importantes en patines de estilo libre, ofreciendo caracter\u00edsticas premium a un precio de nivel de entrada.\u00a0  La bota de carcasa dura sostiene el tobillo en todos los entornos y estilos de patinaje. El forro y la ca\u00f1a funcionan muy bien juntos, utilizando un \u00e1rea de pantorrilla con corte en V, para m\u00e1xima comodidad y flexibilidad. El F5S tiene uno de los forros m\u00e1s c\u00f3modos de la gama Flying Eagle, con un poco m\u00e1s de espacio para los dedos tambi\u00e9n. \u00a1Los niveles de comodidad son un serio competidor en el mercado!    En la bota, encontrar\u00e1s un sistema de cierre de 3 puntos con cordones, una correa intermedia de 45 grados y una correa superior. La puntera est\u00e1 hecha de neopreno, lo que permite que el revestimiento se envuelva alrededor de la forma de los dedos (y te perdone si tu pie est\u00e1 a unos pocos mil\u00edmetros de un lado u otro del tama\u00f1o \u00f3ptimo).\u00a0  Los ejes de las ruedas delanteras y traseras son \"girables\" 180\u00b0. Esto beneficiar\u00e1 a quienes buscan patines multiusos. Al girar los ejes delantero y trasero, las ruedas se colocan m\u00e1s arriba que las dos ruedas centrales, lo que se denomina \"banana rocker\". Un banana rocker es el est\u00e1ndar de la industria en el patinaje de eslalon y estilo libre, lo que permite una maniobrabilidad y precisi\u00f3n m\u00e1s extremas. Si no quieres que tus patines est\u00e9n as\u00ed las 24 horas del d\u00eda, los 7 d\u00edas de la semana, no te preocupes. Simplemente gira los ejes hacia atr\u00e1s y tambi\u00e9n funcionar\u00e1n en configuraci\u00f3n plana.  Combinado con un marco de aluminio mecanizado, ruedas de 80 mm (76 mm en tama\u00f1os m\u00e1s peque\u00f1os) y rodamientos superr\u00e1pidos, tenemos un pat\u00edn muy accesible que es r\u00e1pido, c\u00f3modo, de apoyo y maniobrable, a un gran precio. Perfecto para el patinaje frente al mar, ciudad, urbano y slalom.  Consejo de tama\u00f1o: Estos vienen en tama\u00f1o regular, por lo que generalmente puede comprar su talla de calzado habitual.  Tama\u00f1o de la rueda: EU 37-40 usa ruedas de 76 mm y EU 41-46 usa ruedas de 80 mm.    &nbsp;","og_url":"https:\/\/patinexclusivo.com\/index.php\/product\/patines-en-linea-flying-eagle-f5s-unisex-negro\/","og_site_name":"Pat\u00edn Exclusivo","article_modified_time":"2024-09-18T19:15:11+00:00","og_image":[{"width":1100,"height":1100,"url":"https:\/\/patinexclusivo.com\/wp-content\/uploads\/2024\/09\/Flying-Eagle-F5S-Eclipse-Black-Unisex-Skates.webp","type":"image\/webp"}],"twitter_card":"summary_large_image","twitter_misc":{"Est. reading time":"1 minute"},"schema":{"@context":"https:\/\/schema.org","@graph":[{"@type":"WebPage","@id":"https:\/\/patinexclusivo.com\/index.php\/product\/patines-en-linea-flying-eagle-f5s-unisex-negro\/","url":"https:\/\/patinexclusivo.com\/index.php\/product\/patines-en-linea-flying-eagle-f5s-unisex-negro\/","name":"Patines en l\u00ednea Flying Eagle F5S+ - Unisex - Negro Rn - Pat\u00edn Exclusivo","isPartOf":{"@id":"https:\/\/patinexclusivo.com\/#website"},"datePublished":"2024-09-13T19:56:00+00:00","dateModified":"2024-09-18T19:15:11+00:00","breadcrumb":{"@id":"https:\/\/patinexclusivo.com\/index.php\/product\/patines-en-linea-flying-eagle-f5s-unisex-negro\/#breadcrumb"},"inLanguage":"en-US","potentialAction":[{"@type":"ReadAction","target":["https:\/\/patinexclusivo.com\/index.php\/product\/patines-en-linea-flying-eagle-f5s-unisex-negro\/"]}]},{"@type":"BreadcrumbList","@id":"https:\/\/patinexclusivo.com\/index.php\/product\/patines-en-linea-flying-eagle-f5s-unisex-negro\/#breadcrumb","itemListElement":[{"@type":"ListItem","position":1,"name":"Inicio","item":"https:\/\/patinexclusivo.com\/"},{"@type":"ListItem","position":2,"name":"Shop","item":"https:\/\/patinexclusivo.com\/index.php\/shop\/"},{"@type":"ListItem","position":3,"name":"Patines en l\u00ednea Flying Eagle F5S+ &#8211; Unisex &#8211; Negro Rn"}]},{"@type":"WebSite","@id":"https:\/\/patinexclusivo.com\/#website","url":"https:\/\/patinexclusivo.com\/","name":"Pat\u00edn Exclusivo","description":"\ud83d\udefc Rollers SLP: Tu destino #1 para patines en San Luis Potos\u00ed! Encuentra los mejores estilos y marcas \ud83c\udf1f, consejos de expertos \ud83d\udcda y accesorios para patinaje. \u00a1Vis\u00edtanos y rueda con estilo! \ud83c\udf08\u2728","publisher":{"@id":"https:\/\/patinexclusivo.com\/#organization"},"potentialAction":[{"@type":"SearchAction","target":{"@type":"EntryPoint","urlTemplate":"https:\/\/patinexclusivo.com\/?s={search_term_string}"},"query-input":"required name=search_term_string"}],"inLanguage":"en-US"},{"@type":"Organization","@id":"https:\/\/patinexclusivo.com\/#organization","name":"Pat\u00edn Exclusivo","url":"https:\/\/patinexclusivo.com\/","logo":{"@type":"ImageObject","inLanguage":"en-US","@id":"https:\/\/patinexclusivo.com\/#\/schema\/logo\/image\/","url":"https:\/\/patinexclusivo.com\/wp-content\/uploads\/2025\/01\/cropped-cropped-WhatsApp-Image-2025-01-29-at-7.00.40-PM.jpeg","contentUrl":"https:\/\/patinexclusivo.com\/wp-content\/uploads\/2025\/01\/cropped-cropped-WhatsApp-Image-2025-01-29-at-7.00.40-PM.jpeg","width":583,"height":568,"caption":"Pat\u00edn Exclusivo"},"image":{"@id":"https:\/\/patinexclusivo.com\/#\/schema\/logo\/image\/"}}]}},"_links":{"self":[{"href":"https:\/\/patinexclusivo.com\/index.php\/wp-json\/wp\/v2\/product\/1625"}],"collection":[{"href":"https:\/\/patinexclusivo.com\/index.php\/wp-json\/wp\/v2\/product"}],"about":[{"href":"https:\/\/patinexclusivo.com\/index.php\/wp-json\/wp\/v2\/types\/product"}],"replies":[{"embeddable":true,"href":"https:\/\/patinexclusivo.com\/index.php\/wp-json\/wp\/v2\/comments?post=1625"}],"version-history":[{"count":2,"href":"https:\/\/patinexclusivo.com\/index.php\/wp-json\/wp\/v2\/product\/1625\/revisions"}],"predecessor-version":[{"id":1656,"href":"https:\/\/patinexclusivo.com\/index.php\/wp-json\/wp\/v2\/product\/1625\/revisions\/1656"}],"wp:featuredmedia":[{"embeddable":true,"href":"https:\/\/patinexclusivo.com\/index.php\/wp-json\/wp\/v2\/media\/1626"}],"wp:attachment":[{"href":"https:\/\/patinexclusivo.com\/index.php\/wp-json\/wp\/v2\/media?parent=1625"}],"wp:term":[{"taxonomy":"product_cat","embeddable":true,"href":"https:\/\/patinexclusivo.com\/index.php\/wp-json\/wp\/v2\/product_cat?post=1625"},{"taxonomy":"product_tag","embeddable":true,"href":"https:\/\/patinexclusivo.com\/index.php\/wp-json\/wp\/v2\/product_tag?post=1625"}],"curies":[{"name":"wp","href":"https:\/\/api.w.org\/{rel}","templated":true}]}}