{"id":1634,"date":"2024-09-14T01:54:38","date_gmt":"2024-09-14T01:54:38","guid":{"rendered":"https:\/\/patinexclusivo.com\/?post_type=product&#038;p=1634"},"modified":"2024-09-18T19:15:49","modified_gmt":"2024-09-18T19:15:49","slug":"patines-en-linea-flying-eagle-b6-hero","status":"publish","type":"product","link":"https:\/\/patinexclusivo.com\/index.php\/product\/patines-en-linea-flying-eagle-b6-hero\/","title":{"rendered":"Patines en l\u00ednea Flying Eagle B6 Hero Rn"},"content":{"rendered":"<table class=\"feature-table\">\n<tbody>\n<tr>\n<td><span>Estilo de patinaje:<\/span><\/td>\n<td class=\"feature-table__value\"><span>Urbano \/ Ciudad, Crucero \/ Ocio<\/span><\/td>\n<\/tr>\n<tr>\n<td><span>Tipo de pat\u00edn:<\/span><\/td>\n<td class=\"feature-table__value\"><span>Patines de 4 ruedas, botas r\u00edgidas<\/span><\/td>\n<\/tr>\n<tr>\n<td><span>Material de la bota:<\/span><\/td>\n<td class=\"feature-table__value\"><span>Pl\u00e1stico<\/span><\/td>\n<\/tr>\n<tr>\n<td><span>Cordones:<\/span><\/td>\n<td class=\"feature-table__value\"><span>Est\u00e1ndar<\/span><\/td>\n<\/tr>\n<tr>\n<td><span>Transatl\u00e1ntico:<\/span><\/td>\n<td class=\"feature-table__value\"><span>Existencias<\/span><\/td>\n<\/tr>\n<tr>\n<td><span>Almohadilla amortiguadora:<\/span><\/td>\n<td class=\"feature-table__value\"><span>S\u00ed<\/span><\/td>\n<\/tr>\n<tr>\n<td><span>Marca del marco:<\/span><\/td>\n<td class=\"feature-table__value\"><span>\u00c1guila en vuelo<\/span><\/td>\n<\/tr>\n<tr>\n<td><span>Montaje del marco:<\/span><\/td>\n<td class=\"feature-table__value\"><span>Cl\u00e1sico (montura 165)<\/span><\/td>\n<\/tr>\n<tr>\n<td><span>Material del marco:<\/span><\/td>\n<td class=\"feature-table__value\"><span>Aluminio<\/span><\/td>\n<\/tr>\n<tr>\n<td><span>Longitud del marco:<\/span><\/td>\n<td class=\"feature-table__value\"><span>255 mm<\/span><\/td>\n<\/tr>\n<tr>\n<td><span>Balanc\u00edn de cuadro:<\/span><\/td>\n<td class=\"feature-table__value\"><span>Plano (sin balanc\u00edn)<\/span><\/td>\n<\/tr>\n<tr>\n<td><span>Ejes:<\/span><\/td>\n<td class=\"feature-table__value\"><span>Velocidad de 8 mm (un eje que se atornilla a la pared del marco)<\/span><\/td>\n<\/tr>\n<tr>\n<td><span>Marca de la rueda:<\/span><\/td>\n<td class=\"feature-table__value\"><span>\u00c1guila en vuelo<\/span><\/td>\n<\/tr>\n<tr>\n<td><span>Tama\u00f1o de la rueda:<\/span><\/td>\n<td class=\"feature-table__value\"><span>76 mm, 80 mm<\/span><\/td>\n<\/tr>\n<tr>\n<td><span>Dureza de la rueda:<\/span><\/td>\n<td class=\"feature-table__value\"><span>85a<\/span><\/td>\n<\/tr>\n<tr>\n<td><span>Perfil de la rueda:<\/span><\/td>\n<td class=\"feature-table__value\"><span>Redondo<\/span><\/td>\n<\/tr>\n<tr>\n<td><span>Marca de rodamientos:<\/span><\/td>\n<td class=\"feature-table__value\"><span>\u00c1guila en vuelo<\/span><\/td>\n<\/tr>\n<tr>\n<td><span>Clasificaci\u00f3n del rodamiento:<\/span><\/td>\n<td class=\"feature-table__value\"><span>Abec 5<\/span><\/td>\n<\/tr>\n<\/tbody>\n<\/table>\n<p>Talla 23.5 &#8211; 24cm, 24.5 &#8211; 25.5cm, 26 &#8211; 27cm, 27.5 &#8211; 28.2cm, 28.5 &#8211; 30.9cm<\/p>\n","protected":false},"excerpt":{"rendered":"<p>SOLO POR PEDIDO<\/p>\n<p><span>Compramos los patines de Flying Eagle, que nos los entregan directamente de f\u00e1brica. Recibirlos de esta manera nos permite mantener bajos los costos y trasladar los ahorros al consumidor. El resultado: \u00a1un pat\u00edn de estilo libre de alto funcionamiento est\u00e1 disponible a un margen del precio!<\/span><\/p>\n<p><span>La bota ofrece soporte, con orificios de ventilaci\u00f3n que mantienen el pie fresco y proporcionan una flexi\u00f3n adicional. La construcci\u00f3n de la bota beneficiar\u00e1 a los usuarios que desean una transferencia de energ\u00eda decente con menos puntos de presi\u00f3n en el pie, lo que reduce la fatiga.<\/span><\/p>\n<p><span>El marco de aluminio extruido es liviano y duradero, y ofrece una excelente transferencia de energ\u00eda. Las ruedas son decentes para el patinaje recreativo, con un dur\u00f3metro de 85a que proporciona un rodamiento suave y con agarre.<\/span><\/p>\n<p><span>El revestimiento de doble ajuste es muy c\u00f3modo para el precio. El acolchado suave mantiene el pie amortiguado y la puntera de neopreno permite un ajuste f\u00e1cil.<\/span><\/p>\n<p><strong><span>Consejo de tama\u00f1o<\/span><br \/>\nEstos patines son de tama\u00f1o real. No se requieren ajustes previos. Si tiene dudas sobre su tama\u00f1o real, o est\u00e1 entre tama\u00f1os, redondee su tama\u00f1o hacia arriba.\u00a0En general, elija el tama\u00f1o de sus patines de acuerdo con el tama\u00f1o de cualquier calzado deportivo que use. Si tu empeine es relativamente alto o tus pies son relativamente anchos, se recomienda que elijas una talla m\u00e1s grande.<\/strong><\/p>\n","protected":false},"featured_media":1635,"comment_status":"open","ping_status":"closed","template":"","meta":{"rop_custom_images_group":[],"rop_custom_messages_group":[],"rop_publish_now":"initial","rop_publish_now_accounts":[],"rop_publish_now_history":[],"rop_publish_now_status":"pending"},"product_cat":[34],"product_tag":[],"class_list":{"0":"post-1634","1":"product","2":"type-product","3":"status-publish","4":"has-post-thumbnail","6":"product_cat-freeskate","7":"post","9":"first","10":"instock","11":"shipping-taxable","12":"purchasable","13":"product-type-simple"},"yoast_head":"<!-- This site is optimized with the Yoast SEO plugin v21.9.1 - https:\/\/yoast.com\/wordpress\/plugins\/seo\/ -->\n<title>Patines en l\u00ednea Flying Eagle B6 Hero Rn - Pat\u00edn Exclusivo<\/title>\n<meta name=\"robots\" content=\"index, follow, max-snippet:-1, max-image-preview:large, max-video-preview:-1\" \/>\n<link rel=\"canonical\" href=\"https:\/\/patinexclusivo.com\/index.php\/product\/patines-en-linea-flying-eagle-b6-hero\/\" \/>\n<meta property=\"og:locale\" content=\"en_US\" \/>\n<meta property=\"og:type\" content=\"article\" \/>\n<meta property=\"og:title\" content=\"Patines en l\u00ednea Flying Eagle B6 Hero Rn - Pat\u00edn Exclusivo\" \/>\n<meta property=\"og:description\" content=\"SOLO POR PEDIDO  Compramos los patines de Flying Eagle, que nos los entregan directamente de f\u00e1brica. Recibirlos de esta manera nos permite mantener bajos los costos y trasladar los ahorros al consumidor. El resultado: \u00a1un pat\u00edn de estilo libre de alto funcionamiento est\u00e1 disponible a un margen del precio!  La bota ofrece soporte, con orificios de ventilaci\u00f3n que mantienen el pie fresco y proporcionan una flexi\u00f3n adicional. La construcci\u00f3n de la bota beneficiar\u00e1 a los usuarios que desean una transferencia de energ\u00eda decente con menos puntos de presi\u00f3n en el pie, lo que reduce la fatiga.  El marco de aluminio extruido es liviano y duradero, y ofrece una excelente transferencia de energ\u00eda. Las ruedas son decentes para el patinaje recreativo, con un dur\u00f3metro de 85a que proporciona un rodamiento suave y con agarre.  El revestimiento de doble ajuste es muy c\u00f3modo para el precio. El acolchado suave mantiene el pie amortiguado y la puntera de neopreno permite un ajuste f\u00e1cil.  Consejo de tama\u00f1o Estos patines son de tama\u00f1o real. No se requieren ajustes previos. Si tiene dudas sobre su tama\u00f1o real, o est\u00e1 entre tama\u00f1os, redondee su tama\u00f1o hacia arriba.\u00a0En general, elija el tama\u00f1o de sus patines de acuerdo con el tama\u00f1o de cualquier calzado deportivo que use. Si tu empeine es relativamente alto o tus pies son relativamente anchos, se recomienda que elijas una talla m\u00e1s grande.\" \/>\n<meta property=\"og:url\" content=\"https:\/\/patinexclusivo.com\/index.php\/product\/patines-en-linea-flying-eagle-b6-hero\/\" \/>\n<meta property=\"og:site_name\" content=\"Pat\u00edn Exclusivo\" \/>\n<meta property=\"article:modified_time\" content=\"2024-09-18T19:15:49+00:00\" \/>\n<meta property=\"og:image\" content=\"https:\/\/patinexclusivo.com\/wp-content\/uploads\/2024\/09\/Flying-Eagle-B6-HERO1330.webp\" \/>\n\t<meta property=\"og:image:width\" content=\"823\" \/>\n\t<meta property=\"og:image:height\" content=\"823\" \/>\n\t<meta property=\"og:image:type\" content=\"image\/webp\" \/>\n<meta name=\"twitter:card\" content=\"summary_large_image\" \/>\n<meta name=\"twitter:label1\" content=\"Est. reading time\" \/>\n\t<meta name=\"twitter:data1\" content=\"1 minute\" \/>\n<script type=\"application\/ld+json\" class=\"yoast-schema-graph\">{\"@context\":\"https:\/\/schema.org\",\"@graph\":[{\"@type\":\"WebPage\",\"@id\":\"https:\/\/patinexclusivo.com\/index.php\/product\/patines-en-linea-flying-eagle-b6-hero\/\",\"url\":\"https:\/\/patinexclusivo.com\/index.php\/product\/patines-en-linea-flying-eagle-b6-hero\/\",\"name\":\"Patines en l\u00ednea Flying Eagle B6 Hero Rn - Pat\u00edn Exclusivo\",\"isPartOf\":{\"@id\":\"https:\/\/patinexclusivo.com\/#website\"},\"datePublished\":\"2024-09-14T01:54:38+00:00\",\"dateModified\":\"2024-09-18T19:15:49+00:00\",\"breadcrumb\":{\"@id\":\"https:\/\/patinexclusivo.com\/index.php\/product\/patines-en-linea-flying-eagle-b6-hero\/#breadcrumb\"},\"inLanguage\":\"en-US\",\"potentialAction\":[{\"@type\":\"ReadAction\",\"target\":[\"https:\/\/patinexclusivo.com\/index.php\/product\/patines-en-linea-flying-eagle-b6-hero\/\"]}]},{\"@type\":\"BreadcrumbList\",\"@id\":\"https:\/\/patinexclusivo.com\/index.php\/product\/patines-en-linea-flying-eagle-b6-hero\/#breadcrumb\",\"itemListElement\":[{\"@type\":\"ListItem\",\"position\":1,\"name\":\"Inicio\",\"item\":\"https:\/\/patinexclusivo.com\/\"},{\"@type\":\"ListItem\",\"position\":2,\"name\":\"Shop\",\"item\":\"https:\/\/patinexclusivo.com\/index.php\/shop\/\"},{\"@type\":\"ListItem\",\"position\":3,\"name\":\"Patines en l\u00ednea Flying Eagle B6 Hero Rn\"}]},{\"@type\":\"WebSite\",\"@id\":\"https:\/\/patinexclusivo.com\/#website\",\"url\":\"https:\/\/patinexclusivo.com\/\",\"name\":\"Pat\u00edn Exclusivo\",\"description\":\"\ud83d\udefc Rollers SLP: Tu destino #1 para patines en San Luis Potos\u00ed! Encuentra los mejores estilos y marcas \ud83c\udf1f, consejos de expertos \ud83d\udcda y accesorios para patinaje. \u00a1Vis\u00edtanos y rueda con estilo! \ud83c\udf08\u2728\",\"publisher\":{\"@id\":\"https:\/\/patinexclusivo.com\/#organization\"},\"potentialAction\":[{\"@type\":\"SearchAction\",\"target\":{\"@type\":\"EntryPoint\",\"urlTemplate\":\"https:\/\/patinexclusivo.com\/?s={search_term_string}\"},\"query-input\":\"required name=search_term_string\"}],\"inLanguage\":\"en-US\"},{\"@type\":\"Organization\",\"@id\":\"https:\/\/patinexclusivo.com\/#organization\",\"name\":\"Pat\u00edn Exclusivo\",\"url\":\"https:\/\/patinexclusivo.com\/\",\"logo\":{\"@type\":\"ImageObject\",\"inLanguage\":\"en-US\",\"@id\":\"https:\/\/patinexclusivo.com\/#\/schema\/logo\/image\/\",\"url\":\"https:\/\/patinexclusivo.com\/wp-content\/uploads\/2025\/01\/cropped-cropped-WhatsApp-Image-2025-01-29-at-7.00.40-PM.jpeg\",\"contentUrl\":\"https:\/\/patinexclusivo.com\/wp-content\/uploads\/2025\/01\/cropped-cropped-WhatsApp-Image-2025-01-29-at-7.00.40-PM.jpeg\",\"width\":583,\"height\":568,\"caption\":\"Pat\u00edn Exclusivo\"},\"image\":{\"@id\":\"https:\/\/patinexclusivo.com\/#\/schema\/logo\/image\/\"}}]}<\/script>\n<!-- \/ Yoast SEO plugin. -->","yoast_head_json":{"title":"Patines en l\u00ednea Flying Eagle B6 Hero Rn - Pat\u00edn Exclusivo","robots":{"index":"index","follow":"follow","max-snippet":"max-snippet:-1","max-image-preview":"max-image-preview:large","max-video-preview":"max-video-preview:-1"},"canonical":"https:\/\/patinexclusivo.com\/index.php\/product\/patines-en-linea-flying-eagle-b6-hero\/","og_locale":"en_US","og_type":"article","og_title":"Patines en l\u00ednea Flying Eagle B6 Hero Rn - Pat\u00edn Exclusivo","og_description":"SOLO POR PEDIDO  Compramos los patines de Flying Eagle, que nos los entregan directamente de f\u00e1brica. Recibirlos de esta manera nos permite mantener bajos los costos y trasladar los ahorros al consumidor. El resultado: \u00a1un pat\u00edn de estilo libre de alto funcionamiento est\u00e1 disponible a un margen del precio!  La bota ofrece soporte, con orificios de ventilaci\u00f3n que mantienen el pie fresco y proporcionan una flexi\u00f3n adicional. La construcci\u00f3n de la bota beneficiar\u00e1 a los usuarios que desean una transferencia de energ\u00eda decente con menos puntos de presi\u00f3n en el pie, lo que reduce la fatiga.  El marco de aluminio extruido es liviano y duradero, y ofrece una excelente transferencia de energ\u00eda. Las ruedas son decentes para el patinaje recreativo, con un dur\u00f3metro de 85a que proporciona un rodamiento suave y con agarre.  El revestimiento de doble ajuste es muy c\u00f3modo para el precio. El acolchado suave mantiene el pie amortiguado y la puntera de neopreno permite un ajuste f\u00e1cil.  Consejo de tama\u00f1o Estos patines son de tama\u00f1o real. No se requieren ajustes previos. Si tiene dudas sobre su tama\u00f1o real, o est\u00e1 entre tama\u00f1os, redondee su tama\u00f1o hacia arriba.\u00a0En general, elija el tama\u00f1o de sus patines de acuerdo con el tama\u00f1o de cualquier calzado deportivo que use. Si tu empeine es relativamente alto o tus pies son relativamente anchos, se recomienda que elijas una talla m\u00e1s grande.","og_url":"https:\/\/patinexclusivo.com\/index.php\/product\/patines-en-linea-flying-eagle-b6-hero\/","og_site_name":"Pat\u00edn Exclusivo","article_modified_time":"2024-09-18T19:15:49+00:00","og_image":[{"width":823,"height":823,"url":"https:\/\/patinexclusivo.com\/wp-content\/uploads\/2024\/09\/Flying-Eagle-B6-HERO1330.webp","type":"image\/webp"}],"twitter_card":"summary_large_image","twitter_misc":{"Est. reading time":"1 minute"},"schema":{"@context":"https:\/\/schema.org","@graph":[{"@type":"WebPage","@id":"https:\/\/patinexclusivo.com\/index.php\/product\/patines-en-linea-flying-eagle-b6-hero\/","url":"https:\/\/patinexclusivo.com\/index.php\/product\/patines-en-linea-flying-eagle-b6-hero\/","name":"Patines en l\u00ednea Flying Eagle B6 Hero Rn - Pat\u00edn Exclusivo","isPartOf":{"@id":"https:\/\/patinexclusivo.com\/#website"},"datePublished":"2024-09-14T01:54:38+00:00","dateModified":"2024-09-18T19:15:49+00:00","breadcrumb":{"@id":"https:\/\/patinexclusivo.com\/index.php\/product\/patines-en-linea-flying-eagle-b6-hero\/#breadcrumb"},"inLanguage":"en-US","potentialAction":[{"@type":"ReadAction","target":["https:\/\/patinexclusivo.com\/index.php\/product\/patines-en-linea-flying-eagle-b6-hero\/"]}]},{"@type":"BreadcrumbList","@id":"https:\/\/patinexclusivo.com\/index.php\/product\/patines-en-linea-flying-eagle-b6-hero\/#breadcrumb","itemListElement":[{"@type":"ListItem","position":1,"name":"Inicio","item":"https:\/\/patinexclusivo.com\/"},{"@type":"ListItem","position":2,"name":"Shop","item":"https:\/\/patinexclusivo.com\/index.php\/shop\/"},{"@type":"ListItem","position":3,"name":"Patines en l\u00ednea Flying Eagle B6 Hero Rn"}]},{"@type":"WebSite","@id":"https:\/\/patinexclusivo.com\/#website","url":"https:\/\/patinexclusivo.com\/","name":"Pat\u00edn Exclusivo","description":"\ud83d\udefc Rollers SLP: Tu destino #1 para patines en San Luis Potos\u00ed! Encuentra los mejores estilos y marcas \ud83c\udf1f, consejos de expertos \ud83d\udcda y accesorios para patinaje. \u00a1Vis\u00edtanos y rueda con estilo! \ud83c\udf08\u2728","publisher":{"@id":"https:\/\/patinexclusivo.com\/#organization"},"potentialAction":[{"@type":"SearchAction","target":{"@type":"EntryPoint","urlTemplate":"https:\/\/patinexclusivo.com\/?s={search_term_string}"},"query-input":"required name=search_term_string"}],"inLanguage":"en-US"},{"@type":"Organization","@id":"https:\/\/patinexclusivo.com\/#organization","name":"Pat\u00edn Exclusivo","url":"https:\/\/patinexclusivo.com\/","logo":{"@type":"ImageObject","inLanguage":"en-US","@id":"https:\/\/patinexclusivo.com\/#\/schema\/logo\/image\/","url":"https:\/\/patinexclusivo.com\/wp-content\/uploads\/2025\/01\/cropped-cropped-WhatsApp-Image-2025-01-29-at-7.00.40-PM.jpeg","contentUrl":"https:\/\/patinexclusivo.com\/wp-content\/uploads\/2025\/01\/cropped-cropped-WhatsApp-Image-2025-01-29-at-7.00.40-PM.jpeg","width":583,"height":568,"caption":"Pat\u00edn Exclusivo"},"image":{"@id":"https:\/\/patinexclusivo.com\/#\/schema\/logo\/image\/"}}]}},"_links":{"self":[{"href":"https:\/\/patinexclusivo.com\/index.php\/wp-json\/wp\/v2\/product\/1634"}],"collection":[{"href":"https:\/\/patinexclusivo.com\/index.php\/wp-json\/wp\/v2\/product"}],"about":[{"href":"https:\/\/patinexclusivo.com\/index.php\/wp-json\/wp\/v2\/types\/product"}],"replies":[{"embeddable":true,"href":"https:\/\/patinexclusivo.com\/index.php\/wp-json\/wp\/v2\/comments?post=1634"}],"version-history":[{"count":2,"href":"https:\/\/patinexclusivo.com\/index.php\/wp-json\/wp\/v2\/product\/1634\/revisions"}],"predecessor-version":[{"id":1659,"href":"https:\/\/patinexclusivo.com\/index.php\/wp-json\/wp\/v2\/product\/1634\/revisions\/1659"}],"wp:featuredmedia":[{"embeddable":true,"href":"https:\/\/patinexclusivo.com\/index.php\/wp-json\/wp\/v2\/media\/1635"}],"wp:attachment":[{"href":"https:\/\/patinexclusivo.com\/index.php\/wp-json\/wp\/v2\/media?parent=1634"}],"wp:term":[{"taxonomy":"product_cat","embeddable":true,"href":"https:\/\/patinexclusivo.com\/index.php\/wp-json\/wp\/v2\/product_cat?post=1634"},{"taxonomy":"product_tag","embeddable":true,"href":"https:\/\/patinexclusivo.com\/index.php\/wp-json\/wp\/v2\/product_tag?post=1634"}],"curies":[{"name":"wp","href":"https:\/\/api.w.org\/{rel}","templated":true}]}}