{"id":1677,"date":"2024-09-18T23:20:00","date_gmt":"2024-09-18T23:20:00","guid":{"rendered":"https:\/\/patinexclusivo.com\/?post_type=product&#038;p=1677"},"modified":"2024-09-18T23:20:01","modified_gmt":"2024-09-18T23:20:01","slug":"patines-en-linea-rollerblade-crossfire-unisex-rn","status":"publish","type":"product","link":"https:\/\/patinexclusivo.com\/index.php\/product\/patines-en-linea-rollerblade-crossfire-unisex-rn\/","title":{"rendered":"Patines en l\u00ednea Rollerblade Crossfire &#8211; Unisex Rn"},"content":{"rendered":"<table class=\"feature-table\">\n<tbody>\n<tr>\n<td><span><span style=\"vertical-align: inherit;\"><span style=\"vertical-align: inherit;\">Estilo de patinaje:<\/span><\/span><\/span><\/td>\n<td class=\"feature-table__value\"><span><span style=\"vertical-align: inherit;\"><span style=\"vertical-align: inherit;\">Slalom<\/span><\/span><\/span><\/td>\n<\/tr>\n<tr>\n<td><span><span style=\"vertical-align: inherit;\"><span style=\"vertical-align: inherit;\">Tipo de pat\u00edn:<\/span><\/span><\/span><\/td>\n<td class=\"feature-table__value\"><span><span style=\"vertical-align: inherit;\"><span style=\"vertical-align: inherit;\">Patines de 4 ruedas, botas r\u00edgidas<\/span><\/span><\/span><\/td>\n<\/tr>\n<tr>\n<td><span><span style=\"vertical-align: inherit;\"><span style=\"vertical-align: inherit;\">Material de la bota:<\/span><\/span><\/span><\/td>\n<td class=\"feature-table__value\"><span><span style=\"vertical-align: inherit;\"><span style=\"vertical-align: inherit;\">Fibra de carbono<\/span><\/span><\/span><\/td>\n<\/tr>\n<tr>\n<td><span><span style=\"vertical-align: inherit;\"><span style=\"vertical-align: inherit;\">Cordones:<\/span><\/span><\/span><\/td>\n<td class=\"feature-table__value\"><span><span style=\"vertical-align: inherit;\"><span style=\"vertical-align: inherit;\">Est\u00e1ndar<\/span><\/span><\/span><\/td>\n<\/tr>\n<tr>\n<td><span><span style=\"vertical-align: inherit;\"><span style=\"vertical-align: inherit;\">Transatl\u00e1ntico:<\/span><\/span><\/span><\/td>\n<td class=\"feature-table__value\"><span><span style=\"vertical-align: inherit;\"><span style=\"vertical-align: inherit;\">Integrado<\/span><\/span><\/span><\/td>\n<\/tr>\n<tr>\n<td><span><span style=\"vertical-align: inherit;\"><span style=\"vertical-align: inherit;\">Almohadilla amortiguadora:<\/span><\/span><\/span><\/td>\n<td class=\"feature-table__value\"><span><span style=\"vertical-align: inherit;\"><span style=\"vertical-align: inherit;\">Si<\/span><\/span><\/span><\/td>\n<\/tr>\n<tr>\n<td><span><span style=\"vertical-align: inherit;\"><span style=\"vertical-align: inherit;\">Marca del marco:<\/span><\/span><\/span><\/td>\n<td class=\"feature-table__value\"><span><span style=\"vertical-align: inherit;\"><span style=\"vertical-align: inherit;\">Patinaje sobre ruedas<\/span><\/span><\/span><\/td>\n<\/tr>\n<tr>\n<td><span><span style=\"vertical-align: inherit;\"><span style=\"vertical-align: inherit;\">Montaje del marco:<\/span><\/span><\/span><\/td>\n<td class=\"feature-table__value\"><span><span style=\"vertical-align: inherit;\"><span style=\"vertical-align: inherit;\">Cl\u00e1sico (montaje 165)<\/span><\/span><\/span><\/td>\n<\/tr>\n<tr>\n<td><span><span style=\"vertical-align: inherit;\"><span style=\"vertical-align: inherit;\">Material del marco:<\/span><\/span><\/span><\/td>\n<td class=\"feature-table__value\"><span><span style=\"vertical-align: inherit;\"><span style=\"vertical-align: inherit;\">Aluminio<\/span><\/span><\/span><\/td>\n<\/tr>\n<tr>\n<td><span><span style=\"vertical-align: inherit;\"><span style=\"vertical-align: inherit;\">Longitud del marco:<\/span><\/span><\/span><\/td>\n<td class=\"feature-table__value\"><span><span style=\"vertical-align: inherit;\"><span style=\"vertical-align: inherit;\">231 mil\u00edmetros, 243 mil\u00edmetros<\/span><\/span><\/span><\/td>\n<\/tr>\n<tr>\n<td><span><span style=\"vertical-align: inherit;\"><span style=\"vertical-align: inherit;\">Balanc\u00edn de cuadro:<\/span><\/span><\/span><\/td>\n<td class=\"feature-table__value\"><span><span style=\"vertical-align: inherit;\"><span style=\"vertical-align: inherit;\">Ejes oscilantes<\/span><\/span><\/span><\/td>\n<\/tr>\n<tr>\n<td><span><span style=\"vertical-align: inherit;\"><span style=\"vertical-align: inherit;\">Ejes:<\/span><\/span><\/span><\/td>\n<td class=\"feature-table__value\"><span><span style=\"vertical-align: inherit;\"><span style=\"vertical-align: inherit;\">Basculante de 8 mm<\/span><\/span><\/span><\/td>\n<\/tr>\n<tr>\n<td><span><span style=\"vertical-align: inherit;\"><span style=\"vertical-align: inherit;\">Marca de la rueda:<\/span><\/span><\/span><\/td>\n<td class=\"feature-table__value\"><span><span style=\"vertical-align: inherit;\"><span style=\"vertical-align: inherit;\">Patines en l\u00ednea Hydrogen<\/span><\/span><\/span><\/td>\n<\/tr>\n<tr>\n<td><span><span style=\"vertical-align: inherit;\"><span style=\"vertical-align: inherit;\">Tama\u00f1o de la rueda:<\/span><\/span><\/span><\/td>\n<td class=\"feature-table__value\"><span><span style=\"vertical-align: inherit;\"><span style=\"vertical-align: inherit;\">76mm, 80mm<\/span><\/span><\/span><\/td>\n<\/tr>\n<tr>\n<td><span><span style=\"vertical-align: inherit;\"><span style=\"vertical-align: inherit;\">Dureza de la rueda:<\/span><\/span><\/span><\/td>\n<td class=\"feature-table__value\"><span><span style=\"vertical-align: inherit;\"><span style=\"vertical-align: inherit;\">85a<\/span><\/span><\/span><\/td>\n<\/tr>\n<tr>\n<td><span><span style=\"vertical-align: inherit;\"><span style=\"vertical-align: inherit;\">Perfil de la rueda:<\/span><\/span><\/span><\/td>\n<td class=\"feature-table__value\"><span><span style=\"vertical-align: inherit;\"><span style=\"vertical-align: inherit;\">Redondo<\/span><\/span><\/span><\/td>\n<\/tr>\n<tr>\n<td><span><span style=\"vertical-align: inherit;\"><span style=\"vertical-align: inherit;\">Marca de rodamientos:<\/span><\/span><\/span><\/td>\n<td class=\"feature-table__value\"><span><span style=\"vertical-align: inherit;\"><span style=\"vertical-align: inherit;\">C\u00e1mara doble<\/span><\/span><\/span><\/td>\n<\/tr>\n<tr>\n<td><span><span style=\"vertical-align: inherit;\"><span style=\"vertical-align: inherit;\">Clasificaci\u00f3n del refrigerador:<\/span><\/span><\/span><\/td>\n<td class=\"feature-table__value\"><span><span style=\"vertical-align: inherit;\"><span style=\"vertical-align: inherit;\">iLQ 9 Pro<\/span><\/span><\/span><\/td>\n<\/tr>\n<\/tbody>\n<\/table>\n<p><span style=\"vertical-align: inherit;\"><span style=\"vertical-align: inherit;\">Talla 24.5cm, 25cm, 25.5cm, 26.5cm, 27cm, 27.5cm, 28cm, 28.5cm, 29.5cm\u00a0<\/span><\/span><\/p>\n","protected":false},"excerpt":{"rendered":"<p>SOLO SOBRE PEDIDO<\/p>\n<p class=\"p1\"><span class=\"s1\"><span>El pat\u00edn Rollerblade Crossfire es un pat\u00edn de alta gama para freestyle, slalom y cruising. Fabricado con fibra de carbono, el pat\u00edn es tan preciso como sus competidores a un precio favorable.\u00a0<\/span><\/p>\n<p><\/span><span>El alto rendimiento del pat\u00edn lo hace muy funcional para el uso diario, ya que la fibra de carbono genera toneladas de transferencia de energ\u00eda. La estructura c\u00f3moda pero r\u00edgida satisface las demandas de los terrenos m\u00e1s dif\u00edciles y es la combinaci\u00f3n perfecta de capacidad de respuesta junto con control.<\/span><\/p>\n<p><span>La plantilla PSI+ mejora la comodidad con su estabilizador de tal\u00f3n din\u00e1mico que ayuda a minimizar la fatiga del pie para una comodidad durante todo el d\u00eda. Esto combina bien con las ruedas Hydrogen premium que se encuentran debajo para una sensaci\u00f3n total de control y facilidad sobre los patines.\u00a0<\/span><\/p>\n<p><span>Una caracter\u00edstica clave del Crossfire son los ejes del marco delantero y trasero abatibles. Esto significa que las ruedas tienen dos configuraciones: rocker o planas. \u00bfQuieres pasar de un pat\u00edn plano a uno plano? \u00bfC\u00f3mo configurar los conos? Gira los ejes 180\u00a0\u00b0\u00a0y tendr\u00e1s un rocker banana perfecto para slalom\/freestyle.\u00a0<\/span><span><\/span><span><\/span><\/p>\n<p class=\"p2\">\n<p class=\"p1\"><span class=\"s1\"><b><span>Caracter\u00edsticas<\/span><br \/>\n<\/b><\/span><span>&#8211; Patines urbanos\/de ciudad\/freestyle\/slalom con capacidad de respuesta<\/span><br \/>\n<span>&#8211; Ajuste seguro y con sujeci\u00f3n, ca\u00f1a inclinada que permite una alineaci\u00f3n personalizada, leng\u00fceta anat\u00f3mica y forro con amplio acolchado, plantilla PSI+<\/span><br \/>\n<span>&#8211; Hebilla de ca\u00f1a, hebilla microajustable de 45, cordones y correa para la puntera que proporcionan toda la comodidad y el ajuste necesarios<\/span><br \/>\n<span>&#8211; El marco de 243 mm (231 mm 36-40) mejora el control y la transferencia de potencia<\/span><br \/>\n<span>&#8211; Las ruedas delanteras y traseras basculantes tambi\u00e9n se pueden bascular para realizar giros r\u00e1pidos y una maniobrabilidad adicional. Los frenos no est\u00e1n incluidos<\/span><br \/>\n<span>&#8211; Ruedas de 80 mm\/85 A (76 mm 36-40) con f\u00f3rmula patentada de uretano; los cojinetes Twincam ILQ-9 Classic Plus maximizan la velocidad\u00a0<\/span><\/p>\n<p><strong>Consejo sobre la talla: \u00a0este pat\u00edn se ajusta al tama\u00f1o real.<\/strong><\/p>\n","protected":false},"featured_media":1679,"comment_status":"open","ping_status":"closed","template":"","meta":{"rop_custom_images_group":[],"rop_custom_messages_group":[],"rop_publish_now":"initial","rop_publish_now_accounts":[],"rop_publish_now_history":[],"rop_publish_now_status":"pending"},"product_cat":[21,34],"product_tag":[],"class_list":{"0":"post-1677","1":"product","2":"type-product","3":"status-publish","4":"has-post-thumbnail","6":"product_cat-best-seller","7":"product_cat-freeskate","8":"post","10":"first","11":"instock","12":"shipping-taxable","13":"purchasable","14":"product-type-simple"},"yoast_head":"<!-- This site is optimized with the Yoast SEO plugin v21.9.1 - https:\/\/yoast.com\/wordpress\/plugins\/seo\/ -->\n<title>Patines en l\u00ednea Rollerblade Crossfire - Unisex Rn - Pat\u00edn Exclusivo<\/title>\n<meta name=\"robots\" content=\"index, follow, max-snippet:-1, max-image-preview:large, max-video-preview:-1\" \/>\n<link rel=\"canonical\" href=\"https:\/\/patinexclusivo.com\/index.php\/product\/patines-en-linea-rollerblade-crossfire-unisex-rn\/\" \/>\n<meta property=\"og:locale\" content=\"en_US\" \/>\n<meta property=\"og:type\" content=\"article\" \/>\n<meta property=\"og:title\" content=\"Patines en l\u00ednea Rollerblade Crossfire - Unisex Rn - Pat\u00edn Exclusivo\" \/>\n<meta property=\"og:description\" content=\"SOLO SOBRE PEDIDO El pat\u00edn Rollerblade Crossfire es un pat\u00edn de alta gama para freestyle, slalom y cruising. Fabricado con fibra de carbono, el pat\u00edn es tan preciso como sus competidores a un precio favorable.\u00a0  El alto rendimiento del pat\u00edn lo hace muy funcional para el uso diario, ya que la fibra de carbono genera toneladas de transferencia de energ\u00eda. La estructura c\u00f3moda pero r\u00edgida satisface las demandas de los terrenos m\u00e1s dif\u00edciles y es la combinaci\u00f3n perfecta de capacidad de respuesta junto con control.  La plantilla PSI+ mejora la comodidad con su estabilizador de tal\u00f3n din\u00e1mico que ayuda a minimizar la fatiga del pie para una comodidad durante todo el d\u00eda. Esto combina bien con las ruedas Hydrogen premium que se encuentran debajo para una sensaci\u00f3n total de control y facilidad sobre los patines.\u00a0  Una caracter\u00edstica clave del Crossfire son los ejes del marco delantero y trasero abatibles. Esto significa que las ruedas tienen dos configuraciones: rocker o planas. \u00bfQuieres pasar de un pat\u00edn plano a uno plano? \u00bfC\u00f3mo configurar los conos? Gira los ejes 180\u00a0\u00b0\u00a0y tendr\u00e1s un rocker banana perfecto para slalom\/freestyle.\u00a0  Caracter\u00edsticas - Patines urbanos\/de ciudad\/freestyle\/slalom con capacidad de respuesta - Ajuste seguro y con sujeci\u00f3n, ca\u00f1a inclinada que permite una alineaci\u00f3n personalizada, leng\u00fceta anat\u00f3mica y forro con amplio acolchado, plantilla PSI+ - Hebilla de ca\u00f1a, hebilla microajustable de 45, cordones y correa para la puntera que proporcionan toda la comodidad y el ajuste necesarios - El marco de 243 mm (231 mm 36-40) mejora el control y la transferencia de potencia - Las ruedas delanteras y traseras basculantes tambi\u00e9n se pueden bascular para realizar giros r\u00e1pidos y una maniobrabilidad adicional. Los frenos no est\u00e1n incluidos - Ruedas de 80 mm\/85 A (76 mm 36-40) con f\u00f3rmula patentada de uretano; los cojinetes Twincam ILQ-9 Classic Plus maximizan la velocidad\u00a0 Consejo sobre la talla: \u00a0este pat\u00edn se ajusta al tama\u00f1o real.\" \/>\n<meta property=\"og:url\" content=\"https:\/\/patinexclusivo.com\/index.php\/product\/patines-en-linea-rollerblade-crossfire-unisex-rn\/\" \/>\n<meta property=\"og:site_name\" content=\"Pat\u00edn Exclusivo\" \/>\n<meta property=\"article:modified_time\" content=\"2024-09-18T23:20:01+00:00\" \/>\n<meta property=\"og:image\" content=\"https:\/\/patinexclusivo.com\/wp-content\/uploads\/2024\/09\/Rollerbalde-Crossfire.webp\" \/>\n\t<meta property=\"og:image:width\" content=\"823\" \/>\n\t<meta property=\"og:image:height\" content=\"823\" \/>\n\t<meta property=\"og:image:type\" content=\"image\/webp\" \/>\n<meta name=\"twitter:card\" content=\"summary_large_image\" \/>\n<meta name=\"twitter:label1\" content=\"Est. reading time\" \/>\n\t<meta name=\"twitter:data1\" content=\"1 minute\" \/>\n<script type=\"application\/ld+json\" class=\"yoast-schema-graph\">{\"@context\":\"https:\/\/schema.org\",\"@graph\":[{\"@type\":\"WebPage\",\"@id\":\"https:\/\/patinexclusivo.com\/index.php\/product\/patines-en-linea-rollerblade-crossfire-unisex-rn\/\",\"url\":\"https:\/\/patinexclusivo.com\/index.php\/product\/patines-en-linea-rollerblade-crossfire-unisex-rn\/\",\"name\":\"Patines en l\u00ednea Rollerblade Crossfire - Unisex Rn - Pat\u00edn Exclusivo\",\"isPartOf\":{\"@id\":\"https:\/\/patinexclusivo.com\/#website\"},\"datePublished\":\"2024-09-18T23:20:00+00:00\",\"dateModified\":\"2024-09-18T23:20:01+00:00\",\"breadcrumb\":{\"@id\":\"https:\/\/patinexclusivo.com\/index.php\/product\/patines-en-linea-rollerblade-crossfire-unisex-rn\/#breadcrumb\"},\"inLanguage\":\"en-US\",\"potentialAction\":[{\"@type\":\"ReadAction\",\"target\":[\"https:\/\/patinexclusivo.com\/index.php\/product\/patines-en-linea-rollerblade-crossfire-unisex-rn\/\"]}]},{\"@type\":\"BreadcrumbList\",\"@id\":\"https:\/\/patinexclusivo.com\/index.php\/product\/patines-en-linea-rollerblade-crossfire-unisex-rn\/#breadcrumb\",\"itemListElement\":[{\"@type\":\"ListItem\",\"position\":1,\"name\":\"Inicio\",\"item\":\"https:\/\/patinexclusivo.com\/\"},{\"@type\":\"ListItem\",\"position\":2,\"name\":\"Shop\",\"item\":\"https:\/\/patinexclusivo.com\/index.php\/shop\/\"},{\"@type\":\"ListItem\",\"position\":3,\"name\":\"Patines en l\u00ednea Rollerblade Crossfire &#8211; Unisex Rn\"}]},{\"@type\":\"WebSite\",\"@id\":\"https:\/\/patinexclusivo.com\/#website\",\"url\":\"https:\/\/patinexclusivo.com\/\",\"name\":\"Pat\u00edn Exclusivo\",\"description\":\"\ud83d\udefc Rollers SLP: Tu destino #1 para patines en San Luis Potos\u00ed! Encuentra los mejores estilos y marcas \ud83c\udf1f, consejos de expertos \ud83d\udcda y accesorios para patinaje. \u00a1Vis\u00edtanos y rueda con estilo! \ud83c\udf08\u2728\",\"publisher\":{\"@id\":\"https:\/\/patinexclusivo.com\/#organization\"},\"potentialAction\":[{\"@type\":\"SearchAction\",\"target\":{\"@type\":\"EntryPoint\",\"urlTemplate\":\"https:\/\/patinexclusivo.com\/?s={search_term_string}\"},\"query-input\":\"required name=search_term_string\"}],\"inLanguage\":\"en-US\"},{\"@type\":\"Organization\",\"@id\":\"https:\/\/patinexclusivo.com\/#organization\",\"name\":\"Pat\u00edn Exclusivo\",\"url\":\"https:\/\/patinexclusivo.com\/\",\"logo\":{\"@type\":\"ImageObject\",\"inLanguage\":\"en-US\",\"@id\":\"https:\/\/patinexclusivo.com\/#\/schema\/logo\/image\/\",\"url\":\"https:\/\/patinexclusivo.com\/wp-content\/uploads\/2025\/01\/cropped-cropped-WhatsApp-Image-2025-01-29-at-7.00.40-PM.jpeg\",\"contentUrl\":\"https:\/\/patinexclusivo.com\/wp-content\/uploads\/2025\/01\/cropped-cropped-WhatsApp-Image-2025-01-29-at-7.00.40-PM.jpeg\",\"width\":583,\"height\":568,\"caption\":\"Pat\u00edn Exclusivo\"},\"image\":{\"@id\":\"https:\/\/patinexclusivo.com\/#\/schema\/logo\/image\/\"}}]}<\/script>\n<!-- \/ Yoast SEO plugin. -->","yoast_head_json":{"title":"Patines en l\u00ednea Rollerblade Crossfire - Unisex Rn - Pat\u00edn Exclusivo","robots":{"index":"index","follow":"follow","max-snippet":"max-snippet:-1","max-image-preview":"max-image-preview:large","max-video-preview":"max-video-preview:-1"},"canonical":"https:\/\/patinexclusivo.com\/index.php\/product\/patines-en-linea-rollerblade-crossfire-unisex-rn\/","og_locale":"en_US","og_type":"article","og_title":"Patines en l\u00ednea Rollerblade Crossfire - Unisex Rn - Pat\u00edn Exclusivo","og_description":"SOLO SOBRE PEDIDO El pat\u00edn Rollerblade Crossfire es un pat\u00edn de alta gama para freestyle, slalom y cruising. Fabricado con fibra de carbono, el pat\u00edn es tan preciso como sus competidores a un precio favorable.\u00a0  El alto rendimiento del pat\u00edn lo hace muy funcional para el uso diario, ya que la fibra de carbono genera toneladas de transferencia de energ\u00eda. La estructura c\u00f3moda pero r\u00edgida satisface las demandas de los terrenos m\u00e1s dif\u00edciles y es la combinaci\u00f3n perfecta de capacidad de respuesta junto con control.  La plantilla PSI+ mejora la comodidad con su estabilizador de tal\u00f3n din\u00e1mico que ayuda a minimizar la fatiga del pie para una comodidad durante todo el d\u00eda. Esto combina bien con las ruedas Hydrogen premium que se encuentran debajo para una sensaci\u00f3n total de control y facilidad sobre los patines.\u00a0  Una caracter\u00edstica clave del Crossfire son los ejes del marco delantero y trasero abatibles. Esto significa que las ruedas tienen dos configuraciones: rocker o planas. \u00bfQuieres pasar de un pat\u00edn plano a uno plano? \u00bfC\u00f3mo configurar los conos? Gira los ejes 180\u00a0\u00b0\u00a0y tendr\u00e1s un rocker banana perfecto para slalom\/freestyle.\u00a0  Caracter\u00edsticas - Patines urbanos\/de ciudad\/freestyle\/slalom con capacidad de respuesta - Ajuste seguro y con sujeci\u00f3n, ca\u00f1a inclinada que permite una alineaci\u00f3n personalizada, leng\u00fceta anat\u00f3mica y forro con amplio acolchado, plantilla PSI+ - Hebilla de ca\u00f1a, hebilla microajustable de 45, cordones y correa para la puntera que proporcionan toda la comodidad y el ajuste necesarios - El marco de 243 mm (231 mm 36-40) mejora el control y la transferencia de potencia - Las ruedas delanteras y traseras basculantes tambi\u00e9n se pueden bascular para realizar giros r\u00e1pidos y una maniobrabilidad adicional. Los frenos no est\u00e1n incluidos - Ruedas de 80 mm\/85 A (76 mm 36-40) con f\u00f3rmula patentada de uretano; los cojinetes Twincam ILQ-9 Classic Plus maximizan la velocidad\u00a0 Consejo sobre la talla: \u00a0este pat\u00edn se ajusta al tama\u00f1o real.","og_url":"https:\/\/patinexclusivo.com\/index.php\/product\/patines-en-linea-rollerblade-crossfire-unisex-rn\/","og_site_name":"Pat\u00edn Exclusivo","article_modified_time":"2024-09-18T23:20:01+00:00","og_image":[{"width":823,"height":823,"url":"https:\/\/patinexclusivo.com\/wp-content\/uploads\/2024\/09\/Rollerbalde-Crossfire.webp","type":"image\/webp"}],"twitter_card":"summary_large_image","twitter_misc":{"Est. reading time":"1 minute"},"schema":{"@context":"https:\/\/schema.org","@graph":[{"@type":"WebPage","@id":"https:\/\/patinexclusivo.com\/index.php\/product\/patines-en-linea-rollerblade-crossfire-unisex-rn\/","url":"https:\/\/patinexclusivo.com\/index.php\/product\/patines-en-linea-rollerblade-crossfire-unisex-rn\/","name":"Patines en l\u00ednea Rollerblade Crossfire - Unisex Rn - Pat\u00edn Exclusivo","isPartOf":{"@id":"https:\/\/patinexclusivo.com\/#website"},"datePublished":"2024-09-18T23:20:00+00:00","dateModified":"2024-09-18T23:20:01+00:00","breadcrumb":{"@id":"https:\/\/patinexclusivo.com\/index.php\/product\/patines-en-linea-rollerblade-crossfire-unisex-rn\/#breadcrumb"},"inLanguage":"en-US","potentialAction":[{"@type":"ReadAction","target":["https:\/\/patinexclusivo.com\/index.php\/product\/patines-en-linea-rollerblade-crossfire-unisex-rn\/"]}]},{"@type":"BreadcrumbList","@id":"https:\/\/patinexclusivo.com\/index.php\/product\/patines-en-linea-rollerblade-crossfire-unisex-rn\/#breadcrumb","itemListElement":[{"@type":"ListItem","position":1,"name":"Inicio","item":"https:\/\/patinexclusivo.com\/"},{"@type":"ListItem","position":2,"name":"Shop","item":"https:\/\/patinexclusivo.com\/index.php\/shop\/"},{"@type":"ListItem","position":3,"name":"Patines en l\u00ednea Rollerblade Crossfire &#8211; Unisex Rn"}]},{"@type":"WebSite","@id":"https:\/\/patinexclusivo.com\/#website","url":"https:\/\/patinexclusivo.com\/","name":"Pat\u00edn Exclusivo","description":"\ud83d\udefc Rollers SLP: Tu destino #1 para patines en San Luis Potos\u00ed! Encuentra los mejores estilos y marcas \ud83c\udf1f, consejos de expertos \ud83d\udcda y accesorios para patinaje. \u00a1Vis\u00edtanos y rueda con estilo! \ud83c\udf08\u2728","publisher":{"@id":"https:\/\/patinexclusivo.com\/#organization"},"potentialAction":[{"@type":"SearchAction","target":{"@type":"EntryPoint","urlTemplate":"https:\/\/patinexclusivo.com\/?s={search_term_string}"},"query-input":"required name=search_term_string"}],"inLanguage":"en-US"},{"@type":"Organization","@id":"https:\/\/patinexclusivo.com\/#organization","name":"Pat\u00edn Exclusivo","url":"https:\/\/patinexclusivo.com\/","logo":{"@type":"ImageObject","inLanguage":"en-US","@id":"https:\/\/patinexclusivo.com\/#\/schema\/logo\/image\/","url":"https:\/\/patinexclusivo.com\/wp-content\/uploads\/2025\/01\/cropped-cropped-WhatsApp-Image-2025-01-29-at-7.00.40-PM.jpeg","contentUrl":"https:\/\/patinexclusivo.com\/wp-content\/uploads\/2025\/01\/cropped-cropped-WhatsApp-Image-2025-01-29-at-7.00.40-PM.jpeg","width":583,"height":568,"caption":"Pat\u00edn Exclusivo"},"image":{"@id":"https:\/\/patinexclusivo.com\/#\/schema\/logo\/image\/"}}]}},"_links":{"self":[{"href":"https:\/\/patinexclusivo.com\/index.php\/wp-json\/wp\/v2\/product\/1677"}],"collection":[{"href":"https:\/\/patinexclusivo.com\/index.php\/wp-json\/wp\/v2\/product"}],"about":[{"href":"https:\/\/patinexclusivo.com\/index.php\/wp-json\/wp\/v2\/types\/product"}],"replies":[{"embeddable":true,"href":"https:\/\/patinexclusivo.com\/index.php\/wp-json\/wp\/v2\/comments?post=1677"}],"version-history":[{"count":2,"href":"https:\/\/patinexclusivo.com\/index.php\/wp-json\/wp\/v2\/product\/1677\/revisions"}],"predecessor-version":[{"id":1680,"href":"https:\/\/patinexclusivo.com\/index.php\/wp-json\/wp\/v2\/product\/1677\/revisions\/1680"}],"wp:featuredmedia":[{"embeddable":true,"href":"https:\/\/patinexclusivo.com\/index.php\/wp-json\/wp\/v2\/media\/1679"}],"wp:attachment":[{"href":"https:\/\/patinexclusivo.com\/index.php\/wp-json\/wp\/v2\/media?parent=1677"}],"wp:term":[{"taxonomy":"product_cat","embeddable":true,"href":"https:\/\/patinexclusivo.com\/index.php\/wp-json\/wp\/v2\/product_cat?post=1677"},{"taxonomy":"product_tag","embeddable":true,"href":"https:\/\/patinexclusivo.com\/index.php\/wp-json\/wp\/v2\/product_tag?post=1677"}],"curies":[{"name":"wp","href":"https:\/\/api.w.org\/{rel}","templated":true}]}}