{"id":1704,"date":"2024-09-19T19:08:28","date_gmt":"2024-09-19T19:08:28","guid":{"rendered":"https:\/\/patinexclusivo.com\/?post_type=product&#038;p=1704"},"modified":"2024-09-19T19:08:29","modified_gmt":"2024-09-19T19:08:29","slug":"patines-en-linea-k2-trio-lt-100-para-hombre-negro-naranja-rn","status":"publish","type":"product","link":"https:\/\/patinexclusivo.com\/index.php\/product\/patines-en-linea-k2-trio-lt-100-para-hombre-negro-naranja-rn\/","title":{"rendered":"Patines en l\u00ednea K2 Trio LT 100 para hombre (negro\/naranja) Rn"},"content":{"rendered":"<p>&nbsp;<\/p>\n<table class=\"feature-table\">\n<tbody>\n<tr>\n<td><span>Estilo de patinaje:<\/span><\/td>\n<td class=\"feature-table__value\"><span>Fitness, Larga distancia<\/span><\/td>\n<\/tr>\n<tr>\n<td><span>Tipo de pat\u00edn:<\/span><\/td>\n<td class=\"feature-table__value\"><span>Patines de 3 ruedas, bota blanda<\/span><\/td>\n<\/tr>\n<tr>\n<td><span>Material de la bota:<\/span><\/td>\n<td class=\"feature-table__value\"><span>Parte superior textil<\/span><\/td>\n<\/tr>\n<tr>\n<td><span>Cordones:<\/span><\/td>\n<td class=\"feature-table__value\"><span>Cordones r\u00e1pidos (no es necesario atarlos)<\/span><\/td>\n<\/tr>\n<tr>\n<td><span>Transatl\u00e1ntico:<\/span><\/td>\n<td class=\"feature-table__value\"><span>Integrado<\/span><\/td>\n<\/tr>\n<tr>\n<td><span>Almohadilla amortiguadora:<\/span><\/td>\n<td class=\"feature-table__value\"><span>No<\/span><\/td>\n<\/tr>\n<tr>\n<td><span>Marca del marco:<\/span><\/td>\n<td class=\"feature-table__value\"><span>K2<\/span><\/td>\n<\/tr>\n<tr>\n<td><span>Montaje del marco:<\/span><\/td>\n<td class=\"feature-table__value\"><span>Marcos fijos<\/span><\/td>\n<\/tr>\n<tr>\n<td><span>Material del marco:<\/span><\/td>\n<td class=\"feature-table__value\"><span>Pl\u00e1stico<\/span><\/td>\n<\/tr>\n<tr>\n<td><span>Balanc\u00edn de cuadro:<\/span><\/td>\n<td class=\"feature-table__value\"><span>Plano (sin balanc\u00edn)<\/span><\/td>\n<\/tr>\n<tr>\n<td><span>Ejes:<\/span><\/td>\n<td class=\"feature-table__value\"><span>Est\u00e1ndar de 6 mm (macho\/hembra)<\/span><\/td>\n<\/tr>\n<tr>\n<td><span>Marca de la rueda:<\/span><\/td>\n<td class=\"feature-table__value\"><span>K2<\/span><\/td>\n<\/tr>\n<tr>\n<td><span>Tama\u00f1o de la rueda:<\/span><\/td>\n<td class=\"feature-table__value\"><span>100 mm<\/span><\/td>\n<\/tr>\n<tr>\n<td><span>Dureza de la rueda:<\/span><\/td>\n<td class=\"feature-table__value\"><span>88a<\/span><\/td>\n<\/tr>\n<tr>\n<td><span>Perfil de la rueda:<\/span><\/td>\n<td class=\"feature-table__value\"><span>Redondo<\/span><\/td>\n<\/tr>\n<tr>\n<td><span>Marca de rodamientos:<\/span><\/td>\n<td class=\"feature-table__value\"><span>C\u00e1mara doble<\/span><\/td>\n<\/tr>\n<tr>\n<td><span>Clasificaci\u00f3n del rodamiento:<\/span><\/td>\n<td class=\"feature-table__value\"><span>7 de iLQ<\/span><\/td>\n<\/tr>\n<tr>\n<td><span>Freno incluido :<\/span><\/td>\n<td class=\"feature-table__value\"><span>S\u00ed<\/span><\/td>\n<\/tr>\n<\/tbody>\n<\/table>\n<p>Talla 26cm, 26.5cm, 27cm, 28cm, 28.5cm, 29.5cm, 29.5cm, 30.3cm<\/p>\n","protected":false},"excerpt":{"rendered":"<p>SOLO SOBRE PEDIDO<\/p>\n<p><span>K2 ha puesto el list\u00f3n muy alto en cuanto a patines para el d\u00eda a d\u00eda, con facilidad y comodidad. Los patines K2 Trio LT 100 M no son una excepci\u00f3n.<\/span><\/p>\n<p><span>La bota blanda ventilada est\u00e1 acompa\u00f1ada de correas el\u00e1sticas f\u00e1ciles de usar que abrazan el pie. El beneficio de esto es que el pie se siente seguro sin el peso y la rigidez a\u00f1adidos por una carcasa exterior de pl\u00e1stico. Adem\u00e1s, la ca\u00f1a urbana proporciona soporte para el tobillo, lo que garantiza que el pat\u00edn funcione correctamente y ofrezca un rendimiento \u00f3ptimo.<\/span><\/p>\n<p><span>Las ruedas de 100 mm combinadas con excelentes cojinetes producen una conducci\u00f3n suave y constante. La ventaja de las ruedas de 100 mm es que es m\u00e1s f\u00e1cil mantener altas velocidades en largas distancias, dando zancadas y empuj\u00e1ndose sin esfuerzo.<\/span><\/p>\n<p><span>El pat\u00edn utiliza cordones tradicionales que se pueden apretar y aflojar al gusto y completan el ajuste de este magn\u00edfico pat\u00edn de tres ruedas con estilo y delicadeza.<\/span><\/p>\n<p><em><strong><span>Consejo de tama\u00f1o:<\/span><\/strong><span>\u00a0Estos vienen en tama\u00f1o regular, por lo que generalmente puedes comprar tu talla de calzado habitual.<\/span><\/em><\/p>\n","protected":false},"featured_media":1705,"comment_status":"open","ping_status":"closed","template":"","meta":{"rop_custom_images_group":[],"rop_custom_messages_group":[],"rop_publish_now":"initial","rop_publish_now_accounts":[],"rop_publish_now_history":[],"rop_publish_now_status":"pending"},"product_cat":[34,74],"product_tag":[],"class_list":{"0":"post-1704","1":"product","2":"type-product","3":"status-publish","4":"has-post-thumbnail","6":"product_cat-freeskate","7":"product_cat-freestyle","8":"post","10":"first","11":"instock","12":"shipping-taxable","13":"purchasable","14":"product-type-simple"},"yoast_head":"<!-- This site is optimized with the Yoast SEO plugin v21.9.1 - https:\/\/yoast.com\/wordpress\/plugins\/seo\/ -->\n<title>Patines en l\u00ednea K2 Trio LT 100 para hombre (negro\/naranja) Rn - Pat\u00edn Exclusivo<\/title>\n<meta name=\"robots\" content=\"index, follow, max-snippet:-1, max-image-preview:large, max-video-preview:-1\" \/>\n<link rel=\"canonical\" href=\"https:\/\/patinexclusivo.com\/index.php\/product\/patines-en-linea-k2-trio-lt-100-para-hombre-negro-naranja-rn\/\" \/>\n<meta property=\"og:locale\" content=\"en_US\" \/>\n<meta property=\"og:type\" content=\"article\" \/>\n<meta property=\"og:title\" content=\"Patines en l\u00ednea K2 Trio LT 100 para hombre (negro\/naranja) Rn - Pat\u00edn Exclusivo\" \/>\n<meta property=\"og:description\" content=\"SOLO SOBRE PEDIDO  K2 ha puesto el list\u00f3n muy alto en cuanto a patines para el d\u00eda a d\u00eda, con facilidad y comodidad. Los patines K2 Trio LT 100 M no son una excepci\u00f3n.  La bota blanda ventilada est\u00e1 acompa\u00f1ada de correas el\u00e1sticas f\u00e1ciles de usar que abrazan el pie. El beneficio de esto es que el pie se siente seguro sin el peso y la rigidez a\u00f1adidos por una carcasa exterior de pl\u00e1stico. Adem\u00e1s, la ca\u00f1a urbana proporciona soporte para el tobillo, lo que garantiza que el pat\u00edn funcione correctamente y ofrezca un rendimiento \u00f3ptimo.  Las ruedas de 100 mm combinadas con excelentes cojinetes producen una conducci\u00f3n suave y constante. La ventaja de las ruedas de 100 mm es que es m\u00e1s f\u00e1cil mantener altas velocidades en largas distancias, dando zancadas y empuj\u00e1ndose sin esfuerzo.  El pat\u00edn utiliza cordones tradicionales que se pueden apretar y aflojar al gusto y completan el ajuste de este magn\u00edfico pat\u00edn de tres ruedas con estilo y delicadeza.  Consejo de tama\u00f1o:\u00a0Estos vienen en tama\u00f1o regular, por lo que generalmente puedes comprar tu talla de calzado habitual.\" \/>\n<meta property=\"og:url\" content=\"https:\/\/patinexclusivo.com\/index.php\/product\/patines-en-linea-k2-trio-lt-100-para-hombre-negro-naranja-rn\/\" \/>\n<meta property=\"og:site_name\" content=\"Pat\u00edn Exclusivo\" \/>\n<meta property=\"article:modified_time\" content=\"2024-09-19T19:08:29+00:00\" \/>\n<meta property=\"og:image\" content=\"https:\/\/patinexclusivo.com\/wp-content\/uploads\/2024\/09\/K2-Kinetic-80-Pro-XT-W-Skates-8.webp\" \/>\n\t<meta property=\"og:image:width\" content=\"823\" \/>\n\t<meta property=\"og:image:height\" content=\"823\" \/>\n\t<meta property=\"og:image:type\" content=\"image\/webp\" \/>\n<meta name=\"twitter:card\" content=\"summary_large_image\" \/>\n<meta name=\"twitter:label1\" content=\"Est. reading time\" \/>\n\t<meta name=\"twitter:data1\" content=\"1 minute\" \/>\n<script type=\"application\/ld+json\" class=\"yoast-schema-graph\">{\"@context\":\"https:\/\/schema.org\",\"@graph\":[{\"@type\":\"WebPage\",\"@id\":\"https:\/\/patinexclusivo.com\/index.php\/product\/patines-en-linea-k2-trio-lt-100-para-hombre-negro-naranja-rn\/\",\"url\":\"https:\/\/patinexclusivo.com\/index.php\/product\/patines-en-linea-k2-trio-lt-100-para-hombre-negro-naranja-rn\/\",\"name\":\"Patines en l\u00ednea K2 Trio LT 100 para hombre (negro\/naranja) Rn - Pat\u00edn Exclusivo\",\"isPartOf\":{\"@id\":\"https:\/\/patinexclusivo.com\/#website\"},\"datePublished\":\"2024-09-19T19:08:28+00:00\",\"dateModified\":\"2024-09-19T19:08:29+00:00\",\"breadcrumb\":{\"@id\":\"https:\/\/patinexclusivo.com\/index.php\/product\/patines-en-linea-k2-trio-lt-100-para-hombre-negro-naranja-rn\/#breadcrumb\"},\"inLanguage\":\"en-US\",\"potentialAction\":[{\"@type\":\"ReadAction\",\"target\":[\"https:\/\/patinexclusivo.com\/index.php\/product\/patines-en-linea-k2-trio-lt-100-para-hombre-negro-naranja-rn\/\"]}]},{\"@type\":\"BreadcrumbList\",\"@id\":\"https:\/\/patinexclusivo.com\/index.php\/product\/patines-en-linea-k2-trio-lt-100-para-hombre-negro-naranja-rn\/#breadcrumb\",\"itemListElement\":[{\"@type\":\"ListItem\",\"position\":1,\"name\":\"Inicio\",\"item\":\"https:\/\/patinexclusivo.com\/\"},{\"@type\":\"ListItem\",\"position\":2,\"name\":\"Shop\",\"item\":\"https:\/\/patinexclusivo.com\/index.php\/shop\/\"},{\"@type\":\"ListItem\",\"position\":3,\"name\":\"Patines en l\u00ednea K2 Trio LT 100 para hombre (negro\/naranja) Rn\"}]},{\"@type\":\"WebSite\",\"@id\":\"https:\/\/patinexclusivo.com\/#website\",\"url\":\"https:\/\/patinexclusivo.com\/\",\"name\":\"Pat\u00edn Exclusivo\",\"description\":\"\ud83d\udefc Rollers SLP: Tu destino #1 para patines en San Luis Potos\u00ed! Encuentra los mejores estilos y marcas \ud83c\udf1f, consejos de expertos \ud83d\udcda y accesorios para patinaje. \u00a1Vis\u00edtanos y rueda con estilo! \ud83c\udf08\u2728\",\"publisher\":{\"@id\":\"https:\/\/patinexclusivo.com\/#organization\"},\"potentialAction\":[{\"@type\":\"SearchAction\",\"target\":{\"@type\":\"EntryPoint\",\"urlTemplate\":\"https:\/\/patinexclusivo.com\/?s={search_term_string}\"},\"query-input\":\"required name=search_term_string\"}],\"inLanguage\":\"en-US\"},{\"@type\":\"Organization\",\"@id\":\"https:\/\/patinexclusivo.com\/#organization\",\"name\":\"Pat\u00edn Exclusivo\",\"url\":\"https:\/\/patinexclusivo.com\/\",\"logo\":{\"@type\":\"ImageObject\",\"inLanguage\":\"en-US\",\"@id\":\"https:\/\/patinexclusivo.com\/#\/schema\/logo\/image\/\",\"url\":\"https:\/\/patinexclusivo.com\/wp-content\/uploads\/2025\/01\/cropped-cropped-WhatsApp-Image-2025-01-29-at-7.00.40-PM.jpeg\",\"contentUrl\":\"https:\/\/patinexclusivo.com\/wp-content\/uploads\/2025\/01\/cropped-cropped-WhatsApp-Image-2025-01-29-at-7.00.40-PM.jpeg\",\"width\":583,\"height\":568,\"caption\":\"Pat\u00edn Exclusivo\"},\"image\":{\"@id\":\"https:\/\/patinexclusivo.com\/#\/schema\/logo\/image\/\"}}]}<\/script>\n<!-- \/ Yoast SEO plugin. -->","yoast_head_json":{"title":"Patines en l\u00ednea K2 Trio LT 100 para hombre (negro\/naranja) Rn - Pat\u00edn Exclusivo","robots":{"index":"index","follow":"follow","max-snippet":"max-snippet:-1","max-image-preview":"max-image-preview:large","max-video-preview":"max-video-preview:-1"},"canonical":"https:\/\/patinexclusivo.com\/index.php\/product\/patines-en-linea-k2-trio-lt-100-para-hombre-negro-naranja-rn\/","og_locale":"en_US","og_type":"article","og_title":"Patines en l\u00ednea K2 Trio LT 100 para hombre (negro\/naranja) Rn - Pat\u00edn Exclusivo","og_description":"SOLO SOBRE PEDIDO  K2 ha puesto el list\u00f3n muy alto en cuanto a patines para el d\u00eda a d\u00eda, con facilidad y comodidad. Los patines K2 Trio LT 100 M no son una excepci\u00f3n.  La bota blanda ventilada est\u00e1 acompa\u00f1ada de correas el\u00e1sticas f\u00e1ciles de usar que abrazan el pie. El beneficio de esto es que el pie se siente seguro sin el peso y la rigidez a\u00f1adidos por una carcasa exterior de pl\u00e1stico. Adem\u00e1s, la ca\u00f1a urbana proporciona soporte para el tobillo, lo que garantiza que el pat\u00edn funcione correctamente y ofrezca un rendimiento \u00f3ptimo.  Las ruedas de 100 mm combinadas con excelentes cojinetes producen una conducci\u00f3n suave y constante. La ventaja de las ruedas de 100 mm es que es m\u00e1s f\u00e1cil mantener altas velocidades en largas distancias, dando zancadas y empuj\u00e1ndose sin esfuerzo.  El pat\u00edn utiliza cordones tradicionales que se pueden apretar y aflojar al gusto y completan el ajuste de este magn\u00edfico pat\u00edn de tres ruedas con estilo y delicadeza.  Consejo de tama\u00f1o:\u00a0Estos vienen en tama\u00f1o regular, por lo que generalmente puedes comprar tu talla de calzado habitual.","og_url":"https:\/\/patinexclusivo.com\/index.php\/product\/patines-en-linea-k2-trio-lt-100-para-hombre-negro-naranja-rn\/","og_site_name":"Pat\u00edn Exclusivo","article_modified_time":"2024-09-19T19:08:29+00:00","og_image":[{"width":823,"height":823,"url":"https:\/\/patinexclusivo.com\/wp-content\/uploads\/2024\/09\/K2-Kinetic-80-Pro-XT-W-Skates-8.webp","type":"image\/webp"}],"twitter_card":"summary_large_image","twitter_misc":{"Est. reading time":"1 minute"},"schema":{"@context":"https:\/\/schema.org","@graph":[{"@type":"WebPage","@id":"https:\/\/patinexclusivo.com\/index.php\/product\/patines-en-linea-k2-trio-lt-100-para-hombre-negro-naranja-rn\/","url":"https:\/\/patinexclusivo.com\/index.php\/product\/patines-en-linea-k2-trio-lt-100-para-hombre-negro-naranja-rn\/","name":"Patines en l\u00ednea K2 Trio LT 100 para hombre (negro\/naranja) Rn - Pat\u00edn Exclusivo","isPartOf":{"@id":"https:\/\/patinexclusivo.com\/#website"},"datePublished":"2024-09-19T19:08:28+00:00","dateModified":"2024-09-19T19:08:29+00:00","breadcrumb":{"@id":"https:\/\/patinexclusivo.com\/index.php\/product\/patines-en-linea-k2-trio-lt-100-para-hombre-negro-naranja-rn\/#breadcrumb"},"inLanguage":"en-US","potentialAction":[{"@type":"ReadAction","target":["https:\/\/patinexclusivo.com\/index.php\/product\/patines-en-linea-k2-trio-lt-100-para-hombre-negro-naranja-rn\/"]}]},{"@type":"BreadcrumbList","@id":"https:\/\/patinexclusivo.com\/index.php\/product\/patines-en-linea-k2-trio-lt-100-para-hombre-negro-naranja-rn\/#breadcrumb","itemListElement":[{"@type":"ListItem","position":1,"name":"Inicio","item":"https:\/\/patinexclusivo.com\/"},{"@type":"ListItem","position":2,"name":"Shop","item":"https:\/\/patinexclusivo.com\/index.php\/shop\/"},{"@type":"ListItem","position":3,"name":"Patines en l\u00ednea K2 Trio LT 100 para hombre (negro\/naranja) Rn"}]},{"@type":"WebSite","@id":"https:\/\/patinexclusivo.com\/#website","url":"https:\/\/patinexclusivo.com\/","name":"Pat\u00edn Exclusivo","description":"\ud83d\udefc Rollers SLP: Tu destino #1 para patines en San Luis Potos\u00ed! Encuentra los mejores estilos y marcas \ud83c\udf1f, consejos de expertos \ud83d\udcda y accesorios para patinaje. \u00a1Vis\u00edtanos y rueda con estilo! \ud83c\udf08\u2728","publisher":{"@id":"https:\/\/patinexclusivo.com\/#organization"},"potentialAction":[{"@type":"SearchAction","target":{"@type":"EntryPoint","urlTemplate":"https:\/\/patinexclusivo.com\/?s={search_term_string}"},"query-input":"required name=search_term_string"}],"inLanguage":"en-US"},{"@type":"Organization","@id":"https:\/\/patinexclusivo.com\/#organization","name":"Pat\u00edn Exclusivo","url":"https:\/\/patinexclusivo.com\/","logo":{"@type":"ImageObject","inLanguage":"en-US","@id":"https:\/\/patinexclusivo.com\/#\/schema\/logo\/image\/","url":"https:\/\/patinexclusivo.com\/wp-content\/uploads\/2025\/01\/cropped-cropped-WhatsApp-Image-2025-01-29-at-7.00.40-PM.jpeg","contentUrl":"https:\/\/patinexclusivo.com\/wp-content\/uploads\/2025\/01\/cropped-cropped-WhatsApp-Image-2025-01-29-at-7.00.40-PM.jpeg","width":583,"height":568,"caption":"Pat\u00edn Exclusivo"},"image":{"@id":"https:\/\/patinexclusivo.com\/#\/schema\/logo\/image\/"}}]}},"_links":{"self":[{"href":"https:\/\/patinexclusivo.com\/index.php\/wp-json\/wp\/v2\/product\/1704"}],"collection":[{"href":"https:\/\/patinexclusivo.com\/index.php\/wp-json\/wp\/v2\/product"}],"about":[{"href":"https:\/\/patinexclusivo.com\/index.php\/wp-json\/wp\/v2\/types\/product"}],"replies":[{"embeddable":true,"href":"https:\/\/patinexclusivo.com\/index.php\/wp-json\/wp\/v2\/comments?post=1704"}],"version-history":[{"count":1,"href":"https:\/\/patinexclusivo.com\/index.php\/wp-json\/wp\/v2\/product\/1704\/revisions"}],"predecessor-version":[{"id":1706,"href":"https:\/\/patinexclusivo.com\/index.php\/wp-json\/wp\/v2\/product\/1704\/revisions\/1706"}],"wp:featuredmedia":[{"embeddable":true,"href":"https:\/\/patinexclusivo.com\/index.php\/wp-json\/wp\/v2\/media\/1705"}],"wp:attachment":[{"href":"https:\/\/patinexclusivo.com\/index.php\/wp-json\/wp\/v2\/media?parent=1704"}],"wp:term":[{"taxonomy":"product_cat","embeddable":true,"href":"https:\/\/patinexclusivo.com\/index.php\/wp-json\/wp\/v2\/product_cat?post=1704"},{"taxonomy":"product_tag","embeddable":true,"href":"https:\/\/patinexclusivo.com\/index.php\/wp-json\/wp\/v2\/product_tag?post=1704"}],"curies":[{"name":"wp","href":"https:\/\/api.w.org\/{rel}","templated":true}]}}