{"id":1710,"date":"2024-09-19T20:32:12","date_gmt":"2024-09-19T20:32:12","guid":{"rendered":"https:\/\/patinexclusivo.com\/?post_type=product&#038;p=1710"},"modified":"2024-09-19T20:32:13","modified_gmt":"2024-09-19T20:32:13","slug":"patines-fr1-80-deluxe-intuition-negro-unisex-version-3-rn","status":"publish","type":"product","link":"https:\/\/patinexclusivo.com\/index.php\/product\/patines-fr1-80-deluxe-intuition-negro-unisex-version-3-rn\/","title":{"rendered":"Patines FR1 80 Deluxe Intuition Negro &#8211; Unisex &#8211; Versi\u00f3n 3 Rn"},"content":{"rendered":"<table class=\"feature-table\">\n<tbody>\n<tr>\n<td><span>Estilo de patinaje:<\/span><\/td>\n<td class=\"feature-table__value\"><span>Urbano \/ Ciudad, Crucero \/ Ocio<\/span><\/td>\n<\/tr>\n<tr>\n<td><span>Tipo de pat\u00edn:<\/span><\/td>\n<td class=\"feature-table__value\"><span>Patines de 4 ruedas con bota dura<\/span><\/td>\n<\/tr>\n<tr>\n<td><span>Material de la bota:<\/span><\/td>\n<td class=\"feature-table__value\"><span>Pl\u00e1stico<\/span><\/td>\n<\/tr>\n<tr>\n<td><span>Cordones:<\/span><\/td>\n<td class=\"feature-table__value\"><span>Est\u00e1ndar<\/span><\/td>\n<\/tr>\n<tr>\n<td><span>Transatl\u00e1ntico:<\/span><\/td>\n<td class=\"feature-table__value\"><span>FR Intuici\u00f3n<\/span><\/td>\n<\/tr>\n<tr>\n<td><span>Almohadilla amortiguadora:<\/span><\/td>\n<td class=\"feature-table__value\"><span>S\u00ed<\/span><\/td>\n<\/tr>\n<tr>\n<td><span>Marca del marco:<\/span><\/td>\n<td class=\"feature-table__value\"><span>Patines FR<\/span><\/td>\n<\/tr>\n<tr>\n<td><span>Montaje del marco:<\/span><\/td>\n<td class=\"feature-table__value\"><span>Cl\u00e1sico (montura 165)<\/span><\/td>\n<\/tr>\n<tr>\n<td><span>Material del marco:<\/span><\/td>\n<td class=\"feature-table__value\"><span>Aluminio<\/span><\/td>\n<\/tr>\n<tr>\n<td><span>Longitud del marco:<\/span><\/td>\n<td class=\"feature-table__value\"><span>243 mm<\/span><\/td>\n<\/tr>\n<tr>\n<td><span>Balanc\u00edn de cuadro:<\/span><\/td>\n<td class=\"feature-table__value\"><span>Pre-Rockerado<\/span><\/td>\n<\/tr>\n<tr>\n<td><span>Ejes:<\/span><\/td>\n<td class=\"feature-table__value\"><span>Velocidad de 8 mm (un eje que se atornilla a la pared del marco)<\/span><\/td>\n<\/tr>\n<tr>\n<td><span>Marca de la rueda:<\/span><\/td>\n<td class=\"feature-table__value\"><span>Invasor de la calle II<\/span><\/td>\n<\/tr>\n<tr>\n<td><span>Tama\u00f1o de la rueda:<\/span><\/td>\n<td class=\"feature-table__value\"><span>80 mm<\/span><\/td>\n<\/tr>\n<tr>\n<td><span>Dureza de la rueda:<\/span><\/td>\n<td class=\"feature-table__value\"><span>84a<\/span><\/td>\n<\/tr>\n<tr>\n<td><span>Perfil de la rueda:<\/span><\/td>\n<td class=\"feature-table__value\"><span>Redondo<\/span><\/td>\n<\/tr>\n<tr>\n<td><span>Marca de rodamientos:<\/span><\/td>\n<td class=\"feature-table__value\"><span>C\u00e1mara doble<\/span><\/td>\n<\/tr>\n<tr>\n<td><span>Clasificaci\u00f3n del rodamiento:<\/span><\/td>\n<td class=\"feature-table__value\"><span>MW9<\/span><\/td>\n<\/tr>\n<\/tbody>\n<\/table>\n<p>Talla 25cm &#8211; 26cm, 26.5 &#8211; 27cm, 27.5 &#8211; 28cm, 28 &#8211; 28.5cm, 29.5 &#8211; 29.5cm, 31 &#8211; 32cm<\/p>\n","protected":false},"excerpt":{"rendered":"<p>SOLO SOBRE PEDIDO<\/p>\n<p><span>Los nuevos patines FR Skates FR1 80 Intuition Black &#8211; Versi\u00f3n 3. Uno de los modelos m\u00e1s comentados del mercado combinado con los revestimientos m\u00e1s comentados de la famosa marca de revestimientos para esqu\u00eds, Intuition. Es realmente una combinaci\u00f3n perfecta.\u00a0<\/span><\/p>\n<p><span>El pat\u00edn que creemos que todos los patinadores deber\u00edan tener en el maletero de su coche, en su armario o en sus pies, ya que el FR1 rara vez decepciona en cuanto a rendimiento, calidad o control.\u00a0<\/span><\/p>\n<p><span>La bota de carcasa dura ha sido sometida a rigurosas pruebas por parte de atletas de \u00e9lite para garantizar que ofrece un rendimiento excelente y absorci\u00f3n de impactos. Esto significa que el pat\u00edn responde al mismo tiempo que reduce las vibraciones de la carretera para una conducci\u00f3n m\u00e1s suave. La amplia abertura de los cordones de la bota hace que el ajuste sea f\u00e1cil y accesible, y el pu\u00f1o multiposici\u00f3n\u00a0\u00a0<\/span><span data-preserver-spaces=\"true\">adapta el soporte del tobillo a las necesidades individuales.\u00a0<\/span><\/p>\n<p><span data-preserver-spaces=\"true\"><br \/>\n<\/span><span>Intuition\u00a0<\/span><span data-preserver-spaces=\"true\">\u00a0ofrece los mejores revestimientos de botas premium del mundo, lanzando innovaciones tecnol\u00f3gicas moldeables y estableciendo est\u00e1ndares de la industria sin igual. La espuma patentada\u00a0<\/span><span>\u00a0Intuition\u00a0<\/span><span data-preserver-spaces=\"true\">\u00a0utilizada exclusivamente en todos los revestimientos garantizar\u00e1 que los pies se mantengan c\u00e1lidos y c\u00f3modos y la capacidad de respuesta de los patines mejorar\u00e1 dr\u00e1sticamente (al mismo tiempo que permite opciones de reducci\u00f3n de tama\u00f1o).<\/p>\n<p>Esto, combinado con todas las dem\u00e1s consideraciones de FR1, como el marco 4D, las ruedas Street Invader II, las placas de sujeci\u00f3n del marco de metal de 7 pines y los rodamientos Twincam MW9, hace que estos patines no le teman absolutamente a nada.\u00a0<\/span><\/p>\n<p><strong>Consejo sobre talla: Este pat\u00edn se ajusta al tama\u00f1o real.<\/strong><\/p>\n","protected":false},"featured_media":1711,"comment_status":"open","ping_status":"closed","template":"","meta":{"rop_custom_images_group":[],"rop_custom_messages_group":[],"rop_publish_now":"initial","rop_publish_now_accounts":[],"rop_publish_now_history":[],"rop_publish_now_status":"pending"},"product_cat":[34],"product_tag":[],"class_list":{"0":"post-1710","1":"product","2":"type-product","3":"status-publish","4":"has-post-thumbnail","6":"product_cat-freeskate","7":"post","9":"first","10":"instock","11":"shipping-taxable","12":"purchasable","13":"product-type-simple"},"yoast_head":"<!-- This site is optimized with the Yoast SEO plugin v21.9.1 - https:\/\/yoast.com\/wordpress\/plugins\/seo\/ -->\n<title>Patines FR1 80 Deluxe Intuition Negro - Unisex - Versi\u00f3n 3 Rn - Pat\u00edn Exclusivo<\/title>\n<meta name=\"robots\" content=\"index, follow, max-snippet:-1, max-image-preview:large, max-video-preview:-1\" \/>\n<link rel=\"canonical\" href=\"https:\/\/patinexclusivo.com\/index.php\/product\/patines-fr1-80-deluxe-intuition-negro-unisex-version-3-rn\/\" \/>\n<meta property=\"og:locale\" content=\"en_US\" \/>\n<meta property=\"og:type\" content=\"article\" \/>\n<meta property=\"og:title\" content=\"Patines FR1 80 Deluxe Intuition Negro - Unisex - Versi\u00f3n 3 Rn - Pat\u00edn Exclusivo\" \/>\n<meta property=\"og:description\" content=\"SOLO SOBRE PEDIDO  Los nuevos patines FR Skates FR1 80 Intuition Black - Versi\u00f3n 3. Uno de los modelos m\u00e1s comentados del mercado combinado con los revestimientos m\u00e1s comentados de la famosa marca de revestimientos para esqu\u00eds, Intuition. Es realmente una combinaci\u00f3n perfecta.\u00a0  El pat\u00edn que creemos que todos los patinadores deber\u00edan tener en el maletero de su coche, en su armario o en sus pies, ya que el FR1 rara vez decepciona en cuanto a rendimiento, calidad o control.\u00a0  La bota de carcasa dura ha sido sometida a rigurosas pruebas por parte de atletas de \u00e9lite para garantizar que ofrece un rendimiento excelente y absorci\u00f3n de impactos. Esto significa que el pat\u00edn responde al mismo tiempo que reduce las vibraciones de la carretera para una conducci\u00f3n m\u00e1s suave. La amplia abertura de los cordones de la bota hace que el ajuste sea f\u00e1cil y accesible, y el pu\u00f1o multiposici\u00f3n\u00a0\u00a0adapta el soporte del tobillo a las necesidades individuales.\u00a0   Intuition\u00a0\u00a0ofrece los mejores revestimientos de botas premium del mundo, lanzando innovaciones tecnol\u00f3gicas moldeables y estableciendo est\u00e1ndares de la industria sin igual. La espuma patentada\u00a0\u00a0Intuition\u00a0\u00a0utilizada exclusivamente en todos los revestimientos garantizar\u00e1 que los pies se mantengan c\u00e1lidos y c\u00f3modos y la capacidad de respuesta de los patines mejorar\u00e1 dr\u00e1sticamente (al mismo tiempo que permite opciones de reducci\u00f3n de tama\u00f1o).  Esto, combinado con todas las dem\u00e1s consideraciones de FR1, como el marco 4D, las ruedas Street Invader II, las placas de sujeci\u00f3n del marco de metal de 7 pines y los rodamientos Twincam MW9, hace que estos patines no le teman absolutamente a nada.\u00a0  Consejo sobre talla: Este pat\u00edn se ajusta al tama\u00f1o real.\" \/>\n<meta property=\"og:url\" content=\"https:\/\/patinexclusivo.com\/index.php\/product\/patines-fr1-80-deluxe-intuition-negro-unisex-version-3-rn\/\" \/>\n<meta property=\"og:site_name\" content=\"Pat\u00edn Exclusivo\" \/>\n<meta property=\"article:modified_time\" content=\"2024-09-19T20:32:13+00:00\" \/>\n<meta property=\"og:image\" content=\"https:\/\/patinexclusivo.com\/wp-content\/uploads\/2024\/09\/FR-Skates-FR1-80-Intuition-Black-Skates-Version-3.webp\" \/>\n\t<meta property=\"og:image:width\" content=\"1100\" \/>\n\t<meta property=\"og:image:height\" content=\"1100\" \/>\n\t<meta property=\"og:image:type\" content=\"image\/webp\" \/>\n<meta name=\"twitter:card\" content=\"summary_large_image\" \/>\n<meta name=\"twitter:label1\" content=\"Est. reading time\" \/>\n\t<meta name=\"twitter:data1\" content=\"1 minute\" \/>\n<script type=\"application\/ld+json\" class=\"yoast-schema-graph\">{\"@context\":\"https:\/\/schema.org\",\"@graph\":[{\"@type\":\"WebPage\",\"@id\":\"https:\/\/patinexclusivo.com\/index.php\/product\/patines-fr1-80-deluxe-intuition-negro-unisex-version-3-rn\/\",\"url\":\"https:\/\/patinexclusivo.com\/index.php\/product\/patines-fr1-80-deluxe-intuition-negro-unisex-version-3-rn\/\",\"name\":\"Patines FR1 80 Deluxe Intuition Negro - Unisex - Versi\u00f3n 3 Rn - Pat\u00edn Exclusivo\",\"isPartOf\":{\"@id\":\"https:\/\/patinexclusivo.com\/#website\"},\"datePublished\":\"2024-09-19T20:32:12+00:00\",\"dateModified\":\"2024-09-19T20:32:13+00:00\",\"breadcrumb\":{\"@id\":\"https:\/\/patinexclusivo.com\/index.php\/product\/patines-fr1-80-deluxe-intuition-negro-unisex-version-3-rn\/#breadcrumb\"},\"inLanguage\":\"en-US\",\"potentialAction\":[{\"@type\":\"ReadAction\",\"target\":[\"https:\/\/patinexclusivo.com\/index.php\/product\/patines-fr1-80-deluxe-intuition-negro-unisex-version-3-rn\/\"]}]},{\"@type\":\"BreadcrumbList\",\"@id\":\"https:\/\/patinexclusivo.com\/index.php\/product\/patines-fr1-80-deluxe-intuition-negro-unisex-version-3-rn\/#breadcrumb\",\"itemListElement\":[{\"@type\":\"ListItem\",\"position\":1,\"name\":\"Inicio\",\"item\":\"https:\/\/patinexclusivo.com\/\"},{\"@type\":\"ListItem\",\"position\":2,\"name\":\"Shop\",\"item\":\"https:\/\/patinexclusivo.com\/index.php\/shop\/\"},{\"@type\":\"ListItem\",\"position\":3,\"name\":\"Patines FR1 80 Deluxe Intuition Negro &#8211; Unisex &#8211; Versi\u00f3n 3 Rn\"}]},{\"@type\":\"WebSite\",\"@id\":\"https:\/\/patinexclusivo.com\/#website\",\"url\":\"https:\/\/patinexclusivo.com\/\",\"name\":\"Pat\u00edn Exclusivo\",\"description\":\"\ud83d\udefc Rollers SLP: Tu destino #1 para patines en San Luis Potos\u00ed! Encuentra los mejores estilos y marcas \ud83c\udf1f, consejos de expertos \ud83d\udcda y accesorios para patinaje. \u00a1Vis\u00edtanos y rueda con estilo! \ud83c\udf08\u2728\",\"publisher\":{\"@id\":\"https:\/\/patinexclusivo.com\/#organization\"},\"potentialAction\":[{\"@type\":\"SearchAction\",\"target\":{\"@type\":\"EntryPoint\",\"urlTemplate\":\"https:\/\/patinexclusivo.com\/?s={search_term_string}\"},\"query-input\":\"required name=search_term_string\"}],\"inLanguage\":\"en-US\"},{\"@type\":\"Organization\",\"@id\":\"https:\/\/patinexclusivo.com\/#organization\",\"name\":\"Pat\u00edn Exclusivo\",\"url\":\"https:\/\/patinexclusivo.com\/\",\"logo\":{\"@type\":\"ImageObject\",\"inLanguage\":\"en-US\",\"@id\":\"https:\/\/patinexclusivo.com\/#\/schema\/logo\/image\/\",\"url\":\"https:\/\/patinexclusivo.com\/wp-content\/uploads\/2025\/01\/cropped-cropped-WhatsApp-Image-2025-01-29-at-7.00.40-PM.jpeg\",\"contentUrl\":\"https:\/\/patinexclusivo.com\/wp-content\/uploads\/2025\/01\/cropped-cropped-WhatsApp-Image-2025-01-29-at-7.00.40-PM.jpeg\",\"width\":583,\"height\":568,\"caption\":\"Pat\u00edn Exclusivo\"},\"image\":{\"@id\":\"https:\/\/patinexclusivo.com\/#\/schema\/logo\/image\/\"}}]}<\/script>\n<!-- \/ Yoast SEO plugin. -->","yoast_head_json":{"title":"Patines FR1 80 Deluxe Intuition Negro - Unisex - Versi\u00f3n 3 Rn - Pat\u00edn Exclusivo","robots":{"index":"index","follow":"follow","max-snippet":"max-snippet:-1","max-image-preview":"max-image-preview:large","max-video-preview":"max-video-preview:-1"},"canonical":"https:\/\/patinexclusivo.com\/index.php\/product\/patines-fr1-80-deluxe-intuition-negro-unisex-version-3-rn\/","og_locale":"en_US","og_type":"article","og_title":"Patines FR1 80 Deluxe Intuition Negro - Unisex - Versi\u00f3n 3 Rn - Pat\u00edn Exclusivo","og_description":"SOLO SOBRE PEDIDO  Los nuevos patines FR Skates FR1 80 Intuition Black - Versi\u00f3n 3. Uno de los modelos m\u00e1s comentados del mercado combinado con los revestimientos m\u00e1s comentados de la famosa marca de revestimientos para esqu\u00eds, Intuition. Es realmente una combinaci\u00f3n perfecta.\u00a0  El pat\u00edn que creemos que todos los patinadores deber\u00edan tener en el maletero de su coche, en su armario o en sus pies, ya que el FR1 rara vez decepciona en cuanto a rendimiento, calidad o control.\u00a0  La bota de carcasa dura ha sido sometida a rigurosas pruebas por parte de atletas de \u00e9lite para garantizar que ofrece un rendimiento excelente y absorci\u00f3n de impactos. Esto significa que el pat\u00edn responde al mismo tiempo que reduce las vibraciones de la carretera para una conducci\u00f3n m\u00e1s suave. La amplia abertura de los cordones de la bota hace que el ajuste sea f\u00e1cil y accesible, y el pu\u00f1o multiposici\u00f3n\u00a0\u00a0adapta el soporte del tobillo a las necesidades individuales.\u00a0   Intuition\u00a0\u00a0ofrece los mejores revestimientos de botas premium del mundo, lanzando innovaciones tecnol\u00f3gicas moldeables y estableciendo est\u00e1ndares de la industria sin igual. La espuma patentada\u00a0\u00a0Intuition\u00a0\u00a0utilizada exclusivamente en todos los revestimientos garantizar\u00e1 que los pies se mantengan c\u00e1lidos y c\u00f3modos y la capacidad de respuesta de los patines mejorar\u00e1 dr\u00e1sticamente (al mismo tiempo que permite opciones de reducci\u00f3n de tama\u00f1o).  Esto, combinado con todas las dem\u00e1s consideraciones de FR1, como el marco 4D, las ruedas Street Invader II, las placas de sujeci\u00f3n del marco de metal de 7 pines y los rodamientos Twincam MW9, hace que estos patines no le teman absolutamente a nada.\u00a0  Consejo sobre talla: Este pat\u00edn se ajusta al tama\u00f1o real.","og_url":"https:\/\/patinexclusivo.com\/index.php\/product\/patines-fr1-80-deluxe-intuition-negro-unisex-version-3-rn\/","og_site_name":"Pat\u00edn Exclusivo","article_modified_time":"2024-09-19T20:32:13+00:00","og_image":[{"width":1100,"height":1100,"url":"https:\/\/patinexclusivo.com\/wp-content\/uploads\/2024\/09\/FR-Skates-FR1-80-Intuition-Black-Skates-Version-3.webp","type":"image\/webp"}],"twitter_card":"summary_large_image","twitter_misc":{"Est. reading time":"1 minute"},"schema":{"@context":"https:\/\/schema.org","@graph":[{"@type":"WebPage","@id":"https:\/\/patinexclusivo.com\/index.php\/product\/patines-fr1-80-deluxe-intuition-negro-unisex-version-3-rn\/","url":"https:\/\/patinexclusivo.com\/index.php\/product\/patines-fr1-80-deluxe-intuition-negro-unisex-version-3-rn\/","name":"Patines FR1 80 Deluxe Intuition Negro - Unisex - Versi\u00f3n 3 Rn - Pat\u00edn Exclusivo","isPartOf":{"@id":"https:\/\/patinexclusivo.com\/#website"},"datePublished":"2024-09-19T20:32:12+00:00","dateModified":"2024-09-19T20:32:13+00:00","breadcrumb":{"@id":"https:\/\/patinexclusivo.com\/index.php\/product\/patines-fr1-80-deluxe-intuition-negro-unisex-version-3-rn\/#breadcrumb"},"inLanguage":"en-US","potentialAction":[{"@type":"ReadAction","target":["https:\/\/patinexclusivo.com\/index.php\/product\/patines-fr1-80-deluxe-intuition-negro-unisex-version-3-rn\/"]}]},{"@type":"BreadcrumbList","@id":"https:\/\/patinexclusivo.com\/index.php\/product\/patines-fr1-80-deluxe-intuition-negro-unisex-version-3-rn\/#breadcrumb","itemListElement":[{"@type":"ListItem","position":1,"name":"Inicio","item":"https:\/\/patinexclusivo.com\/"},{"@type":"ListItem","position":2,"name":"Shop","item":"https:\/\/patinexclusivo.com\/index.php\/shop\/"},{"@type":"ListItem","position":3,"name":"Patines FR1 80 Deluxe Intuition Negro &#8211; Unisex &#8211; Versi\u00f3n 3 Rn"}]},{"@type":"WebSite","@id":"https:\/\/patinexclusivo.com\/#website","url":"https:\/\/patinexclusivo.com\/","name":"Pat\u00edn Exclusivo","description":"\ud83d\udefc Rollers SLP: Tu destino #1 para patines en San Luis Potos\u00ed! Encuentra los mejores estilos y marcas \ud83c\udf1f, consejos de expertos \ud83d\udcda y accesorios para patinaje. \u00a1Vis\u00edtanos y rueda con estilo! \ud83c\udf08\u2728","publisher":{"@id":"https:\/\/patinexclusivo.com\/#organization"},"potentialAction":[{"@type":"SearchAction","target":{"@type":"EntryPoint","urlTemplate":"https:\/\/patinexclusivo.com\/?s={search_term_string}"},"query-input":"required name=search_term_string"}],"inLanguage":"en-US"},{"@type":"Organization","@id":"https:\/\/patinexclusivo.com\/#organization","name":"Pat\u00edn Exclusivo","url":"https:\/\/patinexclusivo.com\/","logo":{"@type":"ImageObject","inLanguage":"en-US","@id":"https:\/\/patinexclusivo.com\/#\/schema\/logo\/image\/","url":"https:\/\/patinexclusivo.com\/wp-content\/uploads\/2025\/01\/cropped-cropped-WhatsApp-Image-2025-01-29-at-7.00.40-PM.jpeg","contentUrl":"https:\/\/patinexclusivo.com\/wp-content\/uploads\/2025\/01\/cropped-cropped-WhatsApp-Image-2025-01-29-at-7.00.40-PM.jpeg","width":583,"height":568,"caption":"Pat\u00edn Exclusivo"},"image":{"@id":"https:\/\/patinexclusivo.com\/#\/schema\/logo\/image\/"}}]}},"_links":{"self":[{"href":"https:\/\/patinexclusivo.com\/index.php\/wp-json\/wp\/v2\/product\/1710"}],"collection":[{"href":"https:\/\/patinexclusivo.com\/index.php\/wp-json\/wp\/v2\/product"}],"about":[{"href":"https:\/\/patinexclusivo.com\/index.php\/wp-json\/wp\/v2\/types\/product"}],"replies":[{"embeddable":true,"href":"https:\/\/patinexclusivo.com\/index.php\/wp-json\/wp\/v2\/comments?post=1710"}],"version-history":[{"count":1,"href":"https:\/\/patinexclusivo.com\/index.php\/wp-json\/wp\/v2\/product\/1710\/revisions"}],"predecessor-version":[{"id":1712,"href":"https:\/\/patinexclusivo.com\/index.php\/wp-json\/wp\/v2\/product\/1710\/revisions\/1712"}],"wp:featuredmedia":[{"embeddable":true,"href":"https:\/\/patinexclusivo.com\/index.php\/wp-json\/wp\/v2\/media\/1711"}],"wp:attachment":[{"href":"https:\/\/patinexclusivo.com\/index.php\/wp-json\/wp\/v2\/media?parent=1710"}],"wp:term":[{"taxonomy":"product_cat","embeddable":true,"href":"https:\/\/patinexclusivo.com\/index.php\/wp-json\/wp\/v2\/product_cat?post=1710"},{"taxonomy":"product_tag","embeddable":true,"href":"https:\/\/patinexclusivo.com\/index.php\/wp-json\/wp\/v2\/product_tag?post=1710"}],"curies":[{"name":"wp","href":"https:\/\/api.w.org\/{rel}","templated":true}]}}