{"id":1723,"date":"2024-09-21T01:32:38","date_gmt":"2024-09-21T01:32:38","guid":{"rendered":"https:\/\/patinexclusivo.com\/?post_type=product&#038;p=1723"},"modified":"2024-10-07T03:43:02","modified_gmt":"2024-10-07T03:43:02","slug":"patines-en-linea-flying-eagle-f7-optimum-de-doble-densidad","status":"publish","type":"product","link":"https:\/\/patinexclusivo.com\/index.php\/product\/patines-en-linea-flying-eagle-f7-optimum-de-doble-densidad\/","title":{"rendered":"Patines en l\u00ednea Flying Eagle F7 Optimum de doble densidad Rn"},"content":{"rendered":"<table class=\"feature-table\">\n<tbody>\n<tr>\n<td><span>Estilo de patinaje:<\/span><\/td>\n<td class=\"feature-table__value\"><span>Urbano \/ Ciudad, Crucero \/ Ocio<\/span><\/td>\n<\/tr>\n<tr>\n<td><span>Tipo de pat\u00edn:<\/span><\/td>\n<td class=\"feature-table__value\"><span>Patines de 4 ruedas, botas r\u00edgidas<\/span><\/td>\n<\/tr>\n<tr>\n<td><span>Material de la bota:<\/span><\/td>\n<td class=\"feature-table__value\"><span>Pl\u00e1stico<\/span><\/td>\n<\/tr>\n<tr>\n<td><span>Cordones:<\/span><\/td>\n<td class=\"feature-table__value\"><span>Est\u00e1ndar<\/span><\/td>\n<\/tr>\n<tr>\n<td><span>Transatl\u00e1ntico:<\/span><\/td>\n<td class=\"feature-table__value\"><span>Existencias<\/span><\/td>\n<\/tr>\n<tr>\n<td><span>Almohadilla amortiguadora:<\/span><\/td>\n<td class=\"feature-table__value\"><span>S\u00ed<\/span><\/td>\n<\/tr>\n<tr>\n<td><span>Marca del marco:<\/span><\/td>\n<td class=\"feature-table__value\"><span>\u00c1guila en vuelo<\/span><\/td>\n<\/tr>\n<tr>\n<td><span>Montaje del marco:<\/span><\/td>\n<td class=\"feature-table__value\"><span>Cl\u00e1sico (montura 165)<\/span><\/td>\n<\/tr>\n<tr>\n<td><span>Material del marco:<\/span><\/td>\n<td class=\"feature-table__value\"><span>Aluminio<\/span><\/td>\n<\/tr>\n<tr>\n<td><span>Longitud del marco:<\/span><\/td>\n<td class=\"feature-table__value\"><span>231 mm, 243 mm<\/span><\/td>\n<\/tr>\n<tr>\n<td><span>Balanc\u00edn de cuadro:<\/span><\/td>\n<td class=\"feature-table__value\"><span>Ejes oscilantes<\/span><\/td>\n<\/tr>\n<tr>\n<td><span>Ejes:<\/span><\/td>\n<td class=\"feature-table__value\"><span>8 mm basculante<\/span><\/td>\n<\/tr>\n<tr>\n<td><span>Marca de la rueda:<\/span><\/td>\n<td class=\"feature-table__value\"><span>\u00c1guila en vuelo<\/span><\/td>\n<\/tr>\n<tr>\n<td><span>Tama\u00f1o de la rueda:<\/span><\/td>\n<td class=\"feature-table__value\"><span>76 mm, 80 mm<\/span><\/td>\n<\/tr>\n<tr>\n<td><span>Dureza de la rueda:<\/span><\/td>\n<td class=\"feature-table__value\"><span>85a<\/span><\/td>\n<\/tr>\n<tr>\n<td><span>Perfil de la rueda:<\/span><\/td>\n<td class=\"feature-table__value\"><span>Bala<\/span><\/td>\n<\/tr>\n<tr>\n<td><span>Marca de rodamientos:<\/span><\/td>\n<td class=\"feature-table__value\"><span>\u00c1guila en vuelo<\/span><\/td>\n<\/tr>\n<tr>\n<td><span>Clasificaci\u00f3n del rodamiento:<\/span><\/td>\n<td class=\"feature-table__value\"><span>Abec 9<\/span><\/td>\n<\/tr>\n<\/tbody>\n<\/table>\n<p>Talla 23cm, 24cm, 25cm, 25.5cm, 26cm, 27cm, 27.5cm, 28cm<\/p>\n","protected":false},"excerpt":{"rendered":"<p>SOLO SOBRE PEDIDO<\/p>\n<p><span>Los Flying Eagle F7 Optimum Dual Density son los patines en l\u00ednea con bota dura de primera l\u00ednea de Flying Eagle para patinaje libre. Fueron dise\u00f1ados y creados para superar en especificaciones a algunos de los nombres m\u00e1s importantes en patines de estilo libre.\u00a0<\/span><\/p>\n<p><span>La bota est\u00e1 compuesta por dos pl\u00e1sticos de diferente densidad. Esto significa que, mientras el tobillo recibe todo el soporte que necesita, la zona de los cordones es m\u00e1s flexible para permitir que el pat\u00edn adopte posiciones m\u00e1s naturales.<\/span><\/p>\n<p><span>En la bota, encontrar\u00e1s un sistema de cierre de 3 puntos, desde cordones hasta correas intermedias y superiores de 45 grados. La secci\u00f3n de cordones marca una gran diferencia y se puede ajustar a la forma de tu pie con mayor facilidad gracias al pl\u00e1stico de doble densidad. El forro utiliza una caja de neopreno y permite que el forro se envuelva alrededor de la forma de tu dedo del pie. En el pie, se sienten muy bien con una combinaci\u00f3n perfecta de acolchado y soporte.<\/span><\/p>\n<p><span>La placa base incluye una placa de fijaci\u00f3n del marco de metal. Esto hace que la base del pat\u00edn sea estable y aumenta la transferencia de potencia, lo que hace que la impresi\u00f3n general del pat\u00edn sea bastante r\u00e1pida.<\/span><\/p>\n<p><span>Combina esto con un cuadro de aluminio, ruedas de 80 mm y rodamientos superr\u00e1pidos y tendr\u00e1s un pat\u00edn muy accesible que es r\u00e1pido, c\u00f3modo, con soporte y maniobrable. Perfecto para patinar en la costa, en la ciudad y en el pueblo.<\/span><\/p>\n<p><strong>Consejo sobre talla:\u00a0<\/strong><\/p>\n<div class=\"accordion\">\n<details id=\"Details-fit\" open=\"\">\n<div class=\"accordion__content rte\">\n<div class=\"product-scale\">\n<div class=\"scale__text\">\n<p><span>\u00a0Este pat\u00edn se ajusta al tama\u00f1o Real\u00a0<\/span><\/p>\n<\/div>\n<\/div>\n<\/div>\n<\/details>\n<\/div>\n","protected":false},"featured_media":1724,"comment_status":"open","ping_status":"closed","template":"","meta":{"rop_custom_images_group":[],"rop_custom_messages_group":[],"rop_publish_now":"initial","rop_publish_now_accounts":[],"rop_publish_now_history":[],"rop_publish_now_status":"pending"},"product_cat":[34],"product_tag":[],"class_list":{"0":"post-1723","1":"product","2":"type-product","3":"status-publish","4":"has-post-thumbnail","6":"product_cat-freeskate","7":"post","9":"first","10":"instock","11":"shipping-taxable","12":"purchasable","13":"product-type-simple"},"yoast_head":"<!-- This site is optimized with the Yoast SEO plugin v21.9.1 - https:\/\/yoast.com\/wordpress\/plugins\/seo\/ -->\n<title>Patines en l\u00ednea Flying Eagle F7 Optimum de doble densidad Rn - Pat\u00edn Exclusivo<\/title>\n<meta name=\"robots\" content=\"index, follow, max-snippet:-1, max-image-preview:large, max-video-preview:-1\" \/>\n<link rel=\"canonical\" href=\"https:\/\/patinexclusivo.com\/index.php\/product\/patines-en-linea-flying-eagle-f7-optimum-de-doble-densidad\/\" \/>\n<meta property=\"og:locale\" content=\"en_US\" \/>\n<meta property=\"og:type\" content=\"article\" \/>\n<meta property=\"og:title\" content=\"Patines en l\u00ednea Flying Eagle F7 Optimum de doble densidad Rn - Pat\u00edn Exclusivo\" \/>\n<meta property=\"og:description\" content=\"SOLO SOBRE PEDIDO  Los Flying Eagle F7 Optimum Dual Density son los patines en l\u00ednea con bota dura de primera l\u00ednea de Flying Eagle para patinaje libre. Fueron dise\u00f1ados y creados para superar en especificaciones a algunos de los nombres m\u00e1s importantes en patines de estilo libre.\u00a0  La bota est\u00e1 compuesta por dos pl\u00e1sticos de diferente densidad. Esto significa que, mientras el tobillo recibe todo el soporte que necesita, la zona de los cordones es m\u00e1s flexible para permitir que el pat\u00edn adopte posiciones m\u00e1s naturales.  En la bota, encontrar\u00e1s un sistema de cierre de 3 puntos, desde cordones hasta correas intermedias y superiores de 45 grados. La secci\u00f3n de cordones marca una gran diferencia y se puede ajustar a la forma de tu pie con mayor facilidad gracias al pl\u00e1stico de doble densidad. El forro utiliza una caja de neopreno y permite que el forro se envuelva alrededor de la forma de tu dedo del pie. En el pie, se sienten muy bien con una combinaci\u00f3n perfecta de acolchado y soporte.  La placa base incluye una placa de fijaci\u00f3n del marco de metal. Esto hace que la base del pat\u00edn sea estable y aumenta la transferencia de potencia, lo que hace que la impresi\u00f3n general del pat\u00edn sea bastante r\u00e1pida.  Combina esto con un cuadro de aluminio, ruedas de 80 mm y rodamientos superr\u00e1pidos y tendr\u00e1s un pat\u00edn muy accesible que es r\u00e1pido, c\u00f3modo, con soporte y maniobrable. Perfecto para patinar en la costa, en la ciudad y en el pueblo.  Consejo sobre talla:\u00a0      \u00a0Este pat\u00edn se ajusta al tama\u00f1o Real\u00a0\" \/>\n<meta property=\"og:url\" content=\"https:\/\/patinexclusivo.com\/index.php\/product\/patines-en-linea-flying-eagle-f7-optimum-de-doble-densidad\/\" \/>\n<meta property=\"og:site_name\" content=\"Pat\u00edn Exclusivo\" \/>\n<meta property=\"article:modified_time\" content=\"2024-10-07T03:43:02+00:00\" \/>\n<meta property=\"og:image\" content=\"https:\/\/patinexclusivo.com\/wp-content\/uploads\/2024\/09\/Flying-Eagle-OPTIMUM-F71332-1.webp\" \/>\n\t<meta property=\"og:image:width\" content=\"823\" \/>\n\t<meta property=\"og:image:height\" content=\"823\" \/>\n\t<meta property=\"og:image:type\" content=\"image\/webp\" \/>\n<meta name=\"twitter:card\" content=\"summary_large_image\" \/>\n<meta name=\"twitter:label1\" content=\"Est. reading time\" \/>\n\t<meta name=\"twitter:data1\" content=\"1 minute\" \/>\n<script type=\"application\/ld+json\" class=\"yoast-schema-graph\">{\"@context\":\"https:\/\/schema.org\",\"@graph\":[{\"@type\":\"WebPage\",\"@id\":\"https:\/\/patinexclusivo.com\/index.php\/product\/patines-en-linea-flying-eagle-f7-optimum-de-doble-densidad\/\",\"url\":\"https:\/\/patinexclusivo.com\/index.php\/product\/patines-en-linea-flying-eagle-f7-optimum-de-doble-densidad\/\",\"name\":\"Patines en l\u00ednea Flying Eagle F7 Optimum de doble densidad Rn - Pat\u00edn Exclusivo\",\"isPartOf\":{\"@id\":\"https:\/\/patinexclusivo.com\/#website\"},\"datePublished\":\"2024-09-21T01:32:38+00:00\",\"dateModified\":\"2024-10-07T03:43:02+00:00\",\"breadcrumb\":{\"@id\":\"https:\/\/patinexclusivo.com\/index.php\/product\/patines-en-linea-flying-eagle-f7-optimum-de-doble-densidad\/#breadcrumb\"},\"inLanguage\":\"en-US\",\"potentialAction\":[{\"@type\":\"ReadAction\",\"target\":[\"https:\/\/patinexclusivo.com\/index.php\/product\/patines-en-linea-flying-eagle-f7-optimum-de-doble-densidad\/\"]}]},{\"@type\":\"BreadcrumbList\",\"@id\":\"https:\/\/patinexclusivo.com\/index.php\/product\/patines-en-linea-flying-eagle-f7-optimum-de-doble-densidad\/#breadcrumb\",\"itemListElement\":[{\"@type\":\"ListItem\",\"position\":1,\"name\":\"Inicio\",\"item\":\"https:\/\/patinexclusivo.com\/\"},{\"@type\":\"ListItem\",\"position\":2,\"name\":\"Shop\",\"item\":\"https:\/\/patinexclusivo.com\/index.php\/shop\/\"},{\"@type\":\"ListItem\",\"position\":3,\"name\":\"Patines en l\u00ednea Flying Eagle F7 Optimum de doble densidad Rn\"}]},{\"@type\":\"WebSite\",\"@id\":\"https:\/\/patinexclusivo.com\/#website\",\"url\":\"https:\/\/patinexclusivo.com\/\",\"name\":\"Pat\u00edn Exclusivo\",\"description\":\"\ud83d\udefc Rollers SLP: Tu destino #1 para patines en San Luis Potos\u00ed! Encuentra los mejores estilos y marcas \ud83c\udf1f, consejos de expertos \ud83d\udcda y accesorios para patinaje. \u00a1Vis\u00edtanos y rueda con estilo! \ud83c\udf08\u2728\",\"publisher\":{\"@id\":\"https:\/\/patinexclusivo.com\/#organization\"},\"potentialAction\":[{\"@type\":\"SearchAction\",\"target\":{\"@type\":\"EntryPoint\",\"urlTemplate\":\"https:\/\/patinexclusivo.com\/?s={search_term_string}\"},\"query-input\":\"required name=search_term_string\"}],\"inLanguage\":\"en-US\"},{\"@type\":\"Organization\",\"@id\":\"https:\/\/patinexclusivo.com\/#organization\",\"name\":\"Pat\u00edn Exclusivo\",\"url\":\"https:\/\/patinexclusivo.com\/\",\"logo\":{\"@type\":\"ImageObject\",\"inLanguage\":\"en-US\",\"@id\":\"https:\/\/patinexclusivo.com\/#\/schema\/logo\/image\/\",\"url\":\"https:\/\/patinexclusivo.com\/wp-content\/uploads\/2025\/01\/cropped-cropped-WhatsApp-Image-2025-01-29-at-7.00.40-PM.jpeg\",\"contentUrl\":\"https:\/\/patinexclusivo.com\/wp-content\/uploads\/2025\/01\/cropped-cropped-WhatsApp-Image-2025-01-29-at-7.00.40-PM.jpeg\",\"width\":583,\"height\":568,\"caption\":\"Pat\u00edn Exclusivo\"},\"image\":{\"@id\":\"https:\/\/patinexclusivo.com\/#\/schema\/logo\/image\/\"}}]}<\/script>\n<!-- \/ Yoast SEO plugin. -->","yoast_head_json":{"title":"Patines en l\u00ednea Flying Eagle F7 Optimum de doble densidad Rn - Pat\u00edn Exclusivo","robots":{"index":"index","follow":"follow","max-snippet":"max-snippet:-1","max-image-preview":"max-image-preview:large","max-video-preview":"max-video-preview:-1"},"canonical":"https:\/\/patinexclusivo.com\/index.php\/product\/patines-en-linea-flying-eagle-f7-optimum-de-doble-densidad\/","og_locale":"en_US","og_type":"article","og_title":"Patines en l\u00ednea Flying Eagle F7 Optimum de doble densidad Rn - Pat\u00edn Exclusivo","og_description":"SOLO SOBRE PEDIDO  Los Flying Eagle F7 Optimum Dual Density son los patines en l\u00ednea con bota dura de primera l\u00ednea de Flying Eagle para patinaje libre. Fueron dise\u00f1ados y creados para superar en especificaciones a algunos de los nombres m\u00e1s importantes en patines de estilo libre.\u00a0  La bota est\u00e1 compuesta por dos pl\u00e1sticos de diferente densidad. Esto significa que, mientras el tobillo recibe todo el soporte que necesita, la zona de los cordones es m\u00e1s flexible para permitir que el pat\u00edn adopte posiciones m\u00e1s naturales.  En la bota, encontrar\u00e1s un sistema de cierre de 3 puntos, desde cordones hasta correas intermedias y superiores de 45 grados. La secci\u00f3n de cordones marca una gran diferencia y se puede ajustar a la forma de tu pie con mayor facilidad gracias al pl\u00e1stico de doble densidad. El forro utiliza una caja de neopreno y permite que el forro se envuelva alrededor de la forma de tu dedo del pie. En el pie, se sienten muy bien con una combinaci\u00f3n perfecta de acolchado y soporte.  La placa base incluye una placa de fijaci\u00f3n del marco de metal. Esto hace que la base del pat\u00edn sea estable y aumenta la transferencia de potencia, lo que hace que la impresi\u00f3n general del pat\u00edn sea bastante r\u00e1pida.  Combina esto con un cuadro de aluminio, ruedas de 80 mm y rodamientos superr\u00e1pidos y tendr\u00e1s un pat\u00edn muy accesible que es r\u00e1pido, c\u00f3modo, con soporte y maniobrable. Perfecto para patinar en la costa, en la ciudad y en el pueblo.  Consejo sobre talla:\u00a0      \u00a0Este pat\u00edn se ajusta al tama\u00f1o Real\u00a0","og_url":"https:\/\/patinexclusivo.com\/index.php\/product\/patines-en-linea-flying-eagle-f7-optimum-de-doble-densidad\/","og_site_name":"Pat\u00edn Exclusivo","article_modified_time":"2024-10-07T03:43:02+00:00","og_image":[{"width":823,"height":823,"url":"https:\/\/patinexclusivo.com\/wp-content\/uploads\/2024\/09\/Flying-Eagle-OPTIMUM-F71332-1.webp","type":"image\/webp"}],"twitter_card":"summary_large_image","twitter_misc":{"Est. reading time":"1 minute"},"schema":{"@context":"https:\/\/schema.org","@graph":[{"@type":"WebPage","@id":"https:\/\/patinexclusivo.com\/index.php\/product\/patines-en-linea-flying-eagle-f7-optimum-de-doble-densidad\/","url":"https:\/\/patinexclusivo.com\/index.php\/product\/patines-en-linea-flying-eagle-f7-optimum-de-doble-densidad\/","name":"Patines en l\u00ednea Flying Eagle F7 Optimum de doble densidad Rn - Pat\u00edn Exclusivo","isPartOf":{"@id":"https:\/\/patinexclusivo.com\/#website"},"datePublished":"2024-09-21T01:32:38+00:00","dateModified":"2024-10-07T03:43:02+00:00","breadcrumb":{"@id":"https:\/\/patinexclusivo.com\/index.php\/product\/patines-en-linea-flying-eagle-f7-optimum-de-doble-densidad\/#breadcrumb"},"inLanguage":"en-US","potentialAction":[{"@type":"ReadAction","target":["https:\/\/patinexclusivo.com\/index.php\/product\/patines-en-linea-flying-eagle-f7-optimum-de-doble-densidad\/"]}]},{"@type":"BreadcrumbList","@id":"https:\/\/patinexclusivo.com\/index.php\/product\/patines-en-linea-flying-eagle-f7-optimum-de-doble-densidad\/#breadcrumb","itemListElement":[{"@type":"ListItem","position":1,"name":"Inicio","item":"https:\/\/patinexclusivo.com\/"},{"@type":"ListItem","position":2,"name":"Shop","item":"https:\/\/patinexclusivo.com\/index.php\/shop\/"},{"@type":"ListItem","position":3,"name":"Patines en l\u00ednea Flying Eagle F7 Optimum de doble densidad Rn"}]},{"@type":"WebSite","@id":"https:\/\/patinexclusivo.com\/#website","url":"https:\/\/patinexclusivo.com\/","name":"Pat\u00edn Exclusivo","description":"\ud83d\udefc Rollers SLP: Tu destino #1 para patines en San Luis Potos\u00ed! Encuentra los mejores estilos y marcas \ud83c\udf1f, consejos de expertos \ud83d\udcda y accesorios para patinaje. \u00a1Vis\u00edtanos y rueda con estilo! \ud83c\udf08\u2728","publisher":{"@id":"https:\/\/patinexclusivo.com\/#organization"},"potentialAction":[{"@type":"SearchAction","target":{"@type":"EntryPoint","urlTemplate":"https:\/\/patinexclusivo.com\/?s={search_term_string}"},"query-input":"required name=search_term_string"}],"inLanguage":"en-US"},{"@type":"Organization","@id":"https:\/\/patinexclusivo.com\/#organization","name":"Pat\u00edn Exclusivo","url":"https:\/\/patinexclusivo.com\/","logo":{"@type":"ImageObject","inLanguage":"en-US","@id":"https:\/\/patinexclusivo.com\/#\/schema\/logo\/image\/","url":"https:\/\/patinexclusivo.com\/wp-content\/uploads\/2025\/01\/cropped-cropped-WhatsApp-Image-2025-01-29-at-7.00.40-PM.jpeg","contentUrl":"https:\/\/patinexclusivo.com\/wp-content\/uploads\/2025\/01\/cropped-cropped-WhatsApp-Image-2025-01-29-at-7.00.40-PM.jpeg","width":583,"height":568,"caption":"Pat\u00edn Exclusivo"},"image":{"@id":"https:\/\/patinexclusivo.com\/#\/schema\/logo\/image\/"}}]}},"_links":{"self":[{"href":"https:\/\/patinexclusivo.com\/index.php\/wp-json\/wp\/v2\/product\/1723"}],"collection":[{"href":"https:\/\/patinexclusivo.com\/index.php\/wp-json\/wp\/v2\/product"}],"about":[{"href":"https:\/\/patinexclusivo.com\/index.php\/wp-json\/wp\/v2\/types\/product"}],"replies":[{"embeddable":true,"href":"https:\/\/patinexclusivo.com\/index.php\/wp-json\/wp\/v2\/comments?post=1723"}],"version-history":[{"count":2,"href":"https:\/\/patinexclusivo.com\/index.php\/wp-json\/wp\/v2\/product\/1723\/revisions"}],"predecessor-version":[{"id":1789,"href":"https:\/\/patinexclusivo.com\/index.php\/wp-json\/wp\/v2\/product\/1723\/revisions\/1789"}],"wp:featuredmedia":[{"embeddable":true,"href":"https:\/\/patinexclusivo.com\/index.php\/wp-json\/wp\/v2\/media\/1724"}],"wp:attachment":[{"href":"https:\/\/patinexclusivo.com\/index.php\/wp-json\/wp\/v2\/media?parent=1723"}],"wp:term":[{"taxonomy":"product_cat","embeddable":true,"href":"https:\/\/patinexclusivo.com\/index.php\/wp-json\/wp\/v2\/product_cat?post=1723"},{"taxonomy":"product_tag","embeddable":true,"href":"https:\/\/patinexclusivo.com\/index.php\/wp-json\/wp\/v2\/product_tag?post=1723"}],"curies":[{"name":"wp","href":"https:\/\/api.w.org\/{rel}","templated":true}]}}