{"id":1778,"date":"2024-10-07T03:31:56","date_gmt":"2024-10-07T03:31:56","guid":{"rendered":"https:\/\/patinexclusivo.com\/?post_type=product&#038;p=1778"},"modified":"2024-10-07T03:42:08","modified_gmt":"2024-10-07T03:42:08","slug":"patines-supreme-turbo-33-reemplazo-de-bauer-completo-con-ruedas-blancas-sims","status":"publish","type":"product","link":"https:\/\/patinexclusivo.com\/index.php\/product\/patines-supreme-turbo-33-reemplazo-de-bauer-completo-con-ruedas-blancas-sims\/","title":{"rendered":"Patines Supreme Turbo 33 (reemplazo de Bauer) &#8211; Completo con ruedas blancas Sims Rn"},"content":{"rendered":"<table class=\"feature-table\">\n<tbody>\n<tr>\n<td><span>Estilo de patinaje:<\/span><\/td>\n<td class=\"feature-table__value\"><span>Crucero \/ Ocio, Urbano \/ Ciudad, Baile<\/span><\/td>\n<\/tr>\n<tr>\n<td><span>Tama\u00f1o de la rueda:<\/span><\/td>\n<td class=\"feature-table__value\"><span>65 mm<\/span><\/td>\n<\/tr>\n<tr>\n<td><span>Dureza de la rueda:<\/span><\/td>\n<td class=\"feature-table__value\"><span>78a<\/span><\/td>\n<\/tr>\n<tr>\n<td><span>Tipo de tap\u00f3n:<\/span><\/td>\n<td class=\"feature-table__value\"><span>No ajustable<\/span><\/td>\n<\/tr>\n<\/tbody>\n<\/table>\n<p>Talla 23cm, 26cm, 27cm, 27.5cm, 28.5cm, 29.5cm, 29.5cm<\/p>\n","protected":false},"excerpt":{"rendered":"<p>SOLO SOBRE PEDIDO<\/p>\n<p><span>El pat\u00edn Supreme Turbo es una leyenda, pero puede que no lo reconozcas a primera vista. Bauer ha descontinuado los cl\u00e1sicos turbos, lo que dej\u00f3 un vac\u00edo para los entusiastas del patinaje sobre ruedas.<\/span><\/p>\n<p><span>El Supreme Turbo est\u00e1 fabricado a partir del mismo pat\u00edn cl\u00e1sico de Bauer y conserva el mismo rendimiento del que oir\u00e1s hablar en los salones de patinaje de todo el mundo.<\/span><\/p>\n<p><span>El Supreme Turbo est\u00e1 equipado con ejes Playmaker y ruedas Red Sims de 62 mm\/78a con rodamientos Revolver Abec 5. Los revestimientos son muy c\u00f3modos y el soporte que obtienes en los tobillos es ideal para correr r\u00e1pido por la pista. Algunos patines afirman ser de nivel profesional, pero solo puede haber un supremo: el Turbo Supreme.<\/span><\/p>\n<p><span>Nota: La forma de la rueda puede variar ligeramente de las im\u00e1genes (es decir, algunas ediciones tienen bordes ligeramente m\u00e1s redondeados)<\/span><\/p>\n<p><em><strong><span>Consejo sobre la talla:<\/span><\/strong><span>\u00a0<\/span><strong>\u00a0estos patines vienen en talla normal. La mayor\u00eda de los clientes consideran que es mejor comprar su talla habitual de calzado. Si est\u00e1s entre dos tallas o tienes dudas, redondea la talla hacia arriba.<\/strong><\/em><\/p>\n","protected":false},"featured_media":1779,"comment_status":"open","ping_status":"closed","template":"","meta":{"rop_custom_images_group":[],"rop_custom_messages_group":[],"rop_publish_now":"initial","rop_publish_now_accounts":[],"rop_publish_now_history":[],"rop_publish_now_status":"pending"},"product_cat":[61,62],"product_tag":[],"class_list":{"0":"post-1778","1":"product","2":"type-product","3":"status-publish","4":"has-post-thumbnail","6":"product_cat-clasicos","7":"product_cat-quads","8":"post","10":"first","11":"instock","12":"shipping-taxable","13":"purchasable","14":"product-type-simple"},"yoast_head":"<!-- This site is optimized with the Yoast SEO plugin v21.9.1 - https:\/\/yoast.com\/wordpress\/plugins\/seo\/ -->\n<title>Patines Supreme Turbo 33 (reemplazo de Bauer) - Completo con ruedas blancas Sims Rn - Pat\u00edn Exclusivo<\/title>\n<meta name=\"robots\" content=\"index, follow, max-snippet:-1, max-image-preview:large, max-video-preview:-1\" \/>\n<link rel=\"canonical\" href=\"https:\/\/patinexclusivo.com\/index.php\/product\/patines-supreme-turbo-33-reemplazo-de-bauer-completo-con-ruedas-blancas-sims\/\" \/>\n<meta property=\"og:locale\" content=\"en_US\" \/>\n<meta property=\"og:type\" content=\"article\" \/>\n<meta property=\"og:title\" content=\"Patines Supreme Turbo 33 (reemplazo de Bauer) - Completo con ruedas blancas Sims Rn - Pat\u00edn Exclusivo\" \/>\n<meta property=\"og:description\" content=\"SOLO SOBRE PEDIDO  El pat\u00edn Supreme Turbo es una leyenda, pero puede que no lo reconozcas a primera vista. Bauer ha descontinuado los cl\u00e1sicos turbos, lo que dej\u00f3 un vac\u00edo para los entusiastas del patinaje sobre ruedas.  El Supreme Turbo est\u00e1 fabricado a partir del mismo pat\u00edn cl\u00e1sico de Bauer y conserva el mismo rendimiento del que oir\u00e1s hablar en los salones de patinaje de todo el mundo.  El Supreme Turbo est\u00e1 equipado con ejes Playmaker y ruedas Red Sims de 62 mm\/78a con rodamientos Revolver Abec 5. Los revestimientos son muy c\u00f3modos y el soporte que obtienes en los tobillos es ideal para correr r\u00e1pido por la pista. Algunos patines afirman ser de nivel profesional, pero solo puede haber un supremo: el Turbo Supreme.  Nota: La forma de la rueda puede variar ligeramente de las im\u00e1genes (es decir, algunas ediciones tienen bordes ligeramente m\u00e1s redondeados)  Consejo sobre la talla:\u00a0\u00a0estos patines vienen en talla normal. La mayor\u00eda de los clientes consideran que es mejor comprar su talla habitual de calzado. Si est\u00e1s entre dos tallas o tienes dudas, redondea la talla hacia arriba.\" \/>\n<meta property=\"og:url\" content=\"https:\/\/patinexclusivo.com\/index.php\/product\/patines-supreme-turbo-33-reemplazo-de-bauer-completo-con-ruedas-blancas-sims\/\" \/>\n<meta property=\"og:site_name\" content=\"Pat\u00edn Exclusivo\" \/>\n<meta property=\"article:modified_time\" content=\"2024-10-07T03:42:08+00:00\" \/>\n<meta property=\"og:image\" content=\"https:\/\/patinexclusivo.com\/wp-content\/uploads\/2024\/10\/Supreme-sims-white-1.webp\" \/>\n\t<meta property=\"og:image:width\" content=\"823\" \/>\n\t<meta property=\"og:image:height\" content=\"823\" \/>\n\t<meta property=\"og:image:type\" content=\"image\/webp\" \/>\n<meta name=\"twitter:card\" content=\"summary_large_image\" \/>\n<meta name=\"twitter:label1\" content=\"Est. reading time\" \/>\n\t<meta name=\"twitter:data1\" content=\"1 minute\" \/>\n<script type=\"application\/ld+json\" class=\"yoast-schema-graph\">{\"@context\":\"https:\/\/schema.org\",\"@graph\":[{\"@type\":\"WebPage\",\"@id\":\"https:\/\/patinexclusivo.com\/index.php\/product\/patines-supreme-turbo-33-reemplazo-de-bauer-completo-con-ruedas-blancas-sims\/\",\"url\":\"https:\/\/patinexclusivo.com\/index.php\/product\/patines-supreme-turbo-33-reemplazo-de-bauer-completo-con-ruedas-blancas-sims\/\",\"name\":\"Patines Supreme Turbo 33 (reemplazo de Bauer) - Completo con ruedas blancas Sims Rn - Pat\u00edn Exclusivo\",\"isPartOf\":{\"@id\":\"https:\/\/patinexclusivo.com\/#website\"},\"datePublished\":\"2024-10-07T03:31:56+00:00\",\"dateModified\":\"2024-10-07T03:42:08+00:00\",\"breadcrumb\":{\"@id\":\"https:\/\/patinexclusivo.com\/index.php\/product\/patines-supreme-turbo-33-reemplazo-de-bauer-completo-con-ruedas-blancas-sims\/#breadcrumb\"},\"inLanguage\":\"en-US\",\"potentialAction\":[{\"@type\":\"ReadAction\",\"target\":[\"https:\/\/patinexclusivo.com\/index.php\/product\/patines-supreme-turbo-33-reemplazo-de-bauer-completo-con-ruedas-blancas-sims\/\"]}]},{\"@type\":\"BreadcrumbList\",\"@id\":\"https:\/\/patinexclusivo.com\/index.php\/product\/patines-supreme-turbo-33-reemplazo-de-bauer-completo-con-ruedas-blancas-sims\/#breadcrumb\",\"itemListElement\":[{\"@type\":\"ListItem\",\"position\":1,\"name\":\"Inicio\",\"item\":\"https:\/\/patinexclusivo.com\/\"},{\"@type\":\"ListItem\",\"position\":2,\"name\":\"Shop\",\"item\":\"https:\/\/patinexclusivo.com\/index.php\/shop\/\"},{\"@type\":\"ListItem\",\"position\":3,\"name\":\"Patines Supreme Turbo 33 (reemplazo de Bauer) &#8211; Completo con ruedas blancas Sims Rn\"}]},{\"@type\":\"WebSite\",\"@id\":\"https:\/\/patinexclusivo.com\/#website\",\"url\":\"https:\/\/patinexclusivo.com\/\",\"name\":\"Pat\u00edn Exclusivo\",\"description\":\"\ud83d\udefc Rollers SLP: Tu destino #1 para patines en San Luis Potos\u00ed! Encuentra los mejores estilos y marcas \ud83c\udf1f, consejos de expertos \ud83d\udcda y accesorios para patinaje. \u00a1Vis\u00edtanos y rueda con estilo! \ud83c\udf08\u2728\",\"publisher\":{\"@id\":\"https:\/\/patinexclusivo.com\/#organization\"},\"potentialAction\":[{\"@type\":\"SearchAction\",\"target\":{\"@type\":\"EntryPoint\",\"urlTemplate\":\"https:\/\/patinexclusivo.com\/?s={search_term_string}\"},\"query-input\":\"required name=search_term_string\"}],\"inLanguage\":\"en-US\"},{\"@type\":\"Organization\",\"@id\":\"https:\/\/patinexclusivo.com\/#organization\",\"name\":\"Pat\u00edn Exclusivo\",\"url\":\"https:\/\/patinexclusivo.com\/\",\"logo\":{\"@type\":\"ImageObject\",\"inLanguage\":\"en-US\",\"@id\":\"https:\/\/patinexclusivo.com\/#\/schema\/logo\/image\/\",\"url\":\"https:\/\/patinexclusivo.com\/wp-content\/uploads\/2025\/01\/cropped-cropped-WhatsApp-Image-2025-01-29-at-7.00.40-PM.jpeg\",\"contentUrl\":\"https:\/\/patinexclusivo.com\/wp-content\/uploads\/2025\/01\/cropped-cropped-WhatsApp-Image-2025-01-29-at-7.00.40-PM.jpeg\",\"width\":583,\"height\":568,\"caption\":\"Pat\u00edn Exclusivo\"},\"image\":{\"@id\":\"https:\/\/patinexclusivo.com\/#\/schema\/logo\/image\/\"}}]}<\/script>\n<!-- \/ Yoast SEO plugin. -->","yoast_head_json":{"title":"Patines Supreme Turbo 33 (reemplazo de Bauer) - Completo con ruedas blancas Sims Rn - Pat\u00edn Exclusivo","robots":{"index":"index","follow":"follow","max-snippet":"max-snippet:-1","max-image-preview":"max-image-preview:large","max-video-preview":"max-video-preview:-1"},"canonical":"https:\/\/patinexclusivo.com\/index.php\/product\/patines-supreme-turbo-33-reemplazo-de-bauer-completo-con-ruedas-blancas-sims\/","og_locale":"en_US","og_type":"article","og_title":"Patines Supreme Turbo 33 (reemplazo de Bauer) - Completo con ruedas blancas Sims Rn - Pat\u00edn Exclusivo","og_description":"SOLO SOBRE PEDIDO  El pat\u00edn Supreme Turbo es una leyenda, pero puede que no lo reconozcas a primera vista. Bauer ha descontinuado los cl\u00e1sicos turbos, lo que dej\u00f3 un vac\u00edo para los entusiastas del patinaje sobre ruedas.  El Supreme Turbo est\u00e1 fabricado a partir del mismo pat\u00edn cl\u00e1sico de Bauer y conserva el mismo rendimiento del que oir\u00e1s hablar en los salones de patinaje de todo el mundo.  El Supreme Turbo est\u00e1 equipado con ejes Playmaker y ruedas Red Sims de 62 mm\/78a con rodamientos Revolver Abec 5. Los revestimientos son muy c\u00f3modos y el soporte que obtienes en los tobillos es ideal para correr r\u00e1pido por la pista. Algunos patines afirman ser de nivel profesional, pero solo puede haber un supremo: el Turbo Supreme.  Nota: La forma de la rueda puede variar ligeramente de las im\u00e1genes (es decir, algunas ediciones tienen bordes ligeramente m\u00e1s redondeados)  Consejo sobre la talla:\u00a0\u00a0estos patines vienen en talla normal. La mayor\u00eda de los clientes consideran que es mejor comprar su talla habitual de calzado. Si est\u00e1s entre dos tallas o tienes dudas, redondea la talla hacia arriba.","og_url":"https:\/\/patinexclusivo.com\/index.php\/product\/patines-supreme-turbo-33-reemplazo-de-bauer-completo-con-ruedas-blancas-sims\/","og_site_name":"Pat\u00edn Exclusivo","article_modified_time":"2024-10-07T03:42:08+00:00","og_image":[{"width":823,"height":823,"url":"https:\/\/patinexclusivo.com\/wp-content\/uploads\/2024\/10\/Supreme-sims-white-1.webp","type":"image\/webp"}],"twitter_card":"summary_large_image","twitter_misc":{"Est. reading time":"1 minute"},"schema":{"@context":"https:\/\/schema.org","@graph":[{"@type":"WebPage","@id":"https:\/\/patinexclusivo.com\/index.php\/product\/patines-supreme-turbo-33-reemplazo-de-bauer-completo-con-ruedas-blancas-sims\/","url":"https:\/\/patinexclusivo.com\/index.php\/product\/patines-supreme-turbo-33-reemplazo-de-bauer-completo-con-ruedas-blancas-sims\/","name":"Patines Supreme Turbo 33 (reemplazo de Bauer) - Completo con ruedas blancas Sims Rn - Pat\u00edn Exclusivo","isPartOf":{"@id":"https:\/\/patinexclusivo.com\/#website"},"datePublished":"2024-10-07T03:31:56+00:00","dateModified":"2024-10-07T03:42:08+00:00","breadcrumb":{"@id":"https:\/\/patinexclusivo.com\/index.php\/product\/patines-supreme-turbo-33-reemplazo-de-bauer-completo-con-ruedas-blancas-sims\/#breadcrumb"},"inLanguage":"en-US","potentialAction":[{"@type":"ReadAction","target":["https:\/\/patinexclusivo.com\/index.php\/product\/patines-supreme-turbo-33-reemplazo-de-bauer-completo-con-ruedas-blancas-sims\/"]}]},{"@type":"BreadcrumbList","@id":"https:\/\/patinexclusivo.com\/index.php\/product\/patines-supreme-turbo-33-reemplazo-de-bauer-completo-con-ruedas-blancas-sims\/#breadcrumb","itemListElement":[{"@type":"ListItem","position":1,"name":"Inicio","item":"https:\/\/patinexclusivo.com\/"},{"@type":"ListItem","position":2,"name":"Shop","item":"https:\/\/patinexclusivo.com\/index.php\/shop\/"},{"@type":"ListItem","position":3,"name":"Patines Supreme Turbo 33 (reemplazo de Bauer) &#8211; Completo con ruedas blancas Sims Rn"}]},{"@type":"WebSite","@id":"https:\/\/patinexclusivo.com\/#website","url":"https:\/\/patinexclusivo.com\/","name":"Pat\u00edn Exclusivo","description":"\ud83d\udefc Rollers SLP: Tu destino #1 para patines en San Luis Potos\u00ed! Encuentra los mejores estilos y marcas \ud83c\udf1f, consejos de expertos \ud83d\udcda y accesorios para patinaje. \u00a1Vis\u00edtanos y rueda con estilo! \ud83c\udf08\u2728","publisher":{"@id":"https:\/\/patinexclusivo.com\/#organization"},"potentialAction":[{"@type":"SearchAction","target":{"@type":"EntryPoint","urlTemplate":"https:\/\/patinexclusivo.com\/?s={search_term_string}"},"query-input":"required name=search_term_string"}],"inLanguage":"en-US"},{"@type":"Organization","@id":"https:\/\/patinexclusivo.com\/#organization","name":"Pat\u00edn Exclusivo","url":"https:\/\/patinexclusivo.com\/","logo":{"@type":"ImageObject","inLanguage":"en-US","@id":"https:\/\/patinexclusivo.com\/#\/schema\/logo\/image\/","url":"https:\/\/patinexclusivo.com\/wp-content\/uploads\/2025\/01\/cropped-cropped-WhatsApp-Image-2025-01-29-at-7.00.40-PM.jpeg","contentUrl":"https:\/\/patinexclusivo.com\/wp-content\/uploads\/2025\/01\/cropped-cropped-WhatsApp-Image-2025-01-29-at-7.00.40-PM.jpeg","width":583,"height":568,"caption":"Pat\u00edn Exclusivo"},"image":{"@id":"https:\/\/patinexclusivo.com\/#\/schema\/logo\/image\/"}}]}},"_links":{"self":[{"href":"https:\/\/patinexclusivo.com\/index.php\/wp-json\/wp\/v2\/product\/1778"}],"collection":[{"href":"https:\/\/patinexclusivo.com\/index.php\/wp-json\/wp\/v2\/product"}],"about":[{"href":"https:\/\/patinexclusivo.com\/index.php\/wp-json\/wp\/v2\/types\/product"}],"replies":[{"embeddable":true,"href":"https:\/\/patinexclusivo.com\/index.php\/wp-json\/wp\/v2\/comments?post=1778"}],"version-history":[{"count":2,"href":"https:\/\/patinexclusivo.com\/index.php\/wp-json\/wp\/v2\/product\/1778\/revisions"}],"predecessor-version":[{"id":1786,"href":"https:\/\/patinexclusivo.com\/index.php\/wp-json\/wp\/v2\/product\/1778\/revisions\/1786"}],"wp:featuredmedia":[{"embeddable":true,"href":"https:\/\/patinexclusivo.com\/index.php\/wp-json\/wp\/v2\/media\/1779"}],"wp:attachment":[{"href":"https:\/\/patinexclusivo.com\/index.php\/wp-json\/wp\/v2\/media?parent=1778"}],"wp:term":[{"taxonomy":"product_cat","embeddable":true,"href":"https:\/\/patinexclusivo.com\/index.php\/wp-json\/wp\/v2\/product_cat?post=1778"},{"taxonomy":"product_tag","embeddable":true,"href":"https:\/\/patinexclusivo.com\/index.php\/wp-json\/wp\/v2\/product_tag?post=1778"}],"curies":[{"name":"wp","href":"https:\/\/api.w.org\/{rel}","templated":true}]}}