{"id":1797,"date":"2024-10-07T04:00:37","date_gmt":"2024-10-07T04:00:37","guid":{"rendered":"https:\/\/patinexclusivo.com\/?post_type=product&#038;p=1797"},"modified":"2024-10-07T04:00:49","modified_gmt":"2024-10-07T04:00:49","slug":"patines-rio-roller-mayhem-ii-negro-blanco","status":"publish","type":"product","link":"https:\/\/patinexclusivo.com\/index.php\/product\/patines-rio-roller-mayhem-ii-negro-blanco\/","title":{"rendered":"Patines Rio Roller Mayhem II Negro\/Blanco Rn"},"content":{"rendered":"<table class=\"feature-table\">\n<tbody>\n<tr>\n<td><span>Estilo de patinaje:<\/span><\/td>\n<td class=\"feature-table__value\"><span>Crucero \/ Ocio, Larga distancia<\/span><\/td>\n<\/tr>\n<tr>\n<td><span>Material de la bota:<\/span><\/td>\n<td class=\"feature-table__value\"><span>Parte superior textil<\/span><\/td>\n<\/tr>\n<tr>\n<td><span>Cordones:<\/span><\/td>\n<td class=\"feature-table__value\"><span>Est\u00e1ndar<\/span><\/td>\n<\/tr>\n<tr>\n<td><span>Marca de la rueda:<\/span><\/td>\n<td class=\"feature-table__value\"><span>R\u00edo<\/span><\/td>\n<\/tr>\n<tr>\n<td><span>Tama\u00f1o de la rueda:<\/span><\/td>\n<td class=\"feature-table__value\"><span>58 mm, 62 mm<\/span><\/td>\n<\/tr>\n<tr>\n<td><span>Dureza de la rueda:<\/span><\/td>\n<td class=\"feature-table__value\"><span>82a<\/span><\/td>\n<\/tr>\n<tr>\n<td><span>Marca de rodamientos:<\/span><\/td>\n<td class=\"feature-table__value\"><span>No especificado<\/span><\/td>\n<\/tr>\n<tr>\n<td><span>Clasificaci\u00f3n del rodamiento:<\/span><\/td>\n<td class=\"feature-table__value\"><span>Abec 7<\/span><\/td>\n<\/tr>\n<tr>\n<td><span>Clasificaci\u00f3n del buje:<\/span><\/td>\n<td class=\"feature-table__value\"><span>94a<\/span><\/td>\n<\/tr>\n<tr>\n<td><span>Material del cami\u00f3n:<\/span><\/td>\n<td class=\"feature-table__value\"><span>Metal<\/span><\/td>\n<\/tr>\n<tr>\n<td><span>Tipo de tap\u00f3n:<\/span><\/td>\n<td class=\"feature-table__value\"><span>No ajustable<\/span><\/td>\n<\/tr>\n<\/tbody>\n<\/table>\n<p>Talla 23cm, 24cm, 25cm, 26cm, 27cm<\/p>\n","protected":false},"excerpt":{"rendered":"<p>SOLO SOBRE PEDIDO<\/p>\n<p><span data-preserver-spaces=\"true\">Los\u00a0\u00a0<\/span><strong><em><span data-preserver-spaces=\"true\">patines en l\u00ednea Rio Roller Mayhem en color negro y blanco\u00a0<\/span><\/em><\/strong><span data-preserver-spaces=\"true\">\u00a0son los patines derby perfectos para principiantes o principiantes.\u00a0<\/span><\/p>\n<p><span>Inspirados en los patines de deporte y derby, los Mayhem ofrecen un ajuste convencional en comparaci\u00f3n con los patines art\u00edsticos, ya que brindan m\u00e1s acolchado y un tobillo m\u00e1s profundo. Tener algo con una sensaci\u00f3n familiar puede ayudar con el desarrollo de los principiantes.\u00a0<\/span><\/p>\n<p><span>Las exclusivas placas de nailon de Rio mantienen el pat\u00edn liviano y con capacidad de respuesta. Las ruedas son duraderas y tienen buen agarre, ideales para patinar tanto en interiores como en exteriores.\u00a0<\/span><\/p>\n<div>\n<p><em><strong><br \/>\n<span>Consejo sobre la talla:<\/span><\/strong><span>\u00a0<\/span><span>\u00a0<strong>estos patines calzan a la perfecci\u00f3n. Compra tu talla habitual de zapatillas o, en caso de duda, elige entre 0,5 y 1 talla m\u00e1s.<\/strong><\/span><\/em><\/p>\n<\/div>\n","protected":false},"featured_media":1798,"comment_status":"open","ping_status":"closed","template":"","meta":{"rop_custom_images_group":[],"rop_custom_messages_group":[],"rop_publish_now":"initial","rop_publish_now_accounts":[],"rop_publish_now_history":[],"rop_publish_now_status":"pending"},"product_cat":[61,62],"product_tag":[],"class_list":{"0":"post-1797","1":"product","2":"type-product","3":"status-publish","4":"has-post-thumbnail","6":"product_cat-clasicos","7":"product_cat-quads","8":"post","10":"first","11":"instock","12":"shipping-taxable","13":"purchasable","14":"product-type-simple"},"yoast_head":"<!-- This site is optimized with the Yoast SEO plugin v21.9.1 - https:\/\/yoast.com\/wordpress\/plugins\/seo\/ -->\n<title>Patines Rio Roller Mayhem II Negro\/Blanco Rn - Pat\u00edn Exclusivo<\/title>\n<meta name=\"robots\" content=\"index, follow, max-snippet:-1, max-image-preview:large, max-video-preview:-1\" \/>\n<link rel=\"canonical\" href=\"https:\/\/patinexclusivo.com\/index.php\/product\/patines-rio-roller-mayhem-ii-negro-blanco\/\" \/>\n<meta property=\"og:locale\" content=\"en_US\" \/>\n<meta property=\"og:type\" content=\"article\" \/>\n<meta property=\"og:title\" content=\"Patines Rio Roller Mayhem II Negro\/Blanco Rn - Pat\u00edn Exclusivo\" \/>\n<meta property=\"og:description\" content=\"SOLO SOBRE PEDIDO  Los\u00a0\u00a0patines en l\u00ednea Rio Roller Mayhem en color negro y blanco\u00a0\u00a0son los patines derby perfectos para principiantes o principiantes.\u00a0  Inspirados en los patines de deporte y derby, los Mayhem ofrecen un ajuste convencional en comparaci\u00f3n con los patines art\u00edsticos, ya que brindan m\u00e1s acolchado y un tobillo m\u00e1s profundo. Tener algo con una sensaci\u00f3n familiar puede ayudar con el desarrollo de los principiantes.\u00a0  Las exclusivas placas de nailon de Rio mantienen el pat\u00edn liviano y con capacidad de respuesta. Las ruedas son duraderas y tienen buen agarre, ideales para patinar tanto en interiores como en exteriores.\u00a0    Consejo sobre la talla:\u00a0\u00a0estos patines calzan a la perfecci\u00f3n. Compra tu talla habitual de zapatillas o, en caso de duda, elige entre 0,5 y 1 talla m\u00e1s.\" \/>\n<meta property=\"og:url\" content=\"https:\/\/patinexclusivo.com\/index.php\/product\/patines-rio-roller-mayhem-ii-negro-blanco\/\" \/>\n<meta property=\"og:site_name\" content=\"Pat\u00edn Exclusivo\" \/>\n<meta property=\"article:modified_time\" content=\"2024-10-07T04:00:49+00:00\" \/>\n<meta property=\"og:image\" content=\"https:\/\/patinexclusivo.com\/wp-content\/uploads\/2024\/10\/Rio-Roller-Mayhem-Quad-Skates-Black-v20019.webp\" \/>\n\t<meta property=\"og:image:width\" content=\"823\" \/>\n\t<meta property=\"og:image:height\" content=\"823\" \/>\n\t<meta property=\"og:image:type\" content=\"image\/webp\" \/>\n<meta name=\"twitter:card\" content=\"summary_large_image\" \/>\n<meta name=\"twitter:label1\" content=\"Est. reading time\" \/>\n\t<meta name=\"twitter:data1\" content=\"1 minute\" \/>\n<script type=\"application\/ld+json\" class=\"yoast-schema-graph\">{\"@context\":\"https:\/\/schema.org\",\"@graph\":[{\"@type\":\"WebPage\",\"@id\":\"https:\/\/patinexclusivo.com\/index.php\/product\/patines-rio-roller-mayhem-ii-negro-blanco\/\",\"url\":\"https:\/\/patinexclusivo.com\/index.php\/product\/patines-rio-roller-mayhem-ii-negro-blanco\/\",\"name\":\"Patines Rio Roller Mayhem II Negro\/Blanco Rn - Pat\u00edn Exclusivo\",\"isPartOf\":{\"@id\":\"https:\/\/patinexclusivo.com\/#website\"},\"datePublished\":\"2024-10-07T04:00:37+00:00\",\"dateModified\":\"2024-10-07T04:00:49+00:00\",\"breadcrumb\":{\"@id\":\"https:\/\/patinexclusivo.com\/index.php\/product\/patines-rio-roller-mayhem-ii-negro-blanco\/#breadcrumb\"},\"inLanguage\":\"en-US\",\"potentialAction\":[{\"@type\":\"ReadAction\",\"target\":[\"https:\/\/patinexclusivo.com\/index.php\/product\/patines-rio-roller-mayhem-ii-negro-blanco\/\"]}]},{\"@type\":\"BreadcrumbList\",\"@id\":\"https:\/\/patinexclusivo.com\/index.php\/product\/patines-rio-roller-mayhem-ii-negro-blanco\/#breadcrumb\",\"itemListElement\":[{\"@type\":\"ListItem\",\"position\":1,\"name\":\"Inicio\",\"item\":\"https:\/\/patinexclusivo.com\/\"},{\"@type\":\"ListItem\",\"position\":2,\"name\":\"Shop\",\"item\":\"https:\/\/patinexclusivo.com\/index.php\/shop\/\"},{\"@type\":\"ListItem\",\"position\":3,\"name\":\"Patines Rio Roller Mayhem II Negro\/Blanco Rn\"}]},{\"@type\":\"WebSite\",\"@id\":\"https:\/\/patinexclusivo.com\/#website\",\"url\":\"https:\/\/patinexclusivo.com\/\",\"name\":\"Pat\u00edn Exclusivo\",\"description\":\"\ud83d\udefc Rollers SLP: Tu destino #1 para patines en San Luis Potos\u00ed! Encuentra los mejores estilos y marcas \ud83c\udf1f, consejos de expertos \ud83d\udcda y accesorios para patinaje. \u00a1Vis\u00edtanos y rueda con estilo! \ud83c\udf08\u2728\",\"publisher\":{\"@id\":\"https:\/\/patinexclusivo.com\/#organization\"},\"potentialAction\":[{\"@type\":\"SearchAction\",\"target\":{\"@type\":\"EntryPoint\",\"urlTemplate\":\"https:\/\/patinexclusivo.com\/?s={search_term_string}\"},\"query-input\":\"required name=search_term_string\"}],\"inLanguage\":\"en-US\"},{\"@type\":\"Organization\",\"@id\":\"https:\/\/patinexclusivo.com\/#organization\",\"name\":\"Pat\u00edn Exclusivo\",\"url\":\"https:\/\/patinexclusivo.com\/\",\"logo\":{\"@type\":\"ImageObject\",\"inLanguage\":\"en-US\",\"@id\":\"https:\/\/patinexclusivo.com\/#\/schema\/logo\/image\/\",\"url\":\"https:\/\/patinexclusivo.com\/wp-content\/uploads\/2025\/01\/cropped-cropped-WhatsApp-Image-2025-01-29-at-7.00.40-PM.jpeg\",\"contentUrl\":\"https:\/\/patinexclusivo.com\/wp-content\/uploads\/2025\/01\/cropped-cropped-WhatsApp-Image-2025-01-29-at-7.00.40-PM.jpeg\",\"width\":583,\"height\":568,\"caption\":\"Pat\u00edn Exclusivo\"},\"image\":{\"@id\":\"https:\/\/patinexclusivo.com\/#\/schema\/logo\/image\/\"}}]}<\/script>\n<!-- \/ Yoast SEO plugin. -->","yoast_head_json":{"title":"Patines Rio Roller Mayhem II Negro\/Blanco Rn - Pat\u00edn Exclusivo","robots":{"index":"index","follow":"follow","max-snippet":"max-snippet:-1","max-image-preview":"max-image-preview:large","max-video-preview":"max-video-preview:-1"},"canonical":"https:\/\/patinexclusivo.com\/index.php\/product\/patines-rio-roller-mayhem-ii-negro-blanco\/","og_locale":"en_US","og_type":"article","og_title":"Patines Rio Roller Mayhem II Negro\/Blanco Rn - Pat\u00edn Exclusivo","og_description":"SOLO SOBRE PEDIDO  Los\u00a0\u00a0patines en l\u00ednea Rio Roller Mayhem en color negro y blanco\u00a0\u00a0son los patines derby perfectos para principiantes o principiantes.\u00a0  Inspirados en los patines de deporte y derby, los Mayhem ofrecen un ajuste convencional en comparaci\u00f3n con los patines art\u00edsticos, ya que brindan m\u00e1s acolchado y un tobillo m\u00e1s profundo. Tener algo con una sensaci\u00f3n familiar puede ayudar con el desarrollo de los principiantes.\u00a0  Las exclusivas placas de nailon de Rio mantienen el pat\u00edn liviano y con capacidad de respuesta. Las ruedas son duraderas y tienen buen agarre, ideales para patinar tanto en interiores como en exteriores.\u00a0    Consejo sobre la talla:\u00a0\u00a0estos patines calzan a la perfecci\u00f3n. Compra tu talla habitual de zapatillas o, en caso de duda, elige entre 0,5 y 1 talla m\u00e1s.","og_url":"https:\/\/patinexclusivo.com\/index.php\/product\/patines-rio-roller-mayhem-ii-negro-blanco\/","og_site_name":"Pat\u00edn Exclusivo","article_modified_time":"2024-10-07T04:00:49+00:00","og_image":[{"width":823,"height":823,"url":"https:\/\/patinexclusivo.com\/wp-content\/uploads\/2024\/10\/Rio-Roller-Mayhem-Quad-Skates-Black-v20019.webp","type":"image\/webp"}],"twitter_card":"summary_large_image","twitter_misc":{"Est. reading time":"1 minute"},"schema":{"@context":"https:\/\/schema.org","@graph":[{"@type":"WebPage","@id":"https:\/\/patinexclusivo.com\/index.php\/product\/patines-rio-roller-mayhem-ii-negro-blanco\/","url":"https:\/\/patinexclusivo.com\/index.php\/product\/patines-rio-roller-mayhem-ii-negro-blanco\/","name":"Patines Rio Roller Mayhem II Negro\/Blanco Rn - Pat\u00edn Exclusivo","isPartOf":{"@id":"https:\/\/patinexclusivo.com\/#website"},"datePublished":"2024-10-07T04:00:37+00:00","dateModified":"2024-10-07T04:00:49+00:00","breadcrumb":{"@id":"https:\/\/patinexclusivo.com\/index.php\/product\/patines-rio-roller-mayhem-ii-negro-blanco\/#breadcrumb"},"inLanguage":"en-US","potentialAction":[{"@type":"ReadAction","target":["https:\/\/patinexclusivo.com\/index.php\/product\/patines-rio-roller-mayhem-ii-negro-blanco\/"]}]},{"@type":"BreadcrumbList","@id":"https:\/\/patinexclusivo.com\/index.php\/product\/patines-rio-roller-mayhem-ii-negro-blanco\/#breadcrumb","itemListElement":[{"@type":"ListItem","position":1,"name":"Inicio","item":"https:\/\/patinexclusivo.com\/"},{"@type":"ListItem","position":2,"name":"Shop","item":"https:\/\/patinexclusivo.com\/index.php\/shop\/"},{"@type":"ListItem","position":3,"name":"Patines Rio Roller Mayhem II Negro\/Blanco Rn"}]},{"@type":"WebSite","@id":"https:\/\/patinexclusivo.com\/#website","url":"https:\/\/patinexclusivo.com\/","name":"Pat\u00edn Exclusivo","description":"\ud83d\udefc Rollers SLP: Tu destino #1 para patines en San Luis Potos\u00ed! Encuentra los mejores estilos y marcas \ud83c\udf1f, consejos de expertos \ud83d\udcda y accesorios para patinaje. \u00a1Vis\u00edtanos y rueda con estilo! \ud83c\udf08\u2728","publisher":{"@id":"https:\/\/patinexclusivo.com\/#organization"},"potentialAction":[{"@type":"SearchAction","target":{"@type":"EntryPoint","urlTemplate":"https:\/\/patinexclusivo.com\/?s={search_term_string}"},"query-input":"required name=search_term_string"}],"inLanguage":"en-US"},{"@type":"Organization","@id":"https:\/\/patinexclusivo.com\/#organization","name":"Pat\u00edn Exclusivo","url":"https:\/\/patinexclusivo.com\/","logo":{"@type":"ImageObject","inLanguage":"en-US","@id":"https:\/\/patinexclusivo.com\/#\/schema\/logo\/image\/","url":"https:\/\/patinexclusivo.com\/wp-content\/uploads\/2025\/01\/cropped-cropped-WhatsApp-Image-2025-01-29-at-7.00.40-PM.jpeg","contentUrl":"https:\/\/patinexclusivo.com\/wp-content\/uploads\/2025\/01\/cropped-cropped-WhatsApp-Image-2025-01-29-at-7.00.40-PM.jpeg","width":583,"height":568,"caption":"Pat\u00edn Exclusivo"},"image":{"@id":"https:\/\/patinexclusivo.com\/#\/schema\/logo\/image\/"}}]}},"_links":{"self":[{"href":"https:\/\/patinexclusivo.com\/index.php\/wp-json\/wp\/v2\/product\/1797"}],"collection":[{"href":"https:\/\/patinexclusivo.com\/index.php\/wp-json\/wp\/v2\/product"}],"about":[{"href":"https:\/\/patinexclusivo.com\/index.php\/wp-json\/wp\/v2\/types\/product"}],"replies":[{"embeddable":true,"href":"https:\/\/patinexclusivo.com\/index.php\/wp-json\/wp\/v2\/comments?post=1797"}],"version-history":[{"count":2,"href":"https:\/\/patinexclusivo.com\/index.php\/wp-json\/wp\/v2\/product\/1797\/revisions"}],"predecessor-version":[{"id":1800,"href":"https:\/\/patinexclusivo.com\/index.php\/wp-json\/wp\/v2\/product\/1797\/revisions\/1800"}],"wp:featuredmedia":[{"embeddable":true,"href":"https:\/\/patinexclusivo.com\/index.php\/wp-json\/wp\/v2\/media\/1798"}],"wp:attachment":[{"href":"https:\/\/patinexclusivo.com\/index.php\/wp-json\/wp\/v2\/media?parent=1797"}],"wp:term":[{"taxonomy":"product_cat","embeddable":true,"href":"https:\/\/patinexclusivo.com\/index.php\/wp-json\/wp\/v2\/product_cat?post=1797"},{"taxonomy":"product_tag","embeddable":true,"href":"https:\/\/patinexclusivo.com\/index.php\/wp-json\/wp\/v2\/product_tag?post=1797"}],"curies":[{"name":"wp","href":"https:\/\/api.w.org\/{rel}","templated":true}]}}