{"id":1920,"date":"2024-12-06T23:08:59","date_gmt":"2024-12-06T23:08:59","guid":{"rendered":"https:\/\/patinexclusivo.com\/?post_type=product&#038;p=1920"},"modified":"2024-12-06T23:08:59","modified_gmt":"2024-12-06T23:08:59","slug":"patines-ajustables-para-ninos-chaya-bliss-turquesa-rn","status":"publish","type":"product","link":"https:\/\/patinexclusivo.com\/index.php\/product\/patines-ajustables-para-ninos-chaya-bliss-turquesa-rn\/","title":{"rendered":"Patines ajustables para ni\u00f1os Chaya Bliss &#8211; Turquesa Rn"},"content":{"rendered":"<table class=\"feature-table\">\n<tbody>\n<tr>\n<td><span>Estilo de patinaje:<\/span><\/td>\n<td class=\"feature-table__value\"><span>Baile, Crucero \/ Ocio<\/span><\/td>\n<\/tr>\n<tr>\n<td><span>Material de la bota:<\/span><\/td>\n<td class=\"feature-table__value\"><span>Parte superior textil<\/span><\/td>\n<\/tr>\n<tr>\n<td><span>Cordones:<\/span><\/td>\n<td class=\"feature-table__value\"><span>Est\u00e1ndar<\/span><\/td>\n<\/tr>\n<tr>\n<td><span>Marca de la rueda:<\/span><\/td>\n<td class=\"feature-table__value\"><span>Chaya<\/span><\/td>\n<\/tr>\n<tr>\n<td><span>Tama\u00f1o de la rueda:<\/span><\/td>\n<td class=\"feature-table__value\"><span>62 mm<\/span><\/td>\n<\/tr>\n<tr>\n<td><span>Dureza de la rueda:<\/span><\/td>\n<td class=\"feature-table__value\"><span>82a<\/span><\/td>\n<\/tr>\n<tr>\n<td><span>Marca de rodamientos:<\/span><\/td>\n<td class=\"feature-table__value\"><span>Malvado<\/span><\/td>\n<\/tr>\n<tr>\n<td><span>Clasificaci\u00f3n del rodamiento:<\/span><\/td>\n<td class=\"feature-table__value\"><span>Abec 5<\/span><\/td>\n<\/tr>\n<tr>\n<td><span>Clasificaci\u00f3n del buje:<\/span><\/td>\n<td class=\"feature-table__value\"><span>88a<\/span><\/td>\n<\/tr>\n<tr>\n<td><span>Angulo del cami\u00f3n:<\/span><\/td>\n<td class=\"feature-table__value\"><span>10%<\/span><\/td>\n<\/tr>\n<tr>\n<td><span>Material del cami\u00f3n:<\/span><\/td>\n<td class=\"feature-table__value\"><span>Pl\u00e1stico<\/span><\/td>\n<\/tr>\n<tr>\n<td><span>Tipo de tap\u00f3n:<\/span><\/td>\n<td class=\"feature-table__value\"><span>No ajustable<\/span><\/td>\n<\/tr>\n<tr>\n<td><span>Ancho de la rueda:<\/span><\/td>\n<td class=\"feature-table__value\"><span>38 mm<\/span><\/td>\n<\/tr>\n<\/tbody>\n<\/table>\n<p>Talla 26 &#8211; 27cm<\/p>\n","protected":false},"excerpt":{"rendered":"<p>SOLO SOBRE PEDIDO<\/p>\n<p><span>El pat\u00edn ajustable Chaya Bliss es el pat\u00edn perfecto para j\u00f3venes que necesitan un alto rendimiento mientras sus pies todav\u00eda est\u00e1n creciendo.\u00a0<\/span><\/p>\n<p><span>El pat\u00edn utiliza un sistema de ajuste \u00fanico en su tipo, que es un verdadero cambio de juego. Adoptando un sistema de palanca simple que se esconde, los usuarios pueden ajustar el tama\u00f1o de la bota interior sin tener que separar el pat\u00edn en dos partes (como la mayor\u00eda de los otros modelos junior). La aplicaci\u00f3n de este sistema significa que el pat\u00edn conserva su control y capacidad de respuesta, que se pueden perder utilizando los m\u00e9todos de ajuste habituales.<\/span><\/p>\n<p><span>El pat\u00edn tiene una sensaci\u00f3n de calidad impresionante para un modelo junior. C\u00f3modo y con soporte, utilizando materiales aptos para veganos, adem\u00e1s de ruedas de PU de 62&#215;38 mm y rodamientos Wicked ABEC 5, el Chaya Bliss es el equipo perfecto para j\u00f3venes que desean un andar elegante y lujoso.<\/span><\/p>\n<p><strong>Consejo sobre talla: \u00a0Este pat\u00edn se ajusta al tama\u00f1o real.<\/strong><\/p>\n","protected":false},"featured_media":1921,"comment_status":"open","ping_status":"closed","template":"","meta":{"rop_custom_images_group":[],"rop_custom_messages_group":[],"rop_publish_now":"initial","rop_publish_now_accounts":[],"rop_publish_now_history":[],"rop_publish_now_status":"pending"},"product_cat":[63,62],"product_tag":[],"class_list":{"0":"post-1920","1":"product","2":"type-product","3":"status-publish","4":"has-post-thumbnail","6":"product_cat-quad-roller-derby","7":"product_cat-quads","8":"post","10":"first","11":"instock","12":"shipping-taxable","13":"purchasable","14":"product-type-simple"},"yoast_head":"<!-- This site is optimized with the Yoast SEO plugin v21.9.1 - https:\/\/yoast.com\/wordpress\/plugins\/seo\/ -->\n<title>Patines ajustables para ni\u00f1os Chaya Bliss - Turquesa Rn - Pat\u00edn Exclusivo<\/title>\n<meta name=\"robots\" content=\"index, follow, max-snippet:-1, max-image-preview:large, max-video-preview:-1\" \/>\n<link rel=\"canonical\" href=\"https:\/\/patinexclusivo.com\/index.php\/product\/patines-ajustables-para-ninos-chaya-bliss-turquesa-rn\/\" \/>\n<meta property=\"og:locale\" content=\"en_US\" \/>\n<meta property=\"og:type\" content=\"article\" \/>\n<meta property=\"og:title\" content=\"Patines ajustables para ni\u00f1os Chaya Bliss - Turquesa Rn - Pat\u00edn Exclusivo\" \/>\n<meta property=\"og:description\" content=\"SOLO SOBRE PEDIDO  El pat\u00edn ajustable Chaya Bliss es el pat\u00edn perfecto para j\u00f3venes que necesitan un alto rendimiento mientras sus pies todav\u00eda est\u00e1n creciendo.\u00a0  El pat\u00edn utiliza un sistema de ajuste \u00fanico en su tipo, que es un verdadero cambio de juego. Adoptando un sistema de palanca simple que se esconde, los usuarios pueden ajustar el tama\u00f1o de la bota interior sin tener que separar el pat\u00edn en dos partes (como la mayor\u00eda de los otros modelos junior). La aplicaci\u00f3n de este sistema significa que el pat\u00edn conserva su control y capacidad de respuesta, que se pueden perder utilizando los m\u00e9todos de ajuste habituales.  El pat\u00edn tiene una sensaci\u00f3n de calidad impresionante para un modelo junior. C\u00f3modo y con soporte, utilizando materiales aptos para veganos, adem\u00e1s de ruedas de PU de 62x38 mm y rodamientos Wicked ABEC 5, el Chaya Bliss es el equipo perfecto para j\u00f3venes que desean un andar elegante y lujoso.  Consejo sobre talla: \u00a0Este pat\u00edn se ajusta al tama\u00f1o real.\" \/>\n<meta property=\"og:url\" content=\"https:\/\/patinexclusivo.com\/index.php\/product\/patines-ajustables-para-ninos-chaya-bliss-turquesa-rn\/\" \/>\n<meta property=\"og:site_name\" content=\"Pat\u00edn Exclusivo\" \/>\n<meta property=\"og:image\" content=\"https:\/\/patinexclusivo.com\/wp-content\/uploads\/2024\/12\/Chaya-Bliss-Kids-adjustable-Rollerskates-Turqoise0262.webp\" \/>\n\t<meta property=\"og:image:width\" content=\"823\" \/>\n\t<meta property=\"og:image:height\" content=\"823\" \/>\n\t<meta property=\"og:image:type\" content=\"image\/webp\" \/>\n<meta name=\"twitter:card\" content=\"summary_large_image\" \/>\n<meta name=\"twitter:label1\" content=\"Est. reading time\" \/>\n\t<meta name=\"twitter:data1\" content=\"1 minute\" \/>\n<script type=\"application\/ld+json\" class=\"yoast-schema-graph\">{\"@context\":\"https:\/\/schema.org\",\"@graph\":[{\"@type\":\"WebPage\",\"@id\":\"https:\/\/patinexclusivo.com\/index.php\/product\/patines-ajustables-para-ninos-chaya-bliss-turquesa-rn\/\",\"url\":\"https:\/\/patinexclusivo.com\/index.php\/product\/patines-ajustables-para-ninos-chaya-bliss-turquesa-rn\/\",\"name\":\"Patines ajustables para ni\u00f1os Chaya Bliss - Turquesa Rn - Pat\u00edn Exclusivo\",\"isPartOf\":{\"@id\":\"https:\/\/patinexclusivo.com\/#website\"},\"datePublished\":\"2024-12-06T23:08:59+00:00\",\"dateModified\":\"2024-12-06T23:08:59+00:00\",\"breadcrumb\":{\"@id\":\"https:\/\/patinexclusivo.com\/index.php\/product\/patines-ajustables-para-ninos-chaya-bliss-turquesa-rn\/#breadcrumb\"},\"inLanguage\":\"en-US\",\"potentialAction\":[{\"@type\":\"ReadAction\",\"target\":[\"https:\/\/patinexclusivo.com\/index.php\/product\/patines-ajustables-para-ninos-chaya-bliss-turquesa-rn\/\"]}]},{\"@type\":\"BreadcrumbList\",\"@id\":\"https:\/\/patinexclusivo.com\/index.php\/product\/patines-ajustables-para-ninos-chaya-bliss-turquesa-rn\/#breadcrumb\",\"itemListElement\":[{\"@type\":\"ListItem\",\"position\":1,\"name\":\"Inicio\",\"item\":\"https:\/\/patinexclusivo.com\/\"},{\"@type\":\"ListItem\",\"position\":2,\"name\":\"Shop\",\"item\":\"https:\/\/patinexclusivo.com\/index.php\/shop\/\"},{\"@type\":\"ListItem\",\"position\":3,\"name\":\"Patines ajustables para ni\u00f1os Chaya Bliss &#8211; Turquesa Rn\"}]},{\"@type\":\"WebSite\",\"@id\":\"https:\/\/patinexclusivo.com\/#website\",\"url\":\"https:\/\/patinexclusivo.com\/\",\"name\":\"Pat\u00edn Exclusivo\",\"description\":\"\ud83d\udefc Rollers SLP: Tu destino #1 para patines en San Luis Potos\u00ed! Encuentra los mejores estilos y marcas \ud83c\udf1f, consejos de expertos \ud83d\udcda y accesorios para patinaje. \u00a1Vis\u00edtanos y rueda con estilo! \ud83c\udf08\u2728\",\"publisher\":{\"@id\":\"https:\/\/patinexclusivo.com\/#organization\"},\"potentialAction\":[{\"@type\":\"SearchAction\",\"target\":{\"@type\":\"EntryPoint\",\"urlTemplate\":\"https:\/\/patinexclusivo.com\/?s={search_term_string}\"},\"query-input\":\"required name=search_term_string\"}],\"inLanguage\":\"en-US\"},{\"@type\":\"Organization\",\"@id\":\"https:\/\/patinexclusivo.com\/#organization\",\"name\":\"Pat\u00edn Exclusivo\",\"url\":\"https:\/\/patinexclusivo.com\/\",\"logo\":{\"@type\":\"ImageObject\",\"inLanguage\":\"en-US\",\"@id\":\"https:\/\/patinexclusivo.com\/#\/schema\/logo\/image\/\",\"url\":\"https:\/\/patinexclusivo.com\/wp-content\/uploads\/2025\/01\/cropped-cropped-WhatsApp-Image-2025-01-29-at-7.00.40-PM.jpeg\",\"contentUrl\":\"https:\/\/patinexclusivo.com\/wp-content\/uploads\/2025\/01\/cropped-cropped-WhatsApp-Image-2025-01-29-at-7.00.40-PM.jpeg\",\"width\":583,\"height\":568,\"caption\":\"Pat\u00edn Exclusivo\"},\"image\":{\"@id\":\"https:\/\/patinexclusivo.com\/#\/schema\/logo\/image\/\"}}]}<\/script>\n<!-- \/ Yoast SEO plugin. -->","yoast_head_json":{"title":"Patines ajustables para ni\u00f1os Chaya Bliss - Turquesa Rn - Pat\u00edn Exclusivo","robots":{"index":"index","follow":"follow","max-snippet":"max-snippet:-1","max-image-preview":"max-image-preview:large","max-video-preview":"max-video-preview:-1"},"canonical":"https:\/\/patinexclusivo.com\/index.php\/product\/patines-ajustables-para-ninos-chaya-bliss-turquesa-rn\/","og_locale":"en_US","og_type":"article","og_title":"Patines ajustables para ni\u00f1os Chaya Bliss - Turquesa Rn - Pat\u00edn Exclusivo","og_description":"SOLO SOBRE PEDIDO  El pat\u00edn ajustable Chaya Bliss es el pat\u00edn perfecto para j\u00f3venes que necesitan un alto rendimiento mientras sus pies todav\u00eda est\u00e1n creciendo.\u00a0  El pat\u00edn utiliza un sistema de ajuste \u00fanico en su tipo, que es un verdadero cambio de juego. Adoptando un sistema de palanca simple que se esconde, los usuarios pueden ajustar el tama\u00f1o de la bota interior sin tener que separar el pat\u00edn en dos partes (como la mayor\u00eda de los otros modelos junior). La aplicaci\u00f3n de este sistema significa que el pat\u00edn conserva su control y capacidad de respuesta, que se pueden perder utilizando los m\u00e9todos de ajuste habituales.  El pat\u00edn tiene una sensaci\u00f3n de calidad impresionante para un modelo junior. C\u00f3modo y con soporte, utilizando materiales aptos para veganos, adem\u00e1s de ruedas de PU de 62x38 mm y rodamientos Wicked ABEC 5, el Chaya Bliss es el equipo perfecto para j\u00f3venes que desean un andar elegante y lujoso.  Consejo sobre talla: \u00a0Este pat\u00edn se ajusta al tama\u00f1o real.","og_url":"https:\/\/patinexclusivo.com\/index.php\/product\/patines-ajustables-para-ninos-chaya-bliss-turquesa-rn\/","og_site_name":"Pat\u00edn Exclusivo","og_image":[{"width":823,"height":823,"url":"https:\/\/patinexclusivo.com\/wp-content\/uploads\/2024\/12\/Chaya-Bliss-Kids-adjustable-Rollerskates-Turqoise0262.webp","type":"image\/webp"}],"twitter_card":"summary_large_image","twitter_misc":{"Est. reading time":"1 minute"},"schema":{"@context":"https:\/\/schema.org","@graph":[{"@type":"WebPage","@id":"https:\/\/patinexclusivo.com\/index.php\/product\/patines-ajustables-para-ninos-chaya-bliss-turquesa-rn\/","url":"https:\/\/patinexclusivo.com\/index.php\/product\/patines-ajustables-para-ninos-chaya-bliss-turquesa-rn\/","name":"Patines ajustables para ni\u00f1os Chaya Bliss - Turquesa Rn - Pat\u00edn Exclusivo","isPartOf":{"@id":"https:\/\/patinexclusivo.com\/#website"},"datePublished":"2024-12-06T23:08:59+00:00","dateModified":"2024-12-06T23:08:59+00:00","breadcrumb":{"@id":"https:\/\/patinexclusivo.com\/index.php\/product\/patines-ajustables-para-ninos-chaya-bliss-turquesa-rn\/#breadcrumb"},"inLanguage":"en-US","potentialAction":[{"@type":"ReadAction","target":["https:\/\/patinexclusivo.com\/index.php\/product\/patines-ajustables-para-ninos-chaya-bliss-turquesa-rn\/"]}]},{"@type":"BreadcrumbList","@id":"https:\/\/patinexclusivo.com\/index.php\/product\/patines-ajustables-para-ninos-chaya-bliss-turquesa-rn\/#breadcrumb","itemListElement":[{"@type":"ListItem","position":1,"name":"Inicio","item":"https:\/\/patinexclusivo.com\/"},{"@type":"ListItem","position":2,"name":"Shop","item":"https:\/\/patinexclusivo.com\/index.php\/shop\/"},{"@type":"ListItem","position":3,"name":"Patines ajustables para ni\u00f1os Chaya Bliss &#8211; Turquesa Rn"}]},{"@type":"WebSite","@id":"https:\/\/patinexclusivo.com\/#website","url":"https:\/\/patinexclusivo.com\/","name":"Pat\u00edn Exclusivo","description":"\ud83d\udefc Rollers SLP: Tu destino #1 para patines en San Luis Potos\u00ed! Encuentra los mejores estilos y marcas \ud83c\udf1f, consejos de expertos \ud83d\udcda y accesorios para patinaje. \u00a1Vis\u00edtanos y rueda con estilo! \ud83c\udf08\u2728","publisher":{"@id":"https:\/\/patinexclusivo.com\/#organization"},"potentialAction":[{"@type":"SearchAction","target":{"@type":"EntryPoint","urlTemplate":"https:\/\/patinexclusivo.com\/?s={search_term_string}"},"query-input":"required name=search_term_string"}],"inLanguage":"en-US"},{"@type":"Organization","@id":"https:\/\/patinexclusivo.com\/#organization","name":"Pat\u00edn Exclusivo","url":"https:\/\/patinexclusivo.com\/","logo":{"@type":"ImageObject","inLanguage":"en-US","@id":"https:\/\/patinexclusivo.com\/#\/schema\/logo\/image\/","url":"https:\/\/patinexclusivo.com\/wp-content\/uploads\/2025\/01\/cropped-cropped-WhatsApp-Image-2025-01-29-at-7.00.40-PM.jpeg","contentUrl":"https:\/\/patinexclusivo.com\/wp-content\/uploads\/2025\/01\/cropped-cropped-WhatsApp-Image-2025-01-29-at-7.00.40-PM.jpeg","width":583,"height":568,"caption":"Pat\u00edn Exclusivo"},"image":{"@id":"https:\/\/patinexclusivo.com\/#\/schema\/logo\/image\/"}}]}},"_links":{"self":[{"href":"https:\/\/patinexclusivo.com\/index.php\/wp-json\/wp\/v2\/product\/1920"}],"collection":[{"href":"https:\/\/patinexclusivo.com\/index.php\/wp-json\/wp\/v2\/product"}],"about":[{"href":"https:\/\/patinexclusivo.com\/index.php\/wp-json\/wp\/v2\/types\/product"}],"replies":[{"embeddable":true,"href":"https:\/\/patinexclusivo.com\/index.php\/wp-json\/wp\/v2\/comments?post=1920"}],"version-history":[{"count":1,"href":"https:\/\/patinexclusivo.com\/index.php\/wp-json\/wp\/v2\/product\/1920\/revisions"}],"predecessor-version":[{"id":1922,"href":"https:\/\/patinexclusivo.com\/index.php\/wp-json\/wp\/v2\/product\/1920\/revisions\/1922"}],"wp:featuredmedia":[{"embeddable":true,"href":"https:\/\/patinexclusivo.com\/index.php\/wp-json\/wp\/v2\/media\/1921"}],"wp:attachment":[{"href":"https:\/\/patinexclusivo.com\/index.php\/wp-json\/wp\/v2\/media?parent=1920"}],"wp:term":[{"taxonomy":"product_cat","embeddable":true,"href":"https:\/\/patinexclusivo.com\/index.php\/wp-json\/wp\/v2\/product_cat?post=1920"},{"taxonomy":"product_tag","embeddable":true,"href":"https:\/\/patinexclusivo.com\/index.php\/wp-json\/wp\/v2\/product_tag?post=1920"}],"curies":[{"name":"wp","href":"https:\/\/api.w.org\/{rel}","templated":true}]}}